000
CXUS52 KTAE 010900
CF6MAI
PRELIMINARY LOCAL CLIMATOLOGICAL DATA (WS FORM: F-6)
STATION: MARIANNA
MONTH: FEBRUARY
YEAR: 2024
LATITUDE: 30 50 N
LONGITUDE: 85 11 W
TEMPERATURE IN F: :PCPN: SNOW: WIND :SUNSHINE: SKY :PK WND
================================================================================
1 2 3 4 5 6A 6B 7 8 9 10 11 12 13 14 15 16 17 18
12Z AVG MX 2MIN
DY MAX MIN AVG DEP HDD CDD WTR SNW DPTH SPD SPD DIR MIN PSBL S-S WX SPD DR
================================================================================
1 64 33 49 -4 16 0 0.00 0.0 0 1.5 9 220 M M 0 17 200
2 70 40 55 2 10 0 0.00 0.0 0 1.7 10 350 M M 0 14 290
3 72 36 54 1 11 0 0.00 0.0 0 4.4 13 90 M M 0 19 100
4 57 44 51 -2 14 0 1.37 M M 11.9 37 270 M M 8 51 270
5 55 41 48 -6 17 0 0.00 0.0 M 8.2 17 10 M M 8 25 10
6 68 37 53 -1 12 0 0.00 0.0 0 4.2 15 20 M M 0 20 340
7 63 35 49 -5 16 0 0.00 0.0 M 5.2 15 70 M M 0 21 40
8 70 36 53 -1 12 0 0.00 0.0 M 5.0 14 200 M M 0 19 170
9 75 48 62 8 3 0 0.00 0.0 M 5.7 14 200 M M 4 19 170
10 76 57 67 13 0 2 0.00 0.0 M 7.6 18 190 M M 6 18 25 170
11 71 63 67 12 0 2 0.63 0.0 M 6.4 15 180 M M 9 1 21 170
12 72 52 62 7 3 0 1.25 0.0 0 11.1 32 200 M M 8 13 44 190
13 62 42 52 -3 13 0 0.00 0.0 M 8.5 23 310 M M 3 32 310
14 66 34 50 -5 15 0 0.00 0.0 M 2.5 10 30 M M 0 14 20
15 71 44 58 2 7 0 0.00 0.0 0 2.8 10 190 M M 0 14 170
16 66 48 57 1 8 0 0.02 0.0 0 2.4 10 340 M M 4 13 200
17 60 44 52 -4 13 0 0.22 0.0 0 6.6 20 340 M M 8 1 26 340
18 51 38 45 -11 20 0 0.00 0.0 0 6.7 13 20 M M 0 17 10
19 63 32 48 -8 17 0 0.00 0.0 0 2.7 12 320 M M 0 18 320
20 67 31 49 -7 16 0 0.00 0.0 0 1.7 12 320 M M 0 15 330
21 71 35 53 -4 12 0 0.00 0.0 0 2.6 8 190 M M 0 13 60
22 74 39 57 0 8 0 T 0.0 0 9.0 22 200 M M 2 31 210
23 77 50 64 7 1 0 0.08 0.0 0 11.3 23 290 M M 4 1 32 280
24 74 42 58 1 7 0 T 0.0 0 9.4 25 310 M M 0 41 310
25 71 38 55 -3 10 0 0.00 0.0 0 1.8 8 150 M M 0 11 100
26 76 37 57 -1 8 0 0.00 0.0 0 6.5 18 200 M M 1 23 200
27 80 58 69 11 0 4 0.00 0.0 0 12.7 28 200 M M 4 36 180
28 80 55 68 10 0 3 T 0.0 0 15.1 28 210 M M 7 36 200
29 62 48 55 -3 10 0 0.00 0.0 0 11.9 17 60 M M 3 23 30
================================================================================
SM 1984 1237 279 11 3.57 0.0 187.1 M 79
================================================================================
AV 68.4 42.7 6.5 FASTST M M 3 MAX(MPH)
MISC ----> 37 270 51 270
================================================================================
NOTES:
# LAST OF SEVERAL OCCURRENCES
COLUMN 17 PEAK WIND IN M.P.H.
PRELIMINARY LOCAL CLIMATOLOGICAL DATA (WS FORM: F-6) , PAGE 2
STATION: MARIANNA
MONTH: FEBRUARY
YEAR: 2024
LATITUDE: 30 50 N
LONGITUDE: 85 11 W
[TEMPERATURE DATA] [PRECIPITATION DATA] SYMBOLS USED IN COLUMN 16
AVERAGE MONTHLY: 55.5 TOTAL FOR MONTH: 3.57 1 = FOG OR MIST
DPTR FM NORMAL: 0.1 DPTR FM NORMAL: -0.92 2 = FOG REDUCING VISIBILITY
HIGHEST: 80 ON 28,27 GRTST 24HR 1.37 ON 4- 4 TO 1/4 MILE OR LESS
LOWEST: 31 ON 20 3 = THUNDER
SNOW, ICE PELLETS, HAIL 4 = ICE PELLETS
TOTAL MONTH: 0.0 INCH 5 = HAIL
GRTST 24HR 0.0 6 = FREEZING RAIN OR DRIZZLE
GRTST DEPTH: 0 7 = DUSTSTORM OR SANDSTORM:
VSBY 1/2 MILE OR LESS
8 = SMOKE OR HAZE
[NO. OF DAYS WITH] [WEATHER - DAYS WITH] 9 = BLOWING SNOW
X = TORNADO
MAX 32 OR BELOW: 0 0.01 INCH OR MORE: 6
MAX 90 OR ABOVE: 0 0.10 INCH OR MORE: 4
MIN 32 OR BELOW: 2 0.50 INCH OR MORE: 3
MIN 0 OR BELOW: 0 1.00 INCH OR MORE: 2
[HDD (BASE 65) ]
TOTAL THIS MO. 279 CLEAR (SCALE 0-3) 17
DPTR FM NORMAL -6 PTCLDY (SCALE 4-7) 10
TOTAL FM JUL 1 1323 CLOUDY (SCALE 8-10) 2
DPTR FM NORMAL -1
[CDD (BASE 65) ]
TOTAL THIS MO. 11
DPTR FM NORMAL -6 [PRESSURE DATA]
TOTAL FM JAN 1 25 HIGHEST SLP 30.34 ON 29
DPTR FM NORMAL -3 LOWEST SLP 29.26 ON 4
[REMARKS]
#FINAL-02-24#