000
CXUS52 KTAE 010800
CF6MAI
PRELIMINARY LOCAL CLIMATOLOGICAL DATA (WS FORM: F-6)
STATION: MARIANNA
MONTH: JUNE
YEAR: 2022
LATITUDE: 30 50 N
LONGITUDE: 85 11 W
TEMPERATURE IN F: :PCPN: SNOW: WIND :SUNSHINE: SKY :PK WND
================================================================================
1 2 3 4 5 6A 6B 7 8 9 10 11 12 13 14 15 16 17 18
12Z AVG MX 2MIN
DY MAX MIN AVG DEP HDD CDD WTR SNW DPTH SPD SPD DIR MIN PSBL S-S WX SPD DR
================================================================================
1 90 68 79 -1 0 14 0.00 0.0 0 M M M M M 0 M M
2 92 72 82 2 0 17 0.00 0.0 M M M M M M 0 M M
3 91 67 79 -1 0 14 0.00 0.0 M M M M M M 0 M M
4 90 69 80 0 0 15 0.00 0.0 M M M M M M 0 M M
5 88 72 80 0 0 15 0.26 0.0 0 M M M M M 0 M M
6 90 69 80 0 0 15 0.41 0.0 0 M M M M M 0 M M
7 91 72 82 2 0 17 0.00 0.0 0 M M M M M 0 M M
8 90 73 82 2 0 17 0.00 0.0 0 M M M M M 0 M M
9 90 74 82 1 0 17 0.41 0.0 0 M M M M M 0 3 33 M
10 90 71 81 0 0 16 0.41 0.0 0 M M M M M 0 3 19 M
11 91 71 81 0 0 16 0.00 0.0 0 M M M M M 0 18 M
12 92 74 83 2 0 18 0.00 0.0 0 M M M M M 0 24 M
13 94 77 86 5 0 21 0.00 0.0 0 M M M M M 0 18 M
14 95 73 84 3 0 19 0.36 M M M M M M M 0 M M
15 96 73 85 4 0 20 T M M 2.9 12 200 M M 1 15 180
16 98 72 85 4 0 20 0.27 0.0 M 5.2 25 250 M M 2 18 33 220
17 94 72 83 2 0 18 0.00 0.0 0 4.3 10 310 M M 0 17 310
18 97 78 88 6 0 23 0.00 0.0 M 6.3 15 300 M M 0 19 300
19 95 73 84 2 0 19 0.00 0.0 M 7.0 16 60 M M 2 21 20
20 94 74 84 2 0 19 0.00 0.0 0 6.0 14 70 M M 2 19 120
21 96 73 85 3 0 20 0.00 0.0 0 4.4 12 130 M M 1 24 360
22 101 75 88 6 0 23 0.00 0.0 0 6.6 14 330 M M 0 24 320
23 102 74 88 6 0 23 0.00 0.0 0 5.1 16 280 M M 0 26 300
24 100 76 88 6 0 23 0.00 0.0 0 M 13 M M M 0 M M
25 87 75 81 -1 0 16 0.04 0.0 0 M M M M M 0 M M
26 92 75 84 2 0 19 0.04 0.0 0 M M M M M 0 M M
27 97 73 85 3 0 20 0.00 0.0 0 5.8 16 50 M M 1 21 50
28 96 72 84 2 0 19 M 0.0 M 0.9 5 320 M M 0 5 320
29 M M M M M M 0.00 M M M M M M M 0 M M
30 90 73 82 0 0 17 T 0.0 0 6.2 32 190 M M 2 3 40 190
================================================================================
SM 2709 2110 0 530 2.20 0.0 60.7 M 11
================================================================================
AV 93.4 72.8 5.1 FASTST M M 0 MAX(MPH)
MISC ----> 32 190 40 190
================================================================================
NOTES:
# LAST OF SEVERAL OCCURRENCES
COLUMN 17 PEAK WIND IN M.P.H.
PRELIMINARY LOCAL CLIMATOLOGICAL DATA (WS FORM: F-6) , PAGE 2
STATION: MARIANNA
MONTH: JUNE
YEAR: 2022
LATITUDE: 30 50 N
LONGITUDE: 85 11 W
[TEMPERATURE DATA] [PRECIPITATION DATA] SYMBOLS USED IN COLUMN 16
AVERAGE MONTHLY: 83.1 TOTAL FOR MONTH: 2.20 1 = FOG OR MIST
DPTR FM NORMAL: 2.0 DPTR FM NORMAL: -2.87 2 = FOG REDUCING VISIBILITY
HIGHEST: 102 ON 23 GRTST 24HR 0.41 ON 6- 6 TO 1/4 MILE OR LESS
LOWEST: 67 ON 3 3 = THUNDER
SNOW, ICE PELLETS, HAIL 4 = ICE PELLETS
TOTAL MONTH: 0.0 INCH 5 = HAIL
GRTST 24HR 0.0 6 = FREEZING RAIN OR DRIZZLE
GRTST DEPTH: 0 7 = DUSTSTORM OR SANDSTORM:
VSBY 1/2 MILE OR LESS
8 = SMOKE OR HAZE
[NO. OF DAYS WITH] [WEATHER - DAYS WITH] 9 = BLOWING SNOW
X = TORNADO
MAX 32 OR BELOW: 0 0.01 INCH OR MORE: 8
MAX 90 OR ABOVE: 27 0.10 INCH OR MORE: 6
MIN 32 OR BELOW: 0 0.50 INCH OR MORE: 0
MIN 0 OR BELOW: 0 1.00 INCH OR MORE: 0
[HDD (BASE 65) ]
TOTAL THIS MO. 0 CLEAR (SCALE 0-3) 30
DPTR FM NORMAL 0 PTCLDY (SCALE 4-7) 0
TOTAL FM JUL 1 1345 CLOUDY (SCALE 8-10) 0
DPTR FM NORMAL -175
[CDD (BASE 65) ]
TOTAL THIS MO. 530
DPTR FM NORMAL 46 [PRESSURE DATA]
TOTAL FM JAN 1 1091 HIGHEST SLP M ON M
DPTR FM NORMAL 63 LOWEST SLP 29.79 ON 23
[REMARKS]
#FINAL-06-22#