000
CXUS53 KDTX 020344
CF6MBS
PRELIMINARY LOCAL CLIMATOLOGICAL DATA (WS FORM: F-6)
STATION: TRI CITIES MI
MONTH: APRIL
YEAR: 2022
LATITUDE: 43 31 N
LONGITUDE: 84 5 W
TEMPERATURE IN F: :PCPN: SNOW: WIND :SUNSHINE: SKY :PK WND
================================================================================
1 2 3 4 5 6A 6B 7 8 9 10 11 12 13 14 15 16 17 18
12Z AVG MX 2MIN
DY MAX MIN AVG DEP HDD CDD WTR SNW DPTH SPD SPD DIR MIN PSBL S-S WX SPD DR
================================================================================
1 35 29 32 -8 33 0 T T T 10.7 24 310 M M 10 1 32 320
2 42 25 34 -6 31 0 0.04 0.2 0 4.2 13 150 M M 4 1 17 140
3 45 33 39 -2 26 0 0.01 T 0 6.1 15 290 M M 8 1 18 290
4 39 32 36 -5 29 0 0.20 0.0 0 8.0 17 120 M M 9 1 22 120
5 46 36 41 -1 24 0 0.00 0.0 0 5.9 16 40 M M 7 128 20 40
6 51 35 43 1 22 0 0.60 0.0 0 8.4 25 310 M M 7 18 36 300
7 45 38 42 0 23 0 0.05 0.0 0 8.5 26 250 M M 10 33 250
8 46 32 39 -4 26 0 0.11 0.0 0 8.2 20 320 M M 9 1 23 330
9 41 29 35 -8 30 0 T T 0 10.5 17 310 M M 9 24 290
10 54 27 41 -3 24 0 0.00 0.0 0 8.0 17 120 M M 0 23 120
11 65 42 54 10 11 0 0.07 0.0 0 13.2 24 250 M M 2 3 33 240
12 66 33 50 6 15 0 0.01 0.0 0 7.5 17 120 M M 1 3 26 130
13 70 49 60 15 5 0 0.32 0.0 0 12.0 20 190 M M 8 138 28 190
14 63 38 51 6 14 0 0.05 0.0 0 22.7 41 240 M M 6 1 60 240
15 49 34 42 -4 23 0 0.00 0.0 0 19.8 38 250 M M 4 53 230
16 39 27 33 -13 32 0 0.00 0.0 0 10.2 22 270 M M 6 28 270
17 42 27 35 -11 30 0 0.00 0.0 0 9.1 20 350 M M 5 24 350
18 38 28 33 -14 32 0 0.13 0.4 0 7.5 13 360 M M 7 1 16 360
19 43 29 36 -11 29 0 T T 0 15.4 27 310 M M 7 38 320
20 54 26 40 -8 25 0 T 0.0 0 8.4 23 120 M M 4 29 120
21 65 43 54 6 11 0 0.14 0.0 0 17.0 36 260 M M 5 1 47 260
22 55 35 45 -4 20 0 0.01 0.0 0 8.2 17 100 M M 3 20 110
23 82 45 64 15 1 0 T 0.0 0 9.6 20 190 M M 3 25 190
24 80 54 67 17 0 2 0.14 0.0 0 14.4 29 220 M M 4 3 39 220
25 65 42 54 4 11 0 0.00 0.0 0 13.6 24 250 M M 8 33 260
26 44 32 38 -12 27 0 0.10 T 0 9.3 23 280 M M 8 1 33 280
27 45 28 37 -14 28 0 0.00 0.0 0 10.4 21 320 M M 6 28 320
28 52 27 40 -11 25 0 0.00 0.0 0 4.9 14 40 M M 0 19 130
29 62 29 46 -6 19 0 0.00 0.0 0 9.0 17 40 M M 0 22 120
30 64 37 51 -1 14 0 0.02 0.0 0 12.2 23 120 M M 5 31 100
================================================================================
SM 1587 1021 640 2 2.00 0.6 312.9 M 165
================================================================================
AV 52.9 34.0 10.4 FASTST M M 6 MAX(MPH)
MISC ----> 41 240 60 240
================================================================================
NOTES:
# LAST OF SEVERAL OCCURRENCES
COLUMN 17 PEAK WIND IN M.P.H.
PRELIMINARY LOCAL CLIMATOLOGICAL DATA (WS FORM: F-6) , PAGE 2
STATION: TRI CITIES MI
MONTH: APRIL
YEAR: 2022
LATITUDE: 43 31 N
LONGITUDE: 84 5 W
[TEMPERATURE DATA] [PRECIPITATION DATA] SYMBOLS USED IN COLUMN 16
AVERAGE MONTHLY: 43.5 TOTAL FOR MONTH: 2.00 1 = FOG OR MIST
DPTR FM NORMAL: -2.4 DPTR FM NORMAL: -1.19 2 = FOG REDUCING VISIBILITY
HIGHEST: 82 ON 23 GRTST 24HR 0.60 ON 6- 6 TO 1/4 MILE OR LESS
LOWEST: 25 ON 2 3 = THUNDER
SNOW, ICE PELLETS, HAIL 4 = ICE PELLETS
TOTAL MONTH: 0.6 INCH 5 = HAIL
GRTST 24HR 0.4 ON 18-18 6 = FREEZING RAIN OR DRIZZLE
GRTST DEPTH: T 7 = DUSTSTORM OR SANDSTORM:
VSBY 1/2 MILE OR LESS
8 = SMOKE OR HAZE
[NO. OF DAYS WITH] [WEATHER - DAYS WITH] 9 = BLOWING SNOW
X = TORNADO
MAX 32 OR BELOW: 0 0.01 INCH OR MORE: 16
MAX 90 OR ABOVE: 0 0.10 INCH OR MORE: 8
MIN 32 OR BELOW: 15 0.50 INCH OR MORE: 1
MIN 0 OR BELOW: 0 1.00 INCH OR MORE: 0
[HDD (BASE 65) ]
TOTAL THIS MO. 640 CLEAR (SCALE 0-3) 6
DPTR FM NORMAL 66 PTCLDY (SCALE 4-7) 17
TOTAL FM JUL 1 6243 CLOUDY (SCALE 8-10) 7
DPTR FM NORMAL -237
[CDD (BASE 65) ]
TOTAL THIS MO. 2
DPTR FM NORMAL 0 [PRESSURE DATA]
TOTAL FM JAN 1 2 HIGHEST SLP 30.56 ON 22
DPTR FM NORMAL -1 LOWEST SLP 29.37 ON 14
[REMARKS]
#FINAL-04-22#
CORRECTED PRECIP AND SNOWFALL ON 4/19.