980
CXUS53 KEAX 010743
CLSMCI
CLIMATE REPORT
NATIONAL WEATHER SERVICE
142 AM CST TUE DEC 01 2020
...................................
...THE KANSAS CITY INTERNATIONAL MO CLIMATE SUMMARY FOR THE SEASON, FROM
9/1/2020 TO 11/30/2020...
CLIMATE NORMAL PERIOD: 1981 TO 2010
CLIMATE RECORD PERIOD: 1888 TO 2020
WEATHER OBSERVED NORMAL DEPART LAST YEAR`S
VALUE DATE(S) VALUE FROM VALUE DATE(S)
NORMAL
................................................................
TEMPERATURE (F)
RECORD
HIGH 109 09/03/1947
LOW 1 11/08/1991
11/28/1976
HIGHEST 91 09/06 93 -2 91 09/18
09/03
LOWEST 21 11/13 17 4 8 11/12
11/30
AVG. MAXIMUM 67.3 66.4 0.9 65.6
AVG. MINIMUM 45.6 45.7 -0.1 45.7
MEAN 56.5 56.1 0.4 55.7
DAYS MAX >= 90 3 2.9 0.1 4
DAYS MAX <= 32 0 1.4 -1.4 1
DAYS MIN <= 32 16 15.2 0.8 21
DAYS MIN <= 0 0 0.0 0.0 0
PRECIPITATION (INCHES)
RECORD
MAXIMUM 22.08 1914
MINIMUM 2.16 1891
TOTALS 4.01 9.93 -5.92 9.44
DAILY AVG. 0.05 0.11 -0.06 0.10
DAYS >= .01 16 24.1 -8.1 26
DAYS >= .10 9 16.0 -7.0 17
DAYS >= .50 4 6.5 -2.5 5
DAYS >= 1.00 0 2.7 -2.7 2
GREATEST
24 HR. TOTAL 0.83 09/10 TO 09/10
SNOWFALL (INCHES)
RECORDS
TOTAL 13.2 1898
TOTALS 0.9 1.4 -0.5 1.9
SINCE 7/1 0.9 1.4 -0.5 MM
DAYS >= TRACE 3 1.3 1.7 1
DAYS >= 1.0 0 0.5 -0.5 0
GREATEST
SNOW DEPTH 1R 10/27
24 HR TOTAL MM
DEGREE DAYS
HEATING TOTAL 928 1000 -72 1156
COOLING TOTAL 171 187 -16 326
................................................................
WIND (MPH)
AVERAGE WIND SPEED 10.1
HIGHEST WIND SPEED/DIRECTION 35/210 DATE 11/18
HIGHEST GUST SPEED/DIRECTION 50/290 DATE 11/14
SKY COVER
POSSIBLE SUNSHINE (PERCENT) MM
AVERAGE SKY COVER 0.44
NUMBER OF DAYS FAIR 45
NUMBER OF DAYS PC 22
NUMBER OF DAYS CLOUDY 24
AVERAGE RH (PERCENT) 68
WEATHER CONDITIONS. NUMBER OF DAYS WITH
THUNDERSTORM 4 MIXED PRECIP 0
HEAVY RAIN 4 RAIN 7
LIGHT RAIN 22 FREEZING RAIN 0
LT FREEZING RAIN 1 HAIL 0
HEAVY SNOW 0 SNOW 0
LIGHT SNOW 1 SLEET 1
FOG 39 FOG W/VIS <= 1/4 MILE 6
HAZE 24
- INDICATES NEGATIVE NUMBERS.
R INDICATES RECORD WAS SET OR TIED.
MM INDICATES DATA IS MISSING.
T INDICATES TRACE AMOUNT.
$$