000
CXUS52 KFFC 011010
CF6MCN
PRELIMINARY LOCAL CLIMATOLOGICAL DATA (WS FORM: F-6)
STATION: MACON
MONTH: APRIL
YEAR: 2021
LATITUDE: 32 42 N
LONGITUDE: 83 39 W
TEMPERATURE IN F: :PCPN: SNOW: WIND :SUNSHINE: SKY :PK WND
================================================================================
1 2 3 4 5 6A 6B 7 8 9 10 11 12 13 14 15 16 17 18
12Z AVG MX 2MIN
DY MAX MIN AVG DEP HDD CDD WTR SNW DPTH SPD SPD DIR MIN PSBL S-S WX SPD DR
================================================================================
1 59 42 51 -9 14 0 0.00 0.0 M 14.6 25 340 M M 1 37 320
2 60 30 45 -15 20 0 0.00 0.0 M 5.3 16 10 M M 0 23 50
3 67 30 49 -12 16 0 0.00 0.0 M 2.4 10 240 M M 0 8 15 130
4 74 33 54 -7 11 0 0.00 0.0 M 3.9 15 230 M M 0 24 220
5 81 39 60 -1 5 0 0.00 0.0 M 2.7 10 230 M M 0 1 17 210
6 83 44 64 3 1 0 0.00 0.0 M 3.4 10 250 M M 0 16 340
7 83 48 66 4 0 1 0.00 0.0 M 4.1 13 230 M M 0 1 17 260
8 79 56 68 6 0 3 T 0.0 M 7.8 18 200 M M 2 18 26 220
9 71 63 67 5 0 2 0.00 0.0 M 6.2 21 170 M M 6 1 31 190
10 72 57 65 3 0 0 0.15 0.0 M 7.2 17 200 M M 5 12 26 190
11 81 54 68 6 0 3 0.00 0.0 M 6.1 20 260 M M 3 1 26 270
12 87 47 67 5 0 2 0.00 0.0 M 7.0 17 270 M M 0 8 25 260
13 89 50 70 7 0 5 0.00 0.0 M 3.0 10 110 M M 0 14 110
14 86 52 69 6 0 4 0.00 0.0 M 6.0 16 220 M M 3 18 25 210
15 75 55 65 2 0 0 0.00 0.0 M 6.4 15 310 M M 6 20 310
16 66 49 58 -5 7 0 0.00 0.0 M 3.5 12 40 M M 0 16 150
17 79 54 67 3 0 2 0.01 0.0 M 3.5 12 270 M M 6 1 18 240
18 79 52 66 2 0 1 0.00 0.0 M 5.9 15 280 M M 0 20 280
19 76 49 63 -1 2 0 0.00 0.0 M 6.3 17 330 M M 0 27 350
20 80 47 64 0 1 0 0.00 0.0 M 2.7 10 250 M M 2 18 14 250
21 75 47 61 -4 4 0 0.00 0.0 M 10.5 25 300 M M 0 18 38 300
22 67 32 50 -15 15 0 0.00 0.0 M 4.0 13 340 M M 0 1 22 360
23 75 37 56 -9 9 0 0.00 0.0 M 4.3 12 120 M M 0 1 17 130
24 68 57 63 -2 2 0 1.70 0.0 M 9.1 24 160 M M 7 13 39 160
25 79 54 67 1 0 2 0.00 0.0 M 7.9 17 330 M M 1 23 320
26 81 47 64 -2 1 0 0.00 0.0 M 5.1 14 110 M M 0 20 100
27 85 53 69 3 0 4 0.00 0.0 M 4.0 13 150 M M 1 17 160
28 86 62 74 7 0 9 0.00 0.0 M 3.9 13 180 M M 1 20 160
29 84 59 72 5 0 7 0.00 0.0 M 6.8 21 260 M M 1 1 28 260
30 83 62 73 6 0 8 0.00 0.0 M 9.4 20 330 M M 1 26 320
================================================================================
SM 2310 1461 108 53 1.86 0.0 173.0 M 46
================================================================================
AV 77.0 48.7 5.8 FASTST M M 2 MAX(MPH)
MISC ----> # 25 340 39 160
================================================================================
NOTES:
# LAST OF SEVERAL OCCURRENCES
COLUMN 17 PEAK WIND IN M.P.H.
PRELIMINARY LOCAL CLIMATOLOGICAL DATA (WS FORM: F-6) , PAGE 2
STATION: MACON
MONTH: APRIL
YEAR: 2021
LATITUDE: 32 42 N
LONGITUDE: 83 39 W
[TEMPERATURE DATA] [PRECIPITATION DATA] SYMBOLS USED IN COLUMN 16
AVERAGE MONTHLY: 62.9 TOTAL FOR MONTH: 1.86 1 = FOG OR MIST
DPTR FM NORMAL: -0.6 DPTR FM NORMAL: -1.10 2 = FOG REDUCING VISIBILITY
HIGHEST: 89 ON 13 GRTST 24HR 1.70 ON 24-24 TO 1/4 MILE OR LESS
LOWEST: 30 ON 3, 2 3 = THUNDER
SNOW, ICE PELLETS, HAIL 4 = ICE PELLETS
TOTAL MONTH: 0.0 INCH 5 = HAIL
GRTST 24HR 0.0 6 = FREEZING RAIN OR DRIZZLE
GRTST DEPTH: M ON M 7 = DUSTSTORM OR SANDSTORM:
VSBY 1/2 MILE OR LESS
8 = SMOKE OR HAZE
[NO. OF DAYS WITH] [WEATHER - DAYS WITH] 9 = BLOWING SNOW
X = TORNADO
MAX 32 OR BELOW: 0 0.01 INCH OR MORE: 3
MAX 90 OR ABOVE: 0 0.10 INCH OR MORE: 2
MIN 32 OR BELOW: 3 0.50 INCH OR MORE: 1
MIN 0 OR BELOW: 0 1.00 INCH OR MORE: 1
[HDD (BASE 65) ]
TOTAL THIS MO. 108 CLEAR (SCALE 0-3) 25
DPTR FM NORMAL -2 PTCLDY (SCALE 4-7) 5
TOTAL FM JUL 1 1922 CLOUDY (SCALE 8-10) 0
DPTR FM NORMAL -387
[CDD (BASE 65) ]
TOTAL THIS MO. 53
DPTR FM NORMAL -10 [PRESSURE DATA]
TOTAL FM JAN 1 100 HIGHEST SLP 30.49 ON 3
DPTR FM NORMAL 16 LOWEST SLP 29.61 ON 11
[REMARKS]
#FINAL-04-21#