000
CXUS52 KFFC 011110
CF6MCN
PRELIMINARY LOCAL CLIMATOLOGICAL DATA (WS FORM: F-6)
STATION: MACON
MONTH: DECEMBER
YEAR: 2020
LATITUDE: 32 42 N
LONGITUDE: 83 39 W
TEMPERATURE IN F: :PCPN: SNOW: WIND :SUNSHINE: SKY :PK WND
================================================================================
1 2 3 4 5 6A 6B 7 8 9 10 11 12 13 14 15 16 17 18
12Z AVG MX 2MIN
DY MAX MIN AVG DEP HDD CDD WTR SNW DPTH SPD SPD DIR MIN PSBL S-S WX SPD DR
================================================================================
1 49 29 39 -12 26 0 0.00 0.0 M 10.9 21 290 M M 1 29 290
2 60 27 44 -7 21 0 0.00 0.0 M 4.2 12 350 M M 0 1 16 340
3 61 26 44 -7 21 0 0.00 0.0 M 2.0 8 150 M M 0 1 12 130
4 68 41 55 5 10 0 0.13 0.0 M 6.0 24 280 M M 5 1 34 280
5 63 37 50 0 15 0 0.00 0.0 M 7.8 16 320 M M 0 23 360
6 64 37 51 1 14 0 0.02 0.0 M 2.8 12 290 M M 3 17 310
7 55 33 44 -6 21 0 0.07 M M 10.7 23 340 M M 6 1 35 320
8 56 27 42 -7 23 0 0.00 0.0 M 6.5 14 290 M M 0 21 330
9 66 28 47 -2 18 0 0.00 0.0 M 5.5 15 280 M M 0 18 20 280
10 73 34 54 5 11 0 0.00 0.0 M 0.8 9 270 M M 0 1 13 250
11 71 35 53 4 12 0 0.00 0.0 M 2.4 10 190 M M 0 1 17 160
12 74 44 59 11 6 0 0.00 0.0 M 5.3 15 200 M M 2 21 170
13 64 54 59 11 6 0 0.09 0.0 M 3.1 9 170 M M 10 12 12 170
14 68 41 55 7 10 0 0.15 M M 12.7 25 290 M M 4 1 39 280
15 50 38 44 -4 21 0 0.00 0.0 M 7.9 15 40 M M 6 20 50
16 46 42 44 -4 21 0 0.29 M M 6.5 14 100 M M 10 13 18 100
17 45 31 38 -10 27 0 0.00 0.0 M 7.8 16 280 M M 8 23 290
18 55 26 41 -6 24 0 0.00 0.0 M 3.7 12 40 M M 0 15 360
19 57 24 41 -6 24 0 0.00 0.0 M 3.8 12 140 M M 2 1 16 150
20 56 45 51 4 14 0 0.08 M M 3.8 12 320 M M 10 1 15 320
21 62 39 51 4 14 0 0.00 0.0 M 6.3 17 270 M M 5 12 24 280
22 69 34 52 5 13 0 0.00 0.0 M 6.3 16 310 M M 0 22 300
23 69 29 49 2 16 0 0.00 0.0 M 3.5 15 160 M M 1 21 140
24 60 33 47 1 18 0 1.40 0.0 M 9.2 29 270 M M 7 13 41 280
25 41 24 33 -13 32 0 0.00 0.0 M 11.7 24 260 M M 1 38 290
26 51 22 37 -9 28 0 0.00 0.0 M 3.7 10 310 M M 0 15 290
27 61 22 42 -4 23 0 0.00 0.0 M 1.3 10 180 M M 0 16 150
28 68 26 47 1 18 0 0.00 0.0 M 2.3 14 270 M M 2 19 280
29 69 36 53 7 12 0 0.00 0.0 M 2.7 9 30 M M 0 1 12 40
30 65 44 55 9 10 0 T M M 6.0 10 50 M M 8 15 120
31 59 52 56 10 9 0 0.21 0.0 M 4.2 9 40 M M 10 12 10 40
================================================================================
SM 1875 1060 538 0 2.44 0.0 171.4 M 101
================================================================================
AV 60.5 34.2 5.5 FASTST M M 3 MAX(MPH)
MISC ----> 29 270 41 280
================================================================================
NOTES:
# LAST OF SEVERAL OCCURRENCES
COLUMN 17 PEAK WIND IN M.P.H.
PRELIMINARY LOCAL CLIMATOLOGICAL DATA (WS FORM: F-6) , PAGE 2
STATION: MACON
MONTH: DECEMBER
YEAR: 2020
LATITUDE: 32 42 N
LONGITUDE: 83 39 W
[TEMPERATURE DATA] [PRECIPITATION DATA] SYMBOLS USED IN COLUMN 16
AVERAGE MONTHLY: 47.3 TOTAL FOR MONTH: 2.44 1 = FOG OR MIST
DPTR FM NORMAL: -0.7 DPTR FM NORMAL: -1.60 2 = FOG REDUCING VISIBILITY
HIGHEST: 74 ON 12 GRTST 24HR 1.40 ON 24-24 TO 1/4 MILE OR LESS
LOWEST: 22 ON 27,26 3 = THUNDER
SNOW, ICE PELLETS, HAIL 4 = ICE PELLETS
TOTAL MONTH: 0.0 INCH 5 = HAIL
GRTST 24HR 0.0 6 = FREEZING RAIN OR DRIZZLE
GRTST DEPTH: M ON M 7 = DUSTSTORM OR SANDSTORM:
VSBY 1/2 MILE OR LESS
8 = SMOKE OR HAZE
[NO. OF DAYS WITH] [WEATHER - DAYS WITH] 9 = BLOWING SNOW
X = TORNADO
MAX 32 OR BELOW: 0 0.01 INCH OR MORE: 9
MAX 90 OR ABOVE: 0 0.10 INCH OR MORE: 5
MIN 32 OR BELOW: 13 0.50 INCH OR MORE: 1
MIN 0 OR BELOW: 0 1.00 INCH OR MORE: 1
[HDD (BASE 65) ]
TOTAL THIS MO. 538 CLEAR (SCALE 0-3) 19
DPTR FM NORMAL 8 PTCLDY (SCALE 4-7) 7
TOTAL FM JUL 1 737 CLOUDY (SCALE 8-10) 5
DPTR FM NORMAL -189
[CDD (BASE 65) ]
TOTAL THIS MO. 0
DPTR FM NORMAL -3 [PRESSURE DATA]
TOTAL FM JAN 1 2509 HIGHEST SLP 30.42 ON 29
DPTR FM NORMAL 343 LOWEST SLP 29.60 ON 24
[REMARKS]
#FINAL-12-20#