000
CXUS52 KFFC 061137
CLMMCN
CLIMATE REPORT
NATIONAL WEATHER SERVICE PEACHTREE CITY GA
737 AM EDT TUE JUN 06 2023
...................................
...THE MACON CLIMATE SUMMARY FOR THE MONTH OF MAY 2023...
CLIMATE NORMAL PERIOD: 1991 TO 2020
CLIMATE RECORD PERIOD: 1899 TO 2023
WEATHER OBSERVED NORMAL DEPART LAST YEAR`S
VALUE DATE(S) VALUE FROM VALUE DATE(S)
NORMAL
................................................................
TEMPERATURE (F)
RECORD
HIGH 100 05/28/2019
05/26/2019
05/25/2019
LOW 40 05/05/1997
05/04/1971
05/12/1969
HIGHEST 92 05/09 98 -6 95 05/19
05/14
LOWEST 41 05/04 40 1 47 05/10
AVG. MAXIMUM 81.9 85.8 -3.9 87.3
AVG. MINIMUM 59.4 60.0 -0.6 61.4
MEAN 70.6 72.9 -2.3 74.3
DAYS MAX >= 90 2 7.6 -5.6 14
DAYS MAX <= 32 0 0.0 0.0 0
DAYS MIN <= 32 0 0.0 0.0 0
DAYS MIN <= 0 0 0.0 0.0 0
PRECIPITATION (INCHES)
RECORD
MAXIMUM 11.77 1957
MINIMUM T 2007
TOTALS 3.79 2.65 1.14
DAILY AVG. 0.12 0.09 0.03 0.09
DAYS >= .01 8 7.5 0.5 7
DAYS >= .10 5 4.6 0.4 3
DAYS >= .50 3 1.9 1.1 2
DAYS >= 1.00 1 0.7 0.3 1
GREATEST
24 HR. TOTAL 1.69 05/17 TO 05/18 1.71 05/23 TO 05/23
DEGREE DAYS
HEATING TOTAL 21 12 9 5
SINCE 7/1 1674 2143 -469 MM
COOLING TOTAL 205 257 -52 304
SINCE 1/1 372 365 7 MM
................................................................
WIND (MPH)
AVERAGE WIND SPEED 6.7
HIGHEST WIND SPEED/DIRECTION 33/260 DATE 05/02
HIGHEST GUST SPEED/DIRECTION 48/290 DATE 05/02
SKY COVER
POSSIBLE SUNSHINE (PERCENT) MM
AVERAGE SKY COVER 0.46
NUMBER OF DAYS FAIR 14
NUMBER OF DAYS PC 12
NUMBER OF DAYS CLOUDY 5
AVERAGE RH (PERCENT) 71
WEATHER CONDITIONS. NUMBER OF DAYS WITH
THUNDERSTORM 4 MIXED PRECIP 0
HEAVY RAIN 3 RAIN 5
LIGHT RAIN 7 FREEZING RAIN 0
LT FREEZING RAIN 0 HAIL 0
HEAVY SNOW 0 SNOW 0
LIGHT SNOW 0 SLEET 0
FOG 14 FOG W/VIS <= 1/4 MILE 3
HAZE 4
- INDICATES NEGATIVE NUMBERS.
R INDICATES RECORD WAS SET OR TIED.
MM INDICATES DATA IS MISSING.
T INDICATES TRACE AMOUNT.
$$