000
CXUS54 KMAF 011110
CF6MDD
PRELIMINARY LOCAL CLIMATOLOGICAL DATA (WS FORM: F-6)
STATION: MIDLAND AIRPARK
MONTH: SEPTEMBER
YEAR: 2023
LATITUDE: 32 2 N
LONGITUDE: 102 6 W
TEMPERATURE IN F: :PCPN: SNOW: WIND :SUNSHINE: SKY :PK WND
================================================================================
1 2 3 4 5 6A 6B 7 8 9 10 11 12 13 14 15 16 17 18
12Z AVG MX 2MIN
DY MAX MIN AVG DEP HDD CDD WTR SNW DPTH SPD SPD DIR MIN PSBL S-S WX SPD DR
================================================================================
1 99 70 85 M 0 20 M M M 5.8 12 90 M M 0 18 0
2 99 70 85 M 0 20 M M M 5.6 12 220 M M 0 17 140
3 101 69 85 M 0 20 M M M 7.9 14 220 M M 0 22 220
4 103 75 89 M 0 24 M M M 13.4 20 180 M M 0 26 180
5 106 79 93 M 0 28 M M M 9.3 16 180 M M 0 22 180
6 102 75 89 M 0 24 M M M 7.0 12 120 M M 0 18 110
7 102 76 89 M 0 24 M M M 9.7 16 210 M M 0 23 210
8 104 79 92 M 0 27 M M M 10.6 14 190 M M 0 20 200
9 101 73 87 M 0 22 M M M 6.7 24 330 M M 0 8 30 330
10 96 74 85 M 0 20 M M M 11.2 20 10 M M 0 26 170
11 96 67 82 M 0 17 0.12 M M 14.5 38 360 M M 2 38 45 360
12 68 63 66 M 0 1 0.08 M M 10.2 23 40 M M 10 1 29 40
13 77 65 71 M 0 6 0.02 M M 7.4 14 70 M M 7 1 16 70
14 83 67 75 M 0 10 M M M 7.5 13 130 M M 5 1 17 90
15 84 66 75 M 0 10 0.01 M M 8.5 23 250 M M 4 32 250
16 80 61 71 M 0 6 M M M 7.8 24 40 M M 4 40 40
17 84 64 74 M 0 9 M M M 2.8 9 80 M M 1 M M
18 91 68 80 M 0 15 M M M 9.0 15 160 M M 1 18 160
19 99 71 85 M 0 20 M M M 9.3 13 200 M M 1 24 200
20 99 70 85 M 0 20 M M M 5.7 13 200 M M 0 M M
21 93 72 83 M 0 18 M M M 10.4 25 190 M M 1 30 190
22 99 75 87 M 0 22 M M M 9.2 17 190 M M 0 21 180
23 102 74 88 M 0 23 M M M 6.6 14 190 M M 0 16 0
24 98 73 86 M 0 21 M M M 9.1 13 350 M M 0 18 350
25 90 72 81 M 0 16 M M M 10.4 17 70 M M 3 22 70
26 90 67 79 M 0 14 M M M 4.4 9 150 M M 1 M M
27 95 69 82 M 0 17 M M M 7.1 20 140 M M 0 25 140
28 95 69 82 M 0 17 M M M 11.7 18 170 M M 0 25 170
29 94 71 83 M 0 18 M M M 14.8 21 180 M M 0 26 180
30 90 72 81 M 0 16 M M M 11.7 20 140 M M 0 30 160
================================================================================
SM 2820 2116 0 525 0.23 M 265.2 M 40
================================================================================
AV 94.0 70.5 8.8 FASTST M M 1 MAX(MPH)
MISC ----> 38 360 45 360
================================================================================
NOTES:
# LAST OF SEVERAL OCCURRENCES
COLUMN 17 PEAK WIND IN M.P.H.
PRELIMINARY LOCAL CLIMATOLOGICAL DATA (WS FORM: F-6) , PAGE 2
STATION: MIDLAND AIRPARK
MONTH: SEPTEMBER
YEAR: 2023
LATITUDE: 32 2 N
LONGITUDE: 102 6 W
[TEMPERATURE DATA] [PRECIPITATION DATA] SYMBOLS USED IN COLUMN 16
AVERAGE MONTHLY: 82.3 TOTAL FOR MONTH: 0.23 1 = FOG OR MIST
DPTR FM NORMAL: 0.0 DPTR FM NORMAL: M 2 = FOG REDUCING VISIBILITY
HIGHEST: 106 ON 5 GRTST 24HR 0.12 ON 11-11 TO 1/4 MILE OR LESS
LOWEST: 61 ON 16 3 = THUNDER
SNOW, ICE PELLETS, HAIL 4 = ICE PELLETS
TOTAL MONTH: M 5 = HAIL
GRTST 24HR M ON M 6 = FREEZING RAIN OR DRIZZLE
GRTST DEPTH: M ON M 7 = DUSTSTORM OR SANDSTORM:
VSBY 1/2 MILE OR LESS
8 = SMOKE OR HAZE
[NO. OF DAYS WITH] [WEATHER - DAYS WITH] 9 = BLOWING SNOW
X = TORNADO
MAX 32 OR BELOW: 0 0.01 INCH OR MORE: 4
MAX 90 OR ABOVE: 24 0.10 INCH OR MORE: 1
MIN 32 OR BELOW: 0 0.50 INCH OR MORE: 0
MIN 0 OR BELOW: 0 1.00 INCH OR MORE: 0
[HDD (BASE 65) ]
TOTAL THIS MO. 0 CLEAR (SCALE 0-3) 25
DPTR FM NORMAL M PTCLDY (SCALE 4-7) 4
TOTAL FM JUL 1 0 CLOUDY (SCALE 8-10) 1
DPTR FM NORMAL M
[CDD (BASE 65) ]
TOTAL THIS MO. 525
DPTR FM NORMAL M [PRESSURE DATA]
TOTAL FM JAN 1 1959 HIGHEST SLP M ON M
DPTR FM NORMAL M LOWEST SLP M ON M
[REMARKS]
#FINAL-09-23#