000
CXUS53 KPAH 010730
CF6MDH
PRELIMINARY LOCAL CLIMATOLOGICAL DATA (WS FORM: F-6)
STATION: CARBONDALE IL
MONTH: OCTOBER
YEAR: 2023
LATITUDE: 37 46 N
LONGITUDE: 89 15 W
TEMPERATURE IN F: :PCPN: SNOW: WIND :SUNSHINE: SKY :PK WND
================================================================================
1 2 3 4 5 6A 6B 7 8 9 10 11 12 13 14 15 16 17 18
12Z AVG MX 2MIN
DY MAX MIN AVG DEP HDD CDD WTR SNW DPTH SPD SPD DIR MIN PSBL S-S WX SPD DR
================================================================================
1 86 54 70 7 0 5 0.00 M M 1.6 10 70 M M 2 12 19 50
2 87 54 71 8 0 6 0.00 M M 1.2 9 50 M M 3 12 13 130
3 88 56 72 10 0 7 0.00 M M 3.2 12 170 M M 2 12 16 130
4 82 57 70 8 0 5 0.03 M M 5.6 15 210 M M 3 18 21 180
5 70 56 63 1 2 0 0.79 M M 4.1 12 200 M M 9 12 16 240
6 73 48 61 0 4 0 0.00 M M 6.6 18 320 M M 2 12 27 320
7 65 42 54 -7 11 0 0.00 M M 5.6 16 330 M M 1 23 350
8 69 38 54 -6 11 0 0.00 M M 5.9 17 220 M M 3 25 200
9 72 41 57 -3 8 0 0.00 M M 3.3 14 360 M M 1 2 20 270
10 70 37 54 -6 11 0 0.00 M M 1.8 12 230 M M 1 12 16 240
11 78 44 61 2 4 0 0.00 M M 5.8 16 180 M M 3 23 190
12 79 51 65 6 0 0 0.00 M M 6.2 16 160 M M 1 18 25 150
13 76 54 65 6 0 0 0.04 M M 9.2 22 200 M M 6 1 31 200
14 59 48 54 -4 11 0 T M M 9.0 20 330 M M 7 1 33 340
15 60 47 54 -4 11 0 0.03 M M 8.9 21 360 M M 8 1 30 350
16 66 42 54 -4 11 0 0.00 M M 7.3 18 340 M M 2 1 27 320
17 68 36 52 -5 13 0 0.00 M M 2.6 12 240 M M 2 12 17 240
18 73 44 59 2 6 0 0.00 M M 9.2 20 200 M M 1 29 220
19 72 52 62 6 3 0 0.13 M M 7.3 15 300 M M 7 1 23 300
20 73 45 59 3 6 0 0.00 M M 6.6 21 330 M M 1 32 340
21 82 42 62 6 3 0 0.00 M M 6.3 20 230 M M 0 1 27 270
22 68 39 54 -1 11 0 0.00 M M 3.5 12 20 M M 0 1 16 20
23 78 40 59 4 6 0 0.00 M M 4.7 15 180 M M 0 1 21 190
24 75 51 63 9 2 0 0.00 M M 7.8 15 190 M M 1 21 190
25 79 64 72 18 0 7 T M M 10.9 23 210 M M 3 32 210
26 81 65 73 19 0 8 T M M 11.5 25 200 M M 3 37 190
27 80 54 67 14 0 2 0.21 M M 9.8 20 220 M M 7 18 27 190
28 54 45 50 -3 15 0 1.52 M M 7.4 15 360 M M 10 12 21 360
29 51 41 46 -6 19 0 0.48 M M 8.4 17 340 M M 10 1 23 340
30 47 29 38 -14 27 0 0.01 M M 10.1 22 340 M M 4 1 32 330
31 45 26 36 -16 29 0 0.00 M M 7.2 22 320 M M 0 1 32 330
================================================================================
SM 2206 1442 224 40 3.24 M 198.6 M 103
================================================================================
AV 71.2 46.5 6.4 FASTST M M 3 MAX(MPH)
MISC ----> 25 200 37 190
================================================================================
NOTES:
# LAST OF SEVERAL OCCURRENCES
COLUMN 17 PEAK WIND IN M.P.H.
PRELIMINARY LOCAL CLIMATOLOGICAL DATA (WS FORM: F-6) , PAGE 2
STATION: CARBONDALE IL
MONTH: OCTOBER
YEAR: 2023
LATITUDE: 37 46 N
LONGITUDE: 89 15 W
[TEMPERATURE DATA] [PRECIPITATION DATA] SYMBOLS USED IN COLUMN 16
AVERAGE MONTHLY: 58.8 TOTAL FOR MONTH: 3.24 1 = FOG OR MIST
DPTR FM NORMAL: 1.4 DPTR FM NORMAL: -0.30 2 = FOG REDUCING VISIBILITY
HIGHEST: 88 ON 3 GRTST 24HR 1.72 ON 27-28 TO 1/4 MILE OR LESS
LOWEST: 26 ON 31 3 = THUNDER
SNOW, ICE PELLETS, HAIL 4 = ICE PELLETS
TOTAL MONTH: M 5 = HAIL
GRTST 24HR M ON M 6 = FREEZING RAIN OR DRIZZLE
GRTST DEPTH: M ON M 7 = DUSTSTORM OR SANDSTORM:
VSBY 1/2 MILE OR LESS
8 = SMOKE OR HAZE
[NO. OF DAYS WITH] [WEATHER - DAYS WITH] 9 = BLOWING SNOW
X = TORNADO
MAX 32 OR BELOW: 0 0.01 INCH OR MORE: 9
MAX 90 OR ABOVE: 0 0.10 INCH OR MORE: 5
MIN 32 OR BELOW: 2 0.50 INCH OR MORE: 2
MIN 0 OR BELOW: 0 1.00 INCH OR MORE: 1
[HDD (BASE 65) ]
TOTAL THIS MO. 224 CLEAR (SCALE 0-3) 19
DPTR FM NORMAL -43 PTCLDY (SCALE 4-7) 8
TOTAL FM JUL 1 226 CLOUDY (SCALE 8-10) 4
DPTR FM NORMAL -89
[CDD (BASE 65) ]
TOTAL THIS MO. 40
DPTR FM NORMAL 9 [PRESSURE DATA]
TOTAL FM JAN 1 1470 HIGHEST SLP M ON M
DPTR FM NORMAL 102 LOWEST SLP 29.72 ON 11
[REMARKS]
#FINAL-10-23#