000
CXUS54 KMEG 030659
CLMMEM
CLIMATE REPORT
NATIONAL WEATHER SERVICE MEMPHIS TN
1259 AM CST SUN DEC 03 2023
...................................
...THE MEMPHIS CLIMATE SUMMARY FOR THE MONTH OF NOVEMBER 2023...
CLIMATE NORMAL PERIOD 1991 TO 2020
CLIMATE RECORD PERIOD 1872 TO 2023
WEATHER OBSERVED NORMAL DEPART LAST YEAR`S
VALUE DATE(S) VALUE FROM VALUE DATE(S)
NORMAL
................................................................
TEMPERATURE (F)
RECORD
HIGH 86 11/01/2000
LOW 9 11/25/1950
HIGHEST 84 11/08 62 22 82 11/08
LOWEST 29 11/27 43 -14 24 11/21
AVG. MAXIMUM 65.4 62.6 2.8 61.9
AVG. MINIMUM 44.6 42.9 1.7 42.3
MEAN 55.0 52.7 2.3 52.1
DAYS MAX >= 90 0 0.0 0.0 0
DAYS MAX <= 32 0 0.1 -0.1 0
DAYS MIN <= 32 3 4.3 -1.3 11
DAYS MIN <= 0 0 0.0 0.0 0
PRECIPITATION (INCHES)
RECORD
MAXIMUM 14.53 1906
MINIMUM 0.49 1894
TOTALS 3.02 4.69 -1.67 3.62
DAILY AVG. 0.10 0.16 -0.06 0.12
DAYS >= .01 6 9.0 -3.0 9
DAYS >= .10 3 5.9 -2.9 7
DAYS >= .50 2 3.1 -1.1 2
DAYS >= 1.00 1 1.7 -0.7 2
GREATEST
24 HR. TOTAL 1.54 11/20 TO 11/20
SNOWFALL (INCHES)
RECORDS
TOTAL 4.9 1929
TOTALS 0.0 0.1 -0.1 0.0
SINCE 7/1 0.0 0.1 -0.1 MM
SNOWDEPTH AVG. 0 0
DAYS >= 1.0 0 0.0 0.0 0
GREATEST
SNOW DEPTH 0 0 MM
24 HR TOTAL MM
DEGREE DAYS
HEATING TOTAL 313 379 -66 398
SINCE 7/1 401 502 -101 MM
COOLING TOTAL 22 12 10 20
SINCE 1/1 2426 2311 115 MM
................................................................
WIND (MPH)
AVERAGE WIND SPEED 6.3
HIGHEST WIND SPEED/DIRECTION 26/200 DATE 11/08
HIGHEST GUST SPEED/DIRECTION 40/210 DATE 11/08
SKY COVER
POSSIBLE SUNSHINE (PERCENT) MM
AVERAGE SKY COVER 0.47
NUMBER OF DAYS FAIR 13
NUMBER OF DAYS PC 9
NUMBER OF DAYS CLOUDY 8
AVERAGE RH (PERCENT) 62
WEATHER CONDITIONS. NUMBER OF DAYS WITH
THUNDERSTORM 1 MIXED PRECIP 0
HEAVY RAIN 2 RAIN 3
LIGHT RAIN 9 FREEZING RAIN 0
LT FREEZING RAIN 0 HAIL 0
HEAVY SNOW 0 SNOW 0
LIGHT SNOW 0 SLEET 0
FOG 6 FOG W/VIS <= 1/4 MILE 0
HAZE 3
- INDICATES NEGATIVE NUMBERS.
R INDICATES RECORD WAS SET OR TIED.
MM INDICATES DATA IS MISSING.
T INDICATES TRACE AMOUNT.
$$