000
CXUS56 KMFR 011030
CF6MFR
PRELIMINARY LOCAL CLIMATOLOGICAL DATA (WS FORM: F-6)
STATION: MEDFORD OR
MONTH: FEBRUARY
YEAR: 2024
LATITUDE: 42 22 N
LONGITUDE: 122 52 W
TEMPERATURE IN F: :PCPN: SNOW: WIND :SUNSHINE: SKY :PK WND
================================================================================
1 2 3 4 5 6A 6B 7 8 9 10 11 12 13 14 15 16 17 18
12Z AVG MX 2MIN
DY MAX MIN AVG DEP HDD CDD WTR SNW DPTH SPD SPD DIR MIN PSBL S-S WX SPD DR
================================================================================
1 57 43 50 8 15 0 0.00 0.0 0 4.0 16 240 M M 7 24 230
2 51 35 43 1 22 0 T 0.0 0 2.9 13 320 M M 6 18 320
3 54 29 42 0 23 0 0.00 0.0 0 2.0 8 180 M M 2 12 10 180
4 47 30 39 -3 26 0 0.01 0.0 0 4.3 26 160 M M 5 32 150
5 56 44 50 7 15 0 0.01 0.0 0 6.2 22 140 M M 10 29 140
6 51 39 45 2 20 0 0.06 0.0 0 2.6 13 310 M M 9 1 17 310
7 50 37 44 1 21 0 0.14 0.0 0 2.1 8 50 M M 9 1 10 40
8 50 39 45 2 20 0 T M M 2.8 17 20 M M 9 20 20
9 47 36 42 -1 23 0 T M M 1.7 6 360 M M 10 8 270
10 56 39 48 5 17 0 0.00 0.0 M 1.2 7 180 M M 5 10 350
11 58 35 47 3 18 0 0.00 0.0 M 1.6 7 20 M M 4 1 11 310
12 59 37 48 4 17 0 0.00 0.0 0 2.6 8 170 M M 1 10 180
13 57 39 48 4 17 0 0.00 0.0 0 2.1 10 290 M M 4 14 310
14 49 39 44 0 21 0 0.32 0.0 0 2.9 12 210 M M 9 1 15 210
15 48 40 44 0 21 0 0.30 0.0 0 2.7 8 150 M M 9 1 11 70
16 57 38 48 4 17 0 0.00 0.0 0 2.8 15 130 M M 8 12 22 130
17 59 45 52 8 13 0 0.06 0.0 0 7.4 29 150 M M 8 37 160
18 59 41 50 6 15 0 0.07 0.0 0 5.8 30 140 M M 8 12 41 160
19 57 40 49 4 16 0 0.03 M M 8.3 31 140 M M 6 1 41 140
20 58 39 49 4 16 0 0.01 M M 6.3 24 150 M M 5 30 150
21 58 42 50 5 15 0 T M M 2.3 12 290 M M 8 16 280
22 61 34 48 3 17 0 0.00 0.0 0 1.7 8 300 M M 2 12 290
23 65 34 50 5 15 0 0.00 0.0 0 1.8 8 180 M M 0 11 40
24 67 33 50 4 15 0 0.00 0.0 0 1.2 8 190 M M 0 10 180
25 64 34 49 3 16 0 0.00 0.0 0 0.8 7 310 M M 3 11 320
26 52 33 43 -3 22 0 0.05 0.0 0 7.8 20 280 M M 7 1 28 270
27 49 33 41 -5 24 0 0.00 0.0 0 2.1 8 60 M M 7 11 80
28 53 33 43 -3 22 0 T 0.0 0 0.7 8 70 M M 6 9 70
29 54 36 45 -1 20 0 0.55 0.0 0 7.3 25 290 M M 9 1 39 290
================================================================================
SM 1603 1076 539 0 1.61 0.0 98.0 M 176
================================================================================
AV 55.3 37.1 3.4 FASTST M M 6 MAX(MPH)
MISC ----> 31 140 # 41 160
================================================================================
NOTES:
# LAST OF SEVERAL OCCURRENCES
COLUMN 17 PEAK WIND IN M.P.H.
PRELIMINARY LOCAL CLIMATOLOGICAL DATA (WS FORM: F-6) , PAGE 2
STATION: MEDFORD OR
MONTH: FEBRUARY
YEAR: 2024
LATITUDE: 42 22 N
LONGITUDE: 122 52 W
[TEMPERATURE DATA] [PRECIPITATION DATA] SYMBOLS USED IN COLUMN 16
AVERAGE MONTHLY: 46.2 TOTAL FOR MONTH: 1.61 1 = FOG OR MIST
DPTR FM NORMAL: 2.1 DPTR FM NORMAL: -0.35 2 = FOG REDUCING VISIBILITY
HIGHEST: 67 ON 24 GRTST 24HR 0.55 ON 29-29 TO 1/4 MILE OR LESS
LOWEST: 29 ON 3 3 = THUNDER
SNOW, ICE PELLETS, HAIL 4 = ICE PELLETS
TOTAL MONTH: 0.0 INCH 5 = HAIL
GRTST 24HR 0.0 6 = FREEZING RAIN OR DRIZZLE
GRTST DEPTH: 0 7 = DUSTSTORM OR SANDSTORM:
VSBY 1/2 MILE OR LESS
8 = SMOKE OR HAZE
[NO. OF DAYS WITH] [WEATHER - DAYS WITH] 9 = BLOWING SNOW
X = TORNADO
MAX 32 OR BELOW: 0 0.01 INCH OR MORE: 12
MAX 90 OR ABOVE: 0 0.10 INCH OR MORE: 4
MIN 32 OR BELOW: 2 0.50 INCH OR MORE: 1
MIN 0 OR BELOW: 0 1.00 INCH OR MORE: 0
[HDD (BASE 65) ]
TOTAL THIS MO. 539 CLEAR (SCALE 0-3) 6
DPTR FM NORMAL -48 PTCLDY (SCALE 4-7) 14
TOTAL FM JUL 1 2601 CLOUDY (SCALE 8-10) 9
DPTR FM NORMAL -520
[CDD (BASE 65) ]
TOTAL THIS MO. 0
DPTR FM NORMAL 0 [PRESSURE DATA]
TOTAL FM JAN 1 0 HIGHEST SLP 30.31 ON 23
DPTR FM NORMAL 0 LOWEST SLP 29.28 ON 5
[REMARKS]
#FINAL-02-24#