000
CXUS54 KBMX 011010
CF6MGM
PRELIMINARY LOCAL CLIMATOLOGICAL DATA (WS FORM: F-6)
STATION: MONTGOMERY
MONTH: SEPTEMBER
YEAR: 2020
LATITUDE: 32 17 N
LONGITUDE: 86 24 W
TEMPERATURE IN F: :PCPN: SNOW: WIND :SUNSHINE: SKY :PK WND
================================================================================
1 2 3 4 5 6A 6B 7 8 9 10 11 12 13 14 15 16 17 18
12Z AVG MX 2MIN
DY MAX MIN AVG DEP HDD CDD WTR SNW DPTH SPD SPD DIR MIN PSBL S-S WX SPD DR
================================================================================
1 92 75 84 4 0 19 0.04 0.0 0 3.2 16 190 M M 3 13 22 180
2 92 75 84 4 0 19 0.00 0.0 0 4.4 10 220 M M 3 1 14 240
3 93 73 83 3 0 18 0.00 0.0 0 3.4 12 300 M M 3 12 15 190
4 96 70 83 3 0 18 0.00 0.0 0 2.6 12 300 M M 1 12 14 310
5 92 72 82 3 0 17 0.00 0.0 0 6.5 13 360 M M 0 16 10
6 92 66 79 0 0 14 0.00 0.0 0 5.0 13 70 M M 0 18 30
7 91 68 80 1 0 15 0.00 0.0 0 4.4 10 90 M M 0 14 90
8 92 69 81 2 0 16 0.00 0.0 0 6.6 12 70 M M 2 18 80
9 92 69 81 3 0 16 0.00 0.0 0 6.4 13 360 M M 0 15 10
10 86 74 80 2 0 15 0.10 0.0 0 5.2 13 40 M M 7 138 17 40
11 95 75 85 7 0 20 0.16 0.0 0 5.3 21 50 M M 5 13 27 60
12 93 75 84 6 0 19 0.00 0.0 0 6.9 16 70 M M 4 1 19 100
13 92 75 84 7 0 19 T 0.0 0 9.4 16 90 M M 4 21 70
14 89 76 83 6 0 18 0.00 0.0 0 9.9 18 100 M M 4 26 80
15 85 75 80 3 0 15 0.09 0.0 0 16.2 26 70 M M 6 1 33 70
16 76 69 73 -3 0 8 4.46 0.0 0 21.0 32 50 M M 10 1 43 50
17 87 71 79 3 0 14 0.09 0.0 0 8.3 17 350 M M 8 1 23 20
18 86 69 78 2 0 13 0.00 0.0 0 5.6 13 40 M M 1 16 20
19 74 67 71 -4 0 6 0.02 0.0 0 8.1 16 70 M M 5 21 70
20 76 63 70 -5 0 5 0.00 0.0 0 11.6 22 70 M M 0 29 40
21 77 63 70 -5 0 5 0.00 0.0 0 12.4 21 80 M M 0 26 70
22 74 59 67 -7 0 2 0.00 0.0 0 7.0 15 60 M M 2 19 60
23 83 64 74 0 0 9 0.00 0.0 0 7.4 13 90 M M 4 16 100
24 84 67 76 2 0 11 0.02 0.0 0 9.6 18 140 M M 9 1 23 150
25 79 70 75 2 0 10 0.00 0.0 M 3.8 10 250 M M 10 12 250
26 86 71 79 6 0 14 0.00 0.0 M 1.7 9 210 M M 6 11 220
27 88 69 79 6 0 14 0.14 0.0 M 4.3 10 150 M M 6 1 M M
28 89 65 77 5 0 12 0.16 0.0 M 5.6 28 310 M M 7 13 34 300
29 72 53 63 -9 2 0 0.03 0.0 M 6.6 14 300 M M 5 17 300
30 79 49 64 -8 1 0 0.00 0.0 M 2.2 10 300 M M 0 14 260
================================================================================
SM 2582 2056 3 381 5.31 0.0 210.6 M 115
================================================================================
AV 86.1 68.5 7.0 FASTST M M 4 MAX(MPH)
MISC ----> 32 50 43 50
================================================================================
NOTES:
# LAST OF SEVERAL OCCURRENCES
COLUMN 17 PEAK WIND IN M.P.H.
PRELIMINARY LOCAL CLIMATOLOGICAL DATA (WS FORM: F-6) , PAGE 2
STATION: MONTGOMERY
MONTH: SEPTEMBER
YEAR: 2020
LATITUDE: 32 17 N
LONGITUDE: 86 24 W
[TEMPERATURE DATA] [PRECIPITATION DATA] SYMBOLS USED IN COLUMN 16
AVERAGE MONTHLY: 77.3 TOTAL FOR MONTH: 5.31 1 = FOG OR MIST
DPTR FM NORMAL: 1.0 DPTR FM NORMAL: 1.34 2 = FOG REDUCING VISIBILITY
HIGHEST: 96 ON 4 GRTST 24HR 4.51 ON 16-17 TO 1/4 MILE OR LESS
LOWEST: 49 ON 30 3 = THUNDER
SNOW, ICE PELLETS, HAIL 4 = ICE PELLETS
TOTAL MONTH: 0.0 INCH 5 = HAIL
GRTST 24HR 0.0 6 = FREEZING RAIN OR DRIZZLE
GRTST DEPTH: 0 7 = DUSTSTORM OR SANDSTORM:
VSBY 1/2 MILE OR LESS
8 = SMOKE OR HAZE
[NO. OF DAYS WITH] [WEATHER - DAYS WITH] 9 = BLOWING SNOW
X = TORNADO
MAX 32 OR BELOW: 0 0.01 INCH OR MORE: 11
MAX 90 OR ABOVE: 12 0.10 INCH OR MORE: 5
MIN 32 OR BELOW: 0 0.50 INCH OR MORE: 1
MIN 0 OR BELOW: 0 1.00 INCH OR MORE: 1
[HDD (BASE 65) ]
TOTAL THIS MO. 3 CLEAR (SCALE 0-3) 13
DPTR FM NORMAL -1 PTCLDY (SCALE 4-7) 14
TOTAL FM JUL 1 3 CLOUDY (SCALE 8-10) 3
DPTR FM NORMAL 1
[CDD (BASE 65) ]
TOTAL THIS MO. 381
DPTR FM NORMAL 40 [PRESSURE DATA]
TOTAL FM JAN 1 2476 HIGHEST SLP 30.30 ON 21
DPTR FM NORMAL 346 LOWEST SLP 29.61 ON 16
[REMARKS]
#FINAL-09-20#