000
CXUS54 KBMX 051522
CLMMGM
CLIMATE REPORT
NATIONAL WEATHER SERVICE BIRMINGHAM AL
922 AM CST SUN NOV 05 2023
...................................
...THE MONTGOMERY CLIMATE SUMMARY FOR THE MONTH OF OCTOBER 2023...
CLIMATE NORMAL PERIOD 1991 TO 2020
CLIMATE RECORD PERIOD 1872 TO 2023
WEATHER OBSERVED NORMAL DEPART LAST YEAR`S
VALUE DATE(S) VALUE FROM VALUE DATE(S)
NORMAL
................................................................
TEMPERATURE (F)
RECORD
HIGH 102 10/04/2019
10/03/2019
09/05/1925
LOW 26 10/30/1952
HIGHEST 89 10/06 MM MM 88 10/07
LOWEST 42 10/08 MM MM 29 10/20
AVG. MAXIMUM 80.1 80.2 -0.1 77.6
AVG. MINIMUM 54.0 54.5 -0.5 48.1
MEAN 67.1 62.9
DAYS MAX >= 90 0 2.0 -2.0 0
DAYS MAX <= 32 0 0.0 0.0 0
DAYS MIN <= 32 0 0.2 -0.2 2
DAYS MIN <= 0 0 0.0 0.0 0
PRECIPITATION (INCHES)
RECORD
MAXIMUM 10.29 1879
MINIMUM 0.00 1904
TOTALS 2.60 2.87 -0.27 1.70
DAILY AVG. 0.08 0.09 -0.01 0.05
DAYS >= .01 4 6.4 -2.4 5
DAYS >= .10 2 3.9 -1.9 3
DAYS >= .50 2 2.2 -0.2 1
DAYS >= 1.00 1 0.9 0.1 1
DEGREE DAYS
HEATING TOTAL 48 70 -22 93
SINCE 7/1 48 73 -25 MM
COOLING TOTAL 117 143 -26 36
SINCE 1/1 2709 2508 201 MM
................................................................
WIND (MPH)
AVERAGE WIND SPEED 5.9
HIGHEST WIND SPEED/DIRECTION 25/090 DATE 10/12
HIGHEST GUST SPEED/DIRECTION 38/100 DATE 10/12
AVERAGE RH (PERCENT) 67
WEATHER CONDITIONS. NUMBER OF DAYS WITH
THUNDERSTORM 0 MIXED PRECIP 0
HEAVY RAIN 2 RAIN 1
LIGHT RAIN 5 FREEZING RAIN 0
LT FREEZING RAIN 0 HAIL 0
HEAVY SNOW 0 SNOW 0
LIGHT SNOW 0 SLEET 0
FOG 8 FOG W/VIS <= 1/4 MILE 1
HAZE 2
- INDICATES NEGATIVE NUMBERS.
R INDICATES RECORD WAS SET OR TIED.
MM INDICATES DATA IS MISSING.
T INDICATES TRACE AMOUNT.
$$