000
CXUS51 KPBZ 141249
CF6MGW
PRELIMINARY LOCAL CLIMATOLOGICAL DATA (WS FORM: F-6)
STATION: MORGANTOWN WV
MONTH: JANUARY
YEAR: 2022
LATITUDE: 39 39 N
LONGITUDE: 79 55 W
TEMPERATURE IN F: :PCPN: SNOW: WIND :SUNSHINE: SKY :PK WND
================================================================================
1 2 3 4 5 6A 6B 7 8 9 10 11 12 13 14 15 16 17 18
12Z AVG MX 2MIN
DY MAX MIN AVG DEP HDD CDD WTR SNW DPTH SPD SPD DIR MIN PSBL S-S WX SPD DR
================================================================================
1 60 54 57 24 8 0 1.40 M M 4.6 15 260 M M 10 1 25 230
2 57 32 45 12 20 0 0.11 M M 6.9 14 360 M M 10 1 19 160
3 32 23 28 -5 37 0 0.00 M M 7.7 18 350 M M 8 24 350
4 45 20 33 0 32 0 0.00 M M 2.6 10 190 M M 0 14 200
5 52 40 46 13 19 0 0.00 M M 10.9 25 230 M M 1 40 220
6 40 23 32 0 33 0 0.35 M M 5.8 16 280 M M 5 1 25 280
7 23 13 18 -14 47 0 0.03 M M 7.4 14 270 M M 9 18 19 290
8 42 7 25 -7 40 0 0.00 M M 1.8 13 150 M M 1 17 150
9 48 30 39 7 26 0 0.13 M M 8.1 15 280 M M 10 1 24 260
10 30 21 26 -6 39 0 T M M 8.3 15 290 M M 6 8 23 290
11 30 14 22 -10 43 0 T M M 5.3 14 200 M M 3 22 210
12 48 28 38 6 27 0 0.00 M M 7.1 18 220 M M 1 26 220
13 46 31 39 7 26 0 0.08 M M 2.1 12 240 M M 8 1 19 240
14 37 30 34 2 31 0 T M M 6.5 14 350 M M 10 128 20 350
15 30 18 24 -8 41 0 0.00 M M 7.0 14 10 M M 5 18 10
16 31 20 26 -6 39 0 0.14 M M 6.9 16 120 M M 5 126 22 150
17 29 24 27 -5 38 0 0.17 M M 8.9 16 270 M M 10 12 25 270
18 29 22 26 -6 39 0 T M M 5.7 13 200 M M 9 18 22 200
19 47 26 37 5 28 0 0.13 M M 8.1 16 210 M M 8 1 24 210
20 40 17 29 -3 36 0 0.09 M M 8.1 16 360 M M 10 18 20 350
21 21 8 15 -17 50 0 0.00 M M 5.3 13 30 M M 2 19 30
22 27 2 15 -17 50 0 0.00 M M 5.2 14 200 M M 2 20 200
23 32 23 28 -4 37 0 T M M 7.8 16 210 M M 8 18 25 200
24 34 20 27 -5 38 0 T M M 5.7 15 210 M M 10 18 22 220
25 34 19 27 -5 38 0 T M M 3.6 10 330 M M 9 1 16 330
26 23 8 16 -16 49 0 0.00 M M 2.0 12 230 M M 6 16 230
27 36 2 19 -13 46 0 0.00 M M 4.2 13 220 M M 4 1 18 220
28 31 19 25 -7 40 0 T M M 5.2 17 350 M M 10 18 21 350
29 21 4 13 -19 52 0 T M M 5.1 12 290 M M 5 8 16 280
30 32 3 18 -14 47 0 0.00 M M 2.2 8 160 M M 8 11 160
31 39 13 26 -6 39 0 0.00 M M 2.1 8 110 M M 2 18 11 110
================================================================================
SM 1126 614 1135 0 2.63 M 178.2 M 195
================================================================================
AV 36.3 19.8 5.7 FASTST M M 6 MAX(MPH)
MISC ----> 25 230 40 220
================================================================================
NOTES:
# LAST OF SEVERAL OCCURRENCES
COLUMN 17 PEAK WIND IN M.P.H.
PRELIMINARY LOCAL CLIMATOLOGICAL DATA (WS FORM: F-6) , PAGE 2
STATION: MORGANTOWN WV
MONTH: JANUARY
YEAR: 2022
LATITUDE: 39 39 N
LONGITUDE: 79 55 W
[TEMPERATURE DATA] [PRECIPITATION DATA] SYMBOLS USED IN COLUMN 16
AVERAGE MONTHLY: 28.1 TOTAL FOR MONTH: 2.63 1 = FOG OR MIST
DPTR FM NORMAL: -3.9 DPTR FM NORMAL: -0.49 2 = FOG REDUCING VISIBILITY
HIGHEST: 60 ON 1 GRTST 24HR 1.40 ON 1- 1 TO 1/4 MILE OR LESS
LOWEST: 2 ON 27,22 3 = THUNDER
SNOW, ICE PELLETS, HAIL 4 = ICE PELLETS
TOTAL MONTH: M 5 = HAIL
GRTST 24HR M ON M 6 = FREEZING RAIN OR DRIZZLE
GRTST DEPTH: M ON M 7 = DUSTSTORM OR SANDSTORM:
VSBY 1/2 MILE OR LESS
8 = SMOKE OR HAZE
[NO. OF DAYS WITH] [WEATHER - DAYS WITH] 9 = BLOWING SNOW
X = TORNADO
MAX 32 OR BELOW: 15 0.01 INCH OR MORE: 10
MAX 90 OR ABOVE: 0 0.10 INCH OR MORE: 7
MIN 32 OR BELOW: 29 0.50 INCH OR MORE: 1
MIN 0 OR BELOW: 0 1.00 INCH OR MORE: 1
[HDD (BASE 65) ]
TOTAL THIS MO. 1135 CLEAR (SCALE 0-3) 8
DPTR FM NORMAL 114 PTCLDY (SCALE 4-7) 9
TOTAL FM JUL 1 2601 CLOUDY (SCALE 8-10) 14
DPTR FM NORMAL -293
[CDD (BASE 65) ]
TOTAL THIS MO. 0
DPTR FM NORMAL 0 [PRESSURE DATA]
TOTAL FM JAN 1 0 HIGHEST SLP 30.62 ON 8
DPTR FM NORMAL 0 LOWEST SLP 29.18 ON 17
[REMARKS]
#FINAL-01-22#