000
CXUS53 KFSD 012010
CF6MHE
PRELIMINARY LOCAL CLIMATOLOGICAL DATA (WS FORM: F-6)
STATION: MITCHELL SD
MONTH: JANUARY
YEAR: 2022
LATITUDE: 43 46 N
LONGITUDE: 98 2 W
TEMPERATURE IN F: :PCPN: SNOW: WIND :SUNSHINE: SKY :PK WND
================================================================================
1 2 3 4 5 6A 6B 7 8 9 10 11 12 13 14 15 16 17 18
12Z AVG MX 2MIN
DY MAX MIN AVG DEP HDD CDD WTR SNW DPTH SPD SPD DIR MIN PSBL S-S WX SPD DR
================================================================================
1 -2 -12 -7 -27 72 0 0.00 0.0 1 9.5 20 340 M M 3 25 360
2 23 -12 6 -14 59 0 0.00 0.0 1 7.1 13 200 M M 0 16 170
3 40 8 24 5 41 0 0.00 0.0 1 4.0 10 200 M M 0 1 13 200
4 30 5 18 -1 47 0 T T 1 20.6 44 320 M M 4 9 59 310
5 8 -3 3 -16 62 0 0.00 0.0 1 23.6 36 310 M M 5 9 49 310
6 -1 -12 -6 -25 71 0 0.00 0.0 1 11.0 22 330 M M 1 28 330
7 23 -4 10 -9 55 0 0.00 0.0 1 20.8 38 170 M M 4 52 170
8 37 6 22 3 43 0 0.00 0.0 1 15.6 29 340 M M 0 39 200
9 28 0 14 -5 51 0 0.00 0.0 1 8.0 18 310 M M 1 24 310
10 24 1 13 -6 52 0 0.00 0.0 1 8.7 24 160 M M 1 32 160
11 53 17 35 16 30 0 0.00 0.0 1 12.3 26 290 M M 0 37 280
12 50 32 41 22 24 0 0.00 0.0 0 10.2 18 290 M M 2 26 260
13 40 28 34 15 31 0 T T 0 10.4 17 300 M M 3 1 24 300
14 30 4 17 -2 48 0 0.10 0.9 0 16.0 28 10 M M 9 16 37 10
15 20 -4 8 -11 57 0 0.00 0.0 1 10.5 21 170 M M 0 27 170
16 43 20 32 13 33 0 0.00 0.0 0 11.3 28 330 M M 4 35 320
17 49 23 36 17 29 0 0.00 0.0 0 6.7 14 170 M M 2 17 160
18 53 10 32 13 33 0 0.00 0.0 0 18.1 37 330 M M 1 48 330
19 10 -4 3 -16 62 0 0.00 0.0 0 17.3 33 330 M M 0 44 340
20 16 -9 4 -15 61 0 0.00 0.0 0 7.9 18 160 M M 0 25 170
21 37 7 22 3 43 0 0.06 0.4 0 15.9 26 190 M M 4 1 37 200
22 45 6 26 7 39 0 T 0.0 T 12.4 29 340 M M 6 39 300
23 40 4 22 3 43 0 0.00 0.0 0 8.5 24 350 M M 8 32 360
24 39 -2 19 0 46 0 0.00 0.0 0 13.4 28 350 M M 4 35 360
25 14 -4 5 -14 60 0 0.00 0.0 0 7.8 17 320 M M 1 22 310
26 43 0 22 3 43 0 0.00 0.0 0 12.0 24 220 M M 3 35 220
27 36 3 20 1 45 0 T T 0 13.0 30 320 M M 8 38 320
28 41 6 24 5 41 0 0.00 0.0 0 6.6 12 170 M M 3 15 190
29 51 14 33 14 32 0 0.00 0.0 0 10.3 24 330 M M 0 30 340
30 37 12 25 6 40 0 0.00 0.0 0 8.3 16 160 M M 0 22 150
31 55 17 36 17 29 0 0.00 0.0 0 9.9 28 320 M M 0 37 290
================================================================================
SM 1012 157 1422 0 0.16 1.3 367.7 M 77
================================================================================
AV 32.6 5.1 11.9 FASTST M M 2 MAX(MPH)
MISC ----> 44 320 59 310
================================================================================
NOTES:
# LAST OF SEVERAL OCCURRENCES
-COLUMN 17 PEAK WIND IN M.P.H.
-PRECIPITATION AMOUNTS IN COLUMNS 7,8 AND 9 ARE THE OFFICIAL
PRECIPITATION AMOUNTS FOR MITCHELL, SD.
-SNOW DEPTH IN COLUMN 9 IS RECORDED AT 6 AM CST (12Z).
PRELIMINARY LOCAL CLIMATOLOGICAL DATA (WS FORM: F-6) , PAGE 2
STATION: MITCHELL SD
MONTH: JANUARY
YEAR: 2022
LATITUDE: 43 46 N
LONGITUDE: 98 2 W
[TEMPERATURE DATA] [PRECIPITATION DATA] SYMBOLS USED IN COLUMN 16
AVERAGE MONTHLY: 18.9 TOTAL FOR MONTH: 0.16 1 = FOG OR MIST
DPTR FM NORMAL: -0.1 DPTR FM NORMAL: -0.24 2 = FOG REDUCING VISIBILITY
HIGHEST: 55 ON 31 GRTST 24HR 0.10 ON 13-14 TO 1/4 MILE OR LESS
LOWEST: -12 ON 6, 2 3 = THUNDER
SNOW, ICE PELLETS, HAIL 4 = ICE PELLETS
TOTAL MONTH: 2.8 INCHES 5 = HAIL
GRTST 24HR 0.9 ON 13-14 6 = FREEZING RAIN OR DRIZZLE
GRTST DEPTH: 1 ON 15,11 7 = DUSTSTORM OR SANDSTORM:
VSBY 1/2 MILE OR LESS
8 = SMOKE OR HAZE
[NO. OF DAYS WITH] [WEATHER - DAYS WITH] 9 = BLOWING SNOW
X = TORNADO
MAX 32 OR BELOW: 13 0.01 INCH OR MORE: 2
MAX 90 OR ABOVE: 0 0.10 INCH OR MORE: 1
MIN 32 OR BELOW: 31 0.50 INCH OR MORE: 0
MIN 0 OR BELOW: 12 1.00 INCH OR MORE: 0
[HDD (BASE 65) ]
TOTAL THIS MO. 1422 CLEAR (SCALE 0-3) 20
DPTR FM NORMAL -5 PTCLDY (SCALE 4-7) 9
TOTAL FM JUL 1 3770 CLOUDY (SCALE 8-10) 2
DPTR FM NORMAL -479
[CDD (BASE 65) ]
TOTAL THIS MO. 0
DPTR FM NORMAL 0 [PRESSURE DATA]
TOTAL FM JAN 1 0 HIGHEST SLP 30.81 ON 20
DPTR FM NORMAL 0 LOWEST SLP 29.44 ON 31
[REMARKS]
#FINAL-01-22#