000
CXUS56 KMFR 010930
CF6MHS
PRELIMINARY LOCAL CLIMATOLOGICAL DATA (WS FORM: F-6)
STATION: MT SHASTA CITY CA
MONTH: JUNE
YEAR: 2022
LATITUDE: 41 19 N
LONGITUDE: 122 19 W
TEMPERATURE IN F: :PCPN: SNOW: WIND :SUNSHINE: SKY :PK WND
================================================================================
1 2 3 4 5 6A 6B 7 8 9 10 11 12 13 14 15 16 17 18
12Z AVG MX 2MIN
DY MAX MIN AVG DEP HDD CDD WTR SNW DPTH SPD SPD DIR MIN PSBL S-S WX SPD DR
================================================================================
1 84 42 63 5 2 0 0.00 M M 0.3 6 80 M M 0 12 120
2 82 51 67 9 0 2 0.00 M M 0.5 7 120 M M 1 16 130
3 71 44 58 -1 7 0 0.05 M M 0.5 7 120 M M 5 1 18 140
4 57 48 53 -6 12 0 0.05 M M 2.4 10 80 M M 10 18 21 70
5 67 47 57 -2 8 0 0.13 M M 2.8 9 90 M M 6 1 22 80
6 74 43 59 0 6 0 0.00 M M 1.8 8 280 M M 2 8 19 10
7 81 41 61 2 4 0 0.00 M M 1.1 7 70 M M 2 14 130
8 78 54 66 6 0 1 T M M 1.5 5 99 M M 5 M M
9 86 50 68 8 0 3 0.00 M M 1.7 8 290 M M 0 19 10
10 88 55 72 12 0 7 0.00 M M 1.0 6 270 M M 1 17 330
11 84 59 72 12 0 7 0.00 M M 0.7 6 310 M M 6 13 300
12 68 43 56 -4 9 0 0.11 M M 3.6 10 10 M M 8 1 28 350
13 63 42 53 -8 12 0 0.00 M M 4.5 13 300 M M 2 28 300
14 71 39 55 -6 10 0 0.00 M M 3.7 13 290 M M 0 24 300
15 85 36 61 0 4 0 0.00 M M 1.5 8 130 M M 1 19 140
16 73 50 62 0 3 0 0.00 M M 1.2 9 330 M M 0 20 330
17 67 44 56 -6 9 0 0.09 M M 1.4 9 300 M M 6 1 22 290
18 65 42 54 -8 11 0 T M M 2.8 9 300 M M 6 1 21 310
19 72 42 57 -5 8 0 0.00 M M 4.4 12 290 M M 1 27 300
20 75 43 59 -4 6 0 0.00 M M 2.2 10 290 M M 0 21 280
21 86 48 67 4 0 2 0.00 M M 1.8 8 300 M M 0 17 300
22 93 51 72 9 0 7 0.00 M M 0.8 8 290 M M 0 15 290
23 89 51 70 6 0 5 0.00 M M 0.6 7 70 M M 0 14 360
24 91 50 71 7 0 6 0.00 M M 0.6 7 300 M M 0 12 300
25 95 48 72 8 0 7 0.00 M M 0.9 5 60 M M 0 9 220
26 95 50 73 9 0 8 0.00 M M 0.0 5 110 M M 0 11 130
27 92 51 72 7 0 7 0.00 M M 0.8 6 120 M M 0 18 150
28 89 47 68 3 0 3 0.00 M M 1.5 8 70 M M 0 19 350
29 88 53 71 6 0 6 0.00 M M 1.4 7 300 M M 0 8 16 290
30 88 47 68 2 0 3 0.00 M M 0.5 7 90 M M 0 15 120
================================================================================
SM 2397 1411 111 74 0.43 M 48.5 M 62
================================================================================
AV 79.9 47.0 1.6 FASTST M M 2 MAX(MPH)
MISC ----> # 13 300 # 28 350
================================================================================
NOTES:
# LAST OF SEVERAL OCCURRENCES
COLUMN 17 PEAK WIND IN M.P.H.
PRELIMINARY LOCAL CLIMATOLOGICAL DATA (WS FORM: F-6) , PAGE 2
STATION: MT SHASTA CITY CA
MONTH: JUNE
YEAR: 2022
LATITUDE: 41 19 N
LONGITUDE: 122 19 W
[TEMPERATURE DATA] [PRECIPITATION DATA] SYMBOLS USED IN COLUMN 16
AVERAGE MONTHLY: 63.5 TOTAL FOR MONTH: 0.43 1 = FOG OR MIST
DPTR FM NORMAL: 1.9 DPTR FM NORMAL: -0.69 2 = FOG REDUCING VISIBILITY
HIGHEST: 95 ON 26,25 GRTST 24HR 0.17 ON 4- 5 TO 1/4 MILE OR LESS
LOWEST: 36 ON 15 3 = THUNDER
SNOW, ICE PELLETS, HAIL 4 = ICE PELLETS
TOTAL MONTH: M 5 = HAIL
GRTST 24HR M ON M 6 = FREEZING RAIN OR DRIZZLE
GRTST DEPTH: M ON M 7 = DUSTSTORM OR SANDSTORM:
VSBY 1/2 MILE OR LESS
8 = SMOKE OR HAZE
[NO. OF DAYS WITH] [WEATHER - DAYS WITH] 9 = BLOWING SNOW
X = TORNADO
MAX 32 OR BELOW: 0 0.01 INCH OR MORE: 5
MAX 90 OR ABOVE: 5 0.10 INCH OR MORE: 2
MIN 32 OR BELOW: 0 0.50 INCH OR MORE: 0
MIN 0 OR BELOW: 0 1.00 INCH OR MORE: 0
[HDD (BASE 65) ]
TOTAL THIS MO. 111 CLEAR (SCALE 0-3) 22
DPTR FM NORMAL -29 PTCLDY (SCALE 4-7) 7
TOTAL FM JUL 1 4987 CLOUDY (SCALE 8-10) 1
DPTR FM NORMAL -640
[CDD (BASE 65) ]
TOTAL THIS MO. 74
DPTR FM NORMAL 36 [PRESSURE DATA]
TOTAL FM JAN 1 78 HIGHEST SLP M ON M
DPTR FM NORMAL 32 LOWEST SLP 29.70 ON 12
[REMARKS]
#FINAL-06-22#