000
CXUS52 KMFL 011030
CF6MIA
PRELIMINARY LOCAL CLIMATOLOGICAL DATA (WS FORM: F-6)
STATION: MIAMI
MONTH: JUNE
YEAR: 2023
LATITUDE: 25 49 N
LONGITUDE: 80 17 W
TEMPERATURE IN F: :PCPN: SNOW: WIND :SUNSHINE: SKY :PK WND
================================================================================
1 2 3 4 5 6A 6B 7 8 9 10 11 12 13 14 15 16 17 18
12Z AVG MX 2MIN
DY MAX MIN AVG DEP HDD CDD WTR SNW DPTH SPD SPD DIR MIN PSBL S-S WX SPD DR
================================================================================
1 90 71 81 -1 0 16 0.04 0.0 0 3.6 22 300 M M 8 3 31 310
2 88 73 81 -1 0 16 0.02 0.0 0 3.2 16 250 M M 8 3 24 280
3 88 73 81 -1 0 16 0.18 0.0 0 3.5 16 150 M M 6 3 21 140
4 90 73 82 0 0 17 0.33 0.0 0 6.1 17 290 M M 7 138 27 290
5 92 73 83 1 0 18 0.09 0.0 0 6.2 20 80 M M 6 1 24 100
6 85 71 78 -4 0 13 0.01 0.0 0 6.5 24 120 M M 8 3 31 120
7 89 75 82 0 0 17 0.21 0.0 0 3.8 16 190 M M 6 138 20 180
8 91 76 84 2 0 19 0.70 0.0 0 6.8 18 310 M M 8 13 27 310
9 92 76 84 2 0 19 0.00 0.0 0 5.4 16 270 M M 7 3 22 280
10 91 77 84 2 0 19 0.00 0.0 0 5.4 16 170 M M 3 3 24 170
11 90 78 84 1 0 19 0.20 0.0 0 4.3 14 120 M M 5 3 22 180
12 89 77 83 0 0 18 0.39 0.0 0 6.3 22 160 M M 7 138 29 160
13 92 78 85 2 0 20 0.00 0.0 0 6.6 21 130 M M 7 3 26 170
14 93 77 85 2 0 20 0.00 0.0 0 7.3 17 130 M M 5 3 26 110
15 93 81 87 4 0 22 0.00 0.0 0 7.6 16 130 M M 4 27 160
16 95 81 88 5 0 23 0.02 0.0 0 7.8 22 240 M M 7 3 30 250
17 94 78 86 3 0 21 0.42 0.0 0 8.5 24 90 M M 7 38 29 160
18 91 77 84 1 0 19 0.07 0.0 0 7.8 20 220 M M 8 3 26 220
19 94 71 83 0 0 18 3.04 0.0 0 6.3 39 170 M M 7 123 59 170
20 91 73 82 -1 0 17 0.11 0.0 0 7.1 20 140 M M 6 13 30 350
21 91 73 82 -1 0 17 0.00 0.0 0 6.9 18 130 M M 7 3 23 130
22 88 78 83 0 0 18 0.07 0.0 0 6.2 16 110 M M 8 3 22 120
23 92 80 86 3 0 21 0.00 0.0 0 6.2 16 130 M M 8 3 22 130
24 92 75 84 1 0 19 0.42 0.0 0 5.0 17 100 M M 8 138 22 100
25 90 76 83 0 0 18 1.15 0.0 0 2.7 17 250 M M 8 13 24 250
26 91 76 84 0 0 19 0.11 0.0 0 2.7 14 130 M M 5 138 18 150
27 95 78 87 3 0 22 0.00 0.0 0 4.7 15 150 M M 4 3 20 150
28 95 76 86 2 0 21 0.00 0.0 0 5.3 15 120 M M 6 3 24 130
29 95 80 88 4 0 23 0.26 0.0 0 4.8 18 170 M M 7 3 26 170
30 92 79 86 2 0 21 0.03 0.0 0 3.8 16 80 M M 6 3 21 90
================================================================================
SM 2739 2280 0 566 7.87 0.0 168.4 M 197
================================================================================
AV 91.3 76.0 5.6 FASTST M M 7 MAX(MPH)
MISC ----> 39 170 59 170
================================================================================
NOTES:
# LAST OF SEVERAL OCCURRENCES
COLUMN 17 PEAK WIND IN M.P.H.
PRELIMINARY LOCAL CLIMATOLOGICAL DATA (WS FORM: F-6) , PAGE 2
STATION: MIAMI
MONTH: JUNE
YEAR: 2023
LATITUDE: 25 49 N
LONGITUDE: 80 17 W
[TEMPERATURE DATA] [PRECIPITATION DATA] SYMBOLS USED IN COLUMN 16
AVERAGE MONTHLY: 83.7 TOTAL FOR MONTH: 7.87 1 = FOG OR MIST
DPTR FM NORMAL: 0.8 DPTR FM NORMAL: -2.64 2 = FOG REDUCING VISIBILITY
HIGHEST: 95 ON 29,28 GRTST 24HR 3.04 ON 19-19 TO 1/4 MILE OR LESS
LOWEST: 71 ON 19, 6 3 = THUNDER
SNOW, ICE PELLETS, HAIL 4 = ICE PELLETS
TOTAL MONTH: 0.0 INCH 5 = HAIL
GRTST 24HR 0.0 6 = FREEZING RAIN OR DRIZZLE
GRTST DEPTH: 0 7 = DUSTSTORM OR SANDSTORM:
VSBY 1/2 MILE OR LESS
8 = SMOKE OR HAZE
[NO. OF DAYS WITH] [WEATHER - DAYS WITH] 9 = BLOWING SNOW
X = TORNADO
MAX 32 OR BELOW: 0 0.01 INCH OR MORE: 21
MAX 90 OR ABOVE: 24 0.10 INCH OR MORE: 13
MIN 32 OR BELOW: 0 0.50 INCH OR MORE: 3
MIN 0 OR BELOW: 0 1.00 INCH OR MORE: 2
[HDD (BASE 65) ]
TOTAL THIS MO. 0 CLEAR (SCALE 0-3) 0
DPTR FM NORMAL 0 PTCLDY (SCALE 4-7) 27
TOTAL FM JUL 1 67 CLOUDY (SCALE 8-10) 3
DPTR FM NORMAL -36
[CDD (BASE 65) ]
TOTAL THIS MO. 566
DPTR FM NORMAL 32 [PRESSURE DATA]
TOTAL FM JAN 1 2441 HIGHEST SLP 30.07 ON 24
DPTR FM NORMAL 491 LOWEST SLP 29.64 ON 4
[REMARKS]
#FINAL-06-23#