000
CXUS52 KMFL 011030
CF6MIA
PRELIMINARY LOCAL CLIMATOLOGICAL DATA (WS FORM: F-6)
STATION: MIAMI
MONTH: APRIL
YEAR: 2021
LATITUDE: 25 49 N
LONGITUDE: 80 17 W
TEMPERATURE IN F: :PCPN: SNOW: WIND :SUNSHINE: SKY :PK WND
================================================================================
1 2 3 4 5 6A 6B 7 8 9 10 11 12 13 14 15 16 17 18
12Z AVG MX 2MIN
DY MAX MIN AVG DEP HDD CDD WTR SNW DPTH SPD SPD DIR MIN PSBL S-S WX SPD DR
================================================================================
1 89 70 80 6 0 15 0.06 0.0 0 6.4 21 20 M M 8 27 20
2 78 61 70 -4 0 5 T 0.0 0 12.6 22 20 M M 7 33 80
3 75 63 69 -5 0 4 0.00 0.0 0 12.1 21 70 M M 8 28 70
4 77 67 72 -2 0 7 0.00 0.0 0 9.5 20 90 M M 6 25 90
5 78 65 72 -2 0 7 0.00 M M 8.4 18 80 M M 3 27 70
6 80 61 71 -4 0 6 0.00 M M 6.8 17 100 M M 5 22 100
7 81 62 72 -3 0 7 0.00 M M 7.3 18 90 M M 5 26 80
8 81 63 72 -3 0 7 0.00 0.0 0 8.2 16 130 M M 3 22 120
9 81 68 75 0 0 10 0.00 0.0 0 9.6 20 110 M M 3 27 120
10 85 71 78 3 0 13 0.00 0.0 0 11.1 20 130 M M 5 29 140
11 91 66 79 4 0 14 0.82 0.0 0 10.1 23 360 M M 8 13 37 360
12 87 67 77 2 0 12 0.59 0.0 M 5.7 15 330 M M 8 13 20 310
13 88 68 78 3 0 13 0.00 0.0 M 4.9 17 90 M M 1 22 70
14 83 71 77 1 0 12 0.00 0.0 0 9.6 18 90 M M 1 24 100
15 84 70 77 1 0 12 0.00 M M 7.6 16 140 M M 4 26 150
16 88 69 79 3 0 14 0.00 0.0 M 6.5 16 130 M M 3 24 180
17 90 71 81 5 0 16 0.00 0.0 M 8.3 18 250 M M 2 25 270
18 89 73 81 5 0 16 0.00 0.0 M 6.4 17 140 M M 6 3 26 160
19 92 74 83 7 0 18 0.04 0.0 M 10.5 23 240 M M 7 13 30 250
20 85 70 78 2 0 13 1.17 0.0 0 8.1 22 200 M M 9 13 27 220
21 88 76 82 6 0 17 0.13 0.0 0 5.0 15 230 M M 9 13 19 240
22 85 73 79 2 0 14 0.00 0.0 0 7.9 15 90 M M 8 19 40
23 84 74 79 2 0 14 0.00 0.0 0 12.1 21 90 M M 5 26 90
24 86 76 81 4 0 16 0.00 0.0 0 13.1 22 140 M M 7 32 160
25 93 76 85 8 0 20 T 0.0 0 8.3 18 250 M M 4 25 270
26 86 75 81 4 0 16 0.00 0.0 0 9.2 18 70 M M 3 24 90
27 84 73 79 2 0 14 T 0.0 0 12.8 22 90 M M 5 30 50
28 84 73 79 2 0 14 0.00 M M 10.2 18 90 M M 4 22 90
29 87 77 82 4 0 17 0.00 M M 10.7 20 130 M M 5 27 120
30 88 76 82 4 0 17 T M M 6.9 17 130 M M 6 24 140
================================================================================
SM 2547 2099 0 380 2.81 0.0 265.9 M 158
================================================================================
AV 84.9 70.0 8.9 FASTST M M 5 MAX(MPH)
MISC ----> # 23 360 37 360
================================================================================
NOTES:
# LAST OF SEVERAL OCCURRENCES
COLUMN 17 PEAK WIND IN M.P.H.
PRELIMINARY LOCAL CLIMATOLOGICAL DATA (WS FORM: F-6) , PAGE 2
STATION: MIAMI
MONTH: APRIL
YEAR: 2021
LATITUDE: 25 49 N
LONGITUDE: 80 17 W
[TEMPERATURE DATA] [PRECIPITATION DATA] SYMBOLS USED IN COLUMN 16
AVERAGE MONTHLY: 77.4 TOTAL FOR MONTH: 2.81 1 = FOG OR MIST
DPTR FM NORMAL: 1.6 DPTR FM NORMAL: -0.33 2 = FOG REDUCING VISIBILITY
HIGHEST: 93 ON 25 GRTST 24HR 1.36 ON 11-12 TO 1/4 MILE OR LESS
LOWEST: 61 ON 6, 2 3 = THUNDER
SNOW, ICE PELLETS, HAIL 4 = ICE PELLETS
TOTAL MONTH: 0.0 INCH 5 = HAIL
GRTST 24HR 0.0 6 = FREEZING RAIN OR DRIZZLE
GRTST DEPTH: 0 7 = DUSTSTORM OR SANDSTORM:
VSBY 1/2 MILE OR LESS
8 = SMOKE OR HAZE
[NO. OF DAYS WITH] [WEATHER - DAYS WITH] 9 = BLOWING SNOW
X = TORNADO
MAX 32 OR BELOW: 0 0.01 INCH OR MORE: 6
MAX 90 OR ABOVE: 4 0.10 INCH OR MORE: 4
MIN 32 OR BELOW: 0 0.50 INCH OR MORE: 3
MIN 0 OR BELOW: 0 1.00 INCH OR MORE: 1
[HDD (BASE 65) ]
TOTAL THIS MO. 0 CLEAR (SCALE 0-3) 6
DPTR FM NORMAL -1 PTCLDY (SCALE 4-7) 20
TOTAL FM JUL 1 64 CLOUDY (SCALE 8-10) 4
DPTR FM NORMAL -63
[CDD (BASE 65) ]
TOTAL THIS MO. 380
DPTR FM NORMAL 56 [PRESSURE DATA]
TOTAL FM JAN 1 1106 HIGHEST SLP 30.29 ON 3
DPTR FM NORMAL 213 LOWEST SLP 29.75 ON 11
[REMARKS]
#FINAL-04-21#