000
CXUS53 KIND 011604
CLMMIE
CLIMATE REPORT
NATIONAL WEATHER SERVICE INDIANAPOLIS IN
1104 AM EST THU FEB 01 2024
...................................
...THE MUNCIE IN CLIMATE SUMMARY FOR THE MONTH OF JANUARY 2024...
CLIMATE NORMAL PERIOD 1991 TO 2020
CLIMATE RECORD PERIOD 9999 TO 9999
WEATHER OBSERVED NORMAL DEPART LAST YEAR`S
VALUE DATE(S) VALUE FROM VALUE DATE(S)
NORMAL
................................................................
TEMPERATURE (F)
HIGHEST 56 01/12 64 01/03
LOWEST -5R 01/15 13 01/31
AVG. MAXIMUM 34.9 36.0 -1.1 43.0
AVG. MINIMUM 24.1 21.3 2.8 31.2
MEAN 29.5 28.6 0.9 37.1
DAYS MAX >= 90 0 0.0 0.0 0
DAYS MAX <= 32 8 13.8 -5.8 2
DAYS MIN <= 32 17 26.5 -9.5 18
DAYS MIN <= 0 3 3.1 -0.1 0
PRECIPITATION (INCHES)
TOTALS 3.43 2.52 0.91 2.59
DAILY AVG. 0.11 0.08 0.03 0.08
DAYS >= .01 12 9.8 2.2 12
DAYS >= .10 8 5.4 2.6 5
DAYS >= .50 2 1.4 0.6 2
DAYS >= 1.00 1 0.3 0.7 0
GREATEST
24 HR. TOTAL 1.07 01/09 TO 01/09
DEGREE DAYS
HEATING TOTAL 1033 1127 -94 856
SINCE 7/1 2633 3110 -477 MM
COOLING TOTAL 0 0 0 0
SINCE 1/1 0 0 0 MM
................................................................
WIND (MPH)
AVERAGE WIND SPEED 9.7
HIGHEST WIND SPEED/DIRECTION 31/240 DATE 01/13
HIGHEST GUST SPEED/DIRECTION 47/230 DATE 01/13
SKY COVER
AVERAGE SKY COVER 0.74
AVERAGE RH (PERCENT) 75
WEATHER CONDITIONS. NUMBER OF DAYS WITH
THUNDERSTORM 0 MIXED PRECIP 0
HEAVY RAIN 0 RAIN 4
LIGHT RAIN 10 FREEZING RAIN 0
LT FREEZING RAIN 1 HAIL 0
HEAVY SNOW 0 SNOW 1
LIGHT SNOW 15 SLEET 0
FOG 18 FOG W/VIS <= 1/4 MILE 2
HAZE 10
- INDICATES NEGATIVE NUMBERS.
R INDICATES RECORD WAS SET OR TIED.
MM INDICATES DATA IS MISSING.
T INDICATES TRACE AMOUNT.
$$