000
CXUS53 KDMX 010910
CF6MIW
PRELIMINARY LOCAL CLIMATOLOGICAL DATA (WS FORM: F-6)
STATION: MARSHALLTOWN IA
MONTH: NOVEMBER
YEAR: 2022
LATITUDE: 42 6 N
LONGITUDE: 92 55 W
TEMPERATURE IN F: :PCPN: SNOW: WIND :SUNSHINE: SKY :PK WND
================================================================================
1 2 3 4 5 6A 6B 7 8 9 10 11 12 13 14 15 16 17 18
12Z AVG MX 2MIN
DY MAX MIN AVG DEP HDD CDD WTR SNW DPTH SPD SPD DIR MIN PSBL S-S WX SPD DR
================================================================================
1 76 36 56 13 9 0 0.00 0.0 0 9.1 18 170 M M 0 25 200
2 76 43 60 18 5 0 0.00 0.0 0 12.2 25 190 M M 0 38 170
3 73 54 64 22 1 0 0.00 0.0 0 14.0 28 200 M M 4 36 200
4 69 40 55 14 10 0 1.48 0.0 0 12.1 23 300 M M 10 1 32 300
5 49 40 45 4 20 0 0.77 0.0 0 14.5 30 310 M M 6 1 40 310
6 58 33 46 6 19 0 0.00 0.0 0 13.2 28 310 M M 1 36 310
7 48 25 37 -3 28 0 0.00 0.0 0 8.0 14 80 M M 0 17 60
8 59 34 47 7 18 0 0.00 0.0 0 16.0 26 130 M M 4 33 130
9 71 56 64 25 1 0 0.00 0.0 0 14.0 28 200 M M 8 35 210
10 70 29 50 11 15 0 0.08 0.0 0 17.6 26 300 M M 7 1 36 180
11 30 20 25 -13 40 0 0.00 0.0 0 19.9 26 300 M M 7 35 310
12 31 24 28 -10 37 0 T M M 14.9 22 320 M M 10 27 320
13 32 21 27 -10 38 0 0.00 0.0 M 5.6 14 330 M M 6 17 330
14 39 23 31 -6 34 0 0.00 0.0 M 11.0 20 160 M M 9 27 160
15 33 28 31 -5 34 0 M M M 8.1 18 300 M M 10 18 24 290
16 28 21 25 -11 40 0 M M M 14.0 23 290 M M 10 18 27 290
17 33 20 27 -9 38 0 T M M 17.7 29 300 M M 9 18 36 300
18 22 13 18 -17 47 0 T M M 16.1 24 300 M M 8 18 31 290
19 27 9 18 -17 47 0 T M M 16.9 32 300 M M 3 44 280
20 42 9 26 -8 39 0 0.00 0.0 M 12.5 24 220 M M 0 33 220
21 41 20 31 -3 34 0 0.00 0.0 M 8.5 16 280 M M 0 21 280
22 53 18 36 3 29 0 0.00 0.0 M 4.4 13 200 M M 0 18 16 190
23 56 23 40 7 25 0 0.00 0.0 M 6.8 16 170 M M 0 22 170
24 55 26 41 9 24 0 0.00 0.0 M 8.6 18 300 M M 6 1 23 290
25 51 22 37 5 28 0 0.00 0.0 M 8.1 14 210 M M 0 1 20 210
26 54 32 43 11 22 0 T 0.0 M 10.2 24 210 M M 1 1 32 210
27 46 22 34 3 31 0 T 0.0 M 13.0 24 330 M M 3 1 31 10
28 50 15 33 2 32 0 0.00 0.0 M 8.2 20 180 M M 0 29 170
29 43 21 32 2 33 0 T M M 16.7 32 310 M M 7 16 43 310
30 24 11 18 -12 47 0 0.00 0.0 M 16.2 30 290 M M 1 42 280
================================================================================
SM 1439 788 825 0 2.33 0.0 368.1 M 130
================================================================================
AV 48.0 26.3 12.3 FASTST M M 4 MAX(MPH)
MISC ----> # 32 300 44 280
================================================================================
NOTES:
# LAST OF SEVERAL OCCURRENCES
COLUMN 17 PEAK WIND IN M.P.H.
PRELIMINARY LOCAL CLIMATOLOGICAL DATA (WS FORM: F-6) , PAGE 2
STATION: MARSHALLTOWN IA
MONTH: NOVEMBER
YEAR: 2022
LATITUDE: 42 6 N
LONGITUDE: 92 55 W
[TEMPERATURE DATA] [PRECIPITATION DATA] SYMBOLS USED IN COLUMN 16
AVERAGE MONTHLY: 37.1 TOTAL FOR MONTH: 2.33 1 = FOG OR MIST
DPTR FM NORMAL: 0.9 DPTR FM NORMAL: 0.59 2 = FOG REDUCING VISIBILITY
HIGHEST: 76 ON 2, 1 GRTST 24HR 2.11 ON 4- 5 TO 1/4 MILE OR LESS
LOWEST: 9 ON 20,19 3 = THUNDER
SNOW, ICE PELLETS, HAIL 4 = ICE PELLETS
TOTAL MONTH: 0.0 INCH 5 = HAIL
GRTST 24HR 0.0 6 = FREEZING RAIN OR DRIZZLE
GRTST DEPTH: 0 7 = DUSTSTORM OR SANDSTORM:
VSBY 1/2 MILE OR LESS
8 = SMOKE OR HAZE
[NO. OF DAYS WITH] [WEATHER - DAYS WITH] 9 = BLOWING SNOW
X = TORNADO
MAX 32 OR BELOW: 7 0.01 INCH OR MORE: 3
MAX 90 OR ABOVE: 0 0.10 INCH OR MORE: 2
MIN 32 OR BELOW: 22 0.50 INCH OR MORE: 2
MIN 0 OR BELOW: 0 1.00 INCH OR MORE: 1
[HDD (BASE 65) ]
TOTAL THIS MO. 825 CLEAR (SCALE 0-3) 12
DPTR FM NORMAL -39 PTCLDY (SCALE 4-7) 11
TOTAL FM JUL 1 1391 CLOUDY (SCALE 8-10) 7
DPTR FM NORMAL -100
[CDD (BASE 65) ]
TOTAL THIS MO. 0
DPTR FM NORMAL 0 [PRESSURE DATA]
TOTAL FM JAN 1 916 HIGHEST SLP 30.60 ON 7
DPTR FM NORMAL 188 LOWEST SLP 29.31 ON 5
[REMARKS]
#FINAL-11-22#