000
CXUS53 KMKX 011708
CLSMKE
CLIMATE REPORT
NATIONAL WEATHER SERVICE MILWAUKEE/SULLIVAN WI
1108 AM CST WED MAR 01 2023
...................................
...THE MILWAUKEE WI CLIMATE SUMMARY FOR THE SEASON, FROM
12/1/2022 TO 2/28/2023...
CLIMATE NORMAL PERIOD 1991 TO 2020
CLIMATE RECORD PERIOD 1871 TO 2023
WEATHER OBSERVED NORMAL DEPART LAST YEAR`S
VALUE DATE(S) VALUE FROM VALUE DATE(S)
NORMAL
................................................................
TEMPERATURE (F)
RECORD
HIGH 71 02/22/2017
LOW -26 02/03/1996
01/17/1982
HIGHEST 60 12/29 55 5 68 12/16
LOWEST -7 12/23 -13 6 -5 01/26
AVG. MAXIMUM 37.6 33.7 3.9 35.1
AVG. MINIMUM 24.7 20.1 4.6 19.7
MEAN 31.2 26.9 4.3 27.4
DAYS MAX >= 90 0 0.0 0.0 0
DAYS MAX <= 32 21 42.8 -21.8 37
DAYS MIN <= 32 63 79.0 -16.0 82
DAYS MIN <= 0 4 6.4 -2.4 2
PRECIPITATION (INCHES)
RECORD
MAXIMUM 11.13 1876
MINIMUM 1.53 2003
TOTALS 8.61 5.36 3.25 3.69
DAILY AVG. 0.10 0.06 0.04 0.04
DAYS >= .01 36 31.7 4.3 26
DAYS >= .10 13 13.9 -0.9 12
DAYS >= .50 6 2.7 3.3 1
DAYS >= 1.00 2 0.5 1.5 1
GREATEST
24 HR. TOTAL 2.06 02/27 TO 02/27 1.13 12/10 TO 12/11
SNOWFALL (INCHES)
RECORDS
TOTAL 89.8 1886
TOTALS 26.4 37.1 -10.7 21.9
SINCE 7/1 28.5 39.9 -11.4 21.9
SNOWDEPTH AVG. 1 1
DAYS >= 1.0 9 10.5 -1.5 7
GREATEST
SNOW DEPTH 8 01/29 5 01/02
01/30 02/25
24 HR TOTAL 7.9 01/28 TO 01/29 3.9 01/01 TO 01/01
DEGREE DAYS
HEATING TOTAL 3025 3429 -404 3364
SINCE 7/1 4149 4657 -508 4327
COOLING TOTAL 0 0 0 0
SINCE 1/1 0 0 0 0
FREEZE DATES
RECORD
EARLIEST 09/20/1956
LATEST 05/27/1961
EARLIEST 11/13
LATEST 04/27
................................................................
WIND (MPH)
AVERAGE WIND SPEED 10.7
RESULTANT WIND SPEED/DIRECTION 4/250
HIGHEST WIND SPEED/DIRECTION 33/250 DATE 02/15
HIGHEST GUST SPEED/DIRECTION 53/270 DATE 02/15
SKY COVER
AVERAGE SKY COVER 0.73
NUMBER OF DAYS FAIR 13
NUMBER OF DAYS PC 26
NUMBER OF DAYS CLOUDY 51
AVERAGE RH (PERCENT) 67
WEATHER CONDITIONS. NUMBER OF DAYS WITH
THUNDERSTORM 2 MIXED PRECIP 0
HEAVY RAIN 4 RAIN 5
LIGHT RAIN 27 FREEZING RAIN 1
LT FREEZING RAIN 4 HAIL 0
HEAVY SNOW 2 SNOW 8
LIGHT SNOW 40 SLEET 4
FOG 34 FOG W/VIS <= 1/4 MILE 4
HAZE 24
- INDICATES NEGATIVE NUMBERS.
R INDICATES RECORD WAS SET OR TIED.
MM INDICATES DATA IS MISSING.
T INDICATES TRACE AMOUNT.
$$