000
CXHW52 PHFO 011250
CF6MKK
PRELIMINARY LOCAL CLIMATOLOGICAL DATA (WS FORM: F-6)
STATION: MOLOKAI HI
MONTH: AUGUST
YEAR: 2021
LATITUDE: 21 8 N
LONGITUDE: 157 6 W
TEMPERATURE IN F: :PCPN: SNOW: WIND :SUNSHINE: SKY :PK WND
================================================================================
1 2 3 4 5 6A 6B 7 8 9 10 11 12 13 14 15 16 17 18
12Z AVG MX 2MIN
DY MAX MIN AVG DEP HDD CDD WTR SNW DPTH SPD SPD DIR MIN PSBL S-S WX SPD DR
================================================================================
1 85 74 80 0 0 15 0.00 M M 16.3 26 60 M M 2 39 70
2 84 74 79 -1 0 14 T M M 17.7 26 40 M M 3 36 60
3 85 72 79 -1 0 14 T M M 16.6 28 50 M M 4 36 50
4 85 74 80 0 0 15 0.00 M M 15.5 29 60 M M 2 39 70
5 85 72 79 -1 0 14 0.00 M M 15.0 31 50 M M 3 39 50
6 88 73 81 1 0 16 0.00 M M 16.4 28 60 M M 1 38 60
7 85 75 80 0 0 15 0.00 M M 14.2 26 60 M M 1 35 40
8 86 74 80 0 0 15 0.00 M M 12.0 23 50 M M 2 31 60
9 86 72 79 -1 0 14 0.00 M M 10.7 20 10 M M 2 27 360
10 87 73 80 0 0 15 0.00 M M 10.8 21 50 M M 5 28 50
11 88 73 81 1 0 16 0.00 M M 10.4 21 40 M M 3 27 10
12 86 73 80 0 0 15 T M M 11.6 22 50 M M 2 30 50
13 85 73 79 -1 0 14 0.05 M M 10.4 22 50 M M 4 1 30 30
14 83 73 78 -2 0 13 0.04 M M 10.4 21 50 M M 4 1 29 40
15 83 72 78 -2 0 13 0.04 M M 9.8 20 30 M M 5 18 28 50
16 85 69 77 -3 0 12 T M M 7.6 17 360 M M 2 22 30
17 84 65 75 -5 0 10 0.00 M M 4.0 15 360 M M 3 23 80
18 87 66 77 -3 0 12 0.00 M M 6.6 18 20 M M 2 24 350
19 87 72 80 0 0 15 T M M 13.2 28 50 M M 2 36 50
20 87 73 80 0 0 15 T M M 11.5 23 50 M M 3 1 34 50
21 84 74 79 -1 0 14 0.00 M M 11.8 20 30 M M 5 28 360
22 85 74 80 0 0 15 0.03 M M 10.8 20 30 M M 5 18 29 40
23 85 75 80 0 0 15 0.64 M M 9.9 20 100 M M 9 18 27 100
24 84 75 80 0 0 15 0.00 M M 15.5 25 50 M M 4 36 50
25 85 74 80 0 0 15 0.00 M M 14.7 26 60 M M 3 35 60
26 84 71 78 -2 0 13 T M M 11.2 21 50 M M 3 30 50
27 85 74 80 0 0 15 0.00 M M 12.4 23 50 M M 2 31 50
28 84 72 78 -2 0 13 T M M 10.5 21 40 M M 1 28 40
29 85 72 79 -1 0 14 T M M 9.7 18 360 M M 4 24 30
30 84 71 78 -2 0 13 0.00 M M 9.1 20 360 M M 2 24 30
31 84 66 75 -5 0 10 T M M 5.0 15 360 M M 2 21 160
================================================================================
SM 2640 2240 0 434 0.80 M 361.3 M 95
================================================================================
AV 85.2 72.3 11.7 FASTST M M 3 MAX(MPH)
MISC ----> 31 50 # 39 70
================================================================================
NOTES:
# LAST OF SEVERAL OCCURRENCES
COLUMN 17 PEAK WIND IN M.P.H.
PRELIMINARY LOCAL CLIMATOLOGICAL DATA (WS FORM: F-6) , PAGE 2
STATION: MOLOKAI HI
MONTH: AUGUST
YEAR: 2021
LATITUDE: 21 8 N
LONGITUDE: 157 6 W
[TEMPERATURE DATA] [PRECIPITATION DATA] SYMBOLS USED IN COLUMN 16
AVERAGE MONTHLY: 78.7 TOTAL FOR MONTH: 0.80 1 = FOG OR MIST
DPTR FM NORMAL: -1.3 DPTR FM NORMAL: -0.04 2 = FOG REDUCING VISIBILITY
HIGHEST: 88 ON 11, 6 GRTST 24HR 0.67 ON 22-23 TO 1/4 MILE OR LESS
LOWEST: 65 ON 17 3 = THUNDER
SNOW, ICE PELLETS, HAIL 4 = ICE PELLETS
TOTAL MONTH: M 5 = HAIL
GRTST 24HR M ON M 6 = FREEZING RAIN OR DRIZZLE
GRTST DEPTH: M ON M 7 = DUSTSTORM OR SANDSTORM:
VSBY 1/2 MILE OR LESS
8 = SMOKE OR HAZE
[NO. OF DAYS WITH] [WEATHER - DAYS WITH] 9 = BLOWING SNOW
X = TORNADO
MAX 32 OR BELOW: 0 0.01 INCH OR MORE: 5
MAX 90 OR ABOVE: 0 0.10 INCH OR MORE: 1
MIN 32 OR BELOW: 0 0.50 INCH OR MORE: 1
MIN 0 OR BELOW: 0 1.00 INCH OR MORE: 0
[HDD (BASE 65) ]
TOTAL THIS MO. 0 CLEAR (SCALE 0-3) 19
DPTR FM NORMAL 0 PTCLDY (SCALE 4-7) 11
TOTAL FM JUL 1 0 CLOUDY (SCALE 8-10) 1
DPTR FM NORMAL 0
[CDD (BASE 65) ]
TOTAL THIS MO. 434
DPTR FM NORMAL -29 [PRESSURE DATA]
TOTAL FM JAN 1 2601 HIGHEST SLP 30.16 ON 6
DPTR FM NORMAL 80 LOWEST SLP 29.91 ON 31
[REMARKS]
#FINAL-08-21#