000
CXHW52 PHFO 011250
CF6MKK
PRELIMINARY LOCAL CLIMATOLOGICAL DATA (WS FORM: F-6)
STATION: MOLOKAI HI
MONTH: JUNE
YEAR: 2020
LATITUDE: 21 8 N
LONGITUDE: 157 6 W
TEMPERATURE IN F: :PCPN: SNOW: WIND :SUNSHINE: SKY :PK WND
================================================================================
1 2 3 4 5 6A 6B 7 8 9 10 11 12 13 14 15 16 17 18
12Z AVG MX 2MIN
DY MAX MIN AVG DEP HDD CDD WTR SNW DPTH SPD SPD DIR MIN PSBL S-S WX SPD DR
================================================================================
1 M M M M M M M M M M M M M M M M M
2 85 73 79 3 0 14 T 0.0 M 10.3 21 30 M M M 29 40
3 86 73 80 4 0 15 0.00 0.0 M 11.8 23 40 M M M 34 50
4 86 74 80 4 0 15 0.00 0.0 M 12.3 23 50 M M M 32 50
5 85 74 80 4 0 15 0.00 0.0 M 14.1 28 50 M M M 35 50
6 86 74 80 4 0 15 T 0.0 M 11.7 23 50 M M M 33 40
7 87 72 80 4 0 15 0.00 0.0 M 10.0 22 60 M M M 30 50
8 86 70 78 2 0 13 0.00 0.0 M 9.5 22 50 M M M 30 50
9 85 70 78 2 0 13 0.00 0.0 M 10.9 26 50 M M M 35 50
10 84 74 79 3 0 14 T 0.0 M 16.5 26 50 M M M 40 50
11 84 75 80 4 0 15 0.00 0.0 M 18.8 32 50 M M M 45 50
12 84 75 80 4 0 15 0.00 0.0 M 16.6 25 50 M M M 37 60
13 84 74 79 3 0 14 0.00 0.0 M 13.6 26 50 M M M 36 60
14 84 73 79 2 0 14 0.00 0.0 M 14.5 26 60 M M M 35 50
15 84 74 79 2 0 14 T 0.0 M 15.5 26 50 M M M 37 50
16 84 73 79 2 0 14 T 0.0 M 12.9 26 50 M M M 18 37 50
17 87 73 80 3 0 15 0.00 0.0 M 10.6 22 50 M M M 30 50
18 88 75 82 5 0 17 0.00 0.0 M 13.3 28 50 M M M 40 40
19 84 73 79 2 0 14 0.04 0.0 M 12.9 28 60 M M M 8 34 60
20 85 74 80 3 0 15 0.00 0.0 M 12.4 24 50 M M M 33 50
21 M M M M M M M M M M M M M M M M M
22 88 71 80 3 0 15 0.00 0.0 M 9.5 18 60 M M M 25 60
23 87 72 80 3 0 15 0.00 0.0 M 9.5 21 50 M M M 28 50
24 85 69 77 0 0 12 0.25 0.0 M 7.5 18 30 M M M 25 40
25 89 72 81 4 0 16 0.00 0.0 M 10.4 21 30 M M M 30 30
26 85 73 79 2 0 14 0.00 0.0 M 14.4 25 50 M M M 33 50
27 83 73 78 1 0 13 0.02 0.0 M 10.2 20 30 M M M 18 28 10
28 86 71 79 2 0 14 0.06 0.0 M 7.2 16 50 M M M 22 10
29 86 68 77 0 0 12 0.00 0.0 M 5.8 15 50 M M M 21 50
30 87 69 78 1 0 13 0.00 0.0 M 11.3 24 60 M M M 32 60
================================================================================
SM 2394 2031 0 400 0.37 0.0 334.0 M M
================================================================================
AV 85.5 72.5 11.9 FASTST M M 0 MAX(MPH)
MISC ----> # 32 50 # 45 50
================================================================================
NOTES:
# LAST OF SEVERAL OCCURRENCES
COLUMN 17 PEAK WIND IN M.P.H.
PRELIMINARY LOCAL CLIMATOLOGICAL DATA (WS FORM: F-6) , PAGE 2
STATION: MOLOKAI HI
MONTH: JUNE
YEAR: 2020
LATITUDE: 21 8 N
LONGITUDE: 157 6 W
[TEMPERATURE DATA] [PRECIPITATION DATA] SYMBOLS USED IN COLUMN 16
AVERAGE MONTHLY: 79.0 TOTAL FOR MONTH: 0.37 1 = FOG OR MIST
DPTR FM NORMAL: 2.4 DPTR FM NORMAL: -0.11 2 = FOG REDUCING VISIBILITY
HIGHEST: 89 ON 25 GRTST 24HR 0.25 ON 24-24 TO 1/4 MILE OR LESS
LOWEST: 68 ON 29 3 = THUNDER
SNOW, ICE PELLETS, HAIL 4 = ICE PELLETS
TOTAL MONTH: 0.0 INCH 5 = HAIL
GRTST 24HR 0.0 6 = FREEZING RAIN OR DRIZZLE
GRTST DEPTH: M ON M 7 = DUSTSTORM OR SANDSTORM:
VSBY 1/2 MILE OR LESS
8 = SMOKE OR HAZE
[NO. OF DAYS WITH] [WEATHER - DAYS WITH] 9 = BLOWING SNOW
X = TORNADO
MAX 32 OR BELOW: 0 0.01 INCH OR MORE: 4
MAX 90 OR ABOVE: 0 0.10 INCH OR MORE: 1
MIN 32 OR BELOW: 0 0.50 INCH OR MORE: 0
MIN 0 OR BELOW: 0 1.00 INCH OR MORE: 0
[HDD (BASE 65) ]
TOTAL THIS MO. 0 CLEAR (SCALE 0-3) 0
DPTR FM NORMAL 0 PTCLDY (SCALE 4-7) 0
TOTAL FM JUL 1 0 CLOUDY (SCALE 8-10) 0
DPTR FM NORMAL -3
[CDD (BASE 65) ]
TOTAL THIS MO. 400
DPTR FM NORMAL 54 [PRESSURE DATA]
TOTAL FM JAN 1 1734 HIGHEST SLP 30.16 ON 12
DPTR FM NORMAL 366 LOWEST SLP 29.94 ON 29
[REMARKS]
#FINAL-06-20#