000
CXHW52 PHFO 011952
CF6MKK
PRELIMINARY LOCAL CLIMATOLOGICAL DATA (WS FORM: F-6)
STATION: MOLOKAI HI
MONTH: DECEMBER
YEAR: 2023
LATITUDE: 21 8 N
LONGITUDE: 157 6 W
TEMPERATURE IN F: :PCPN: SNOW: WIND :SUNSHINE: SKY :PK WND
================================================================================
1 2 3 4 5 6A 6B 7 8 9 10 11 12 13 14 15 16 17 18
12Z AVG MX 2MIN
DY MAX MIN AVG DEP HDD CDD WTR SNW DPTH SPD SPD DIR MIN PSBL S-S WX SPD DR
================================================================================
1 76 68 72 -3 0 7 0.60 M M 6.8 30 320 M M 7 1 39 320
2 85 69 77 2 0 12 0.00 M M 5.8 15 30 M M 2 19 30
3 83 64 74 -1 0 9 0.00 M M 6.7 17 40 M M 2 24 40
4 81 72 77 2 0 12 0.02 M M 9.7 18 30 M M 4 30 30
5 83 72 78 3 0 13 0.25 M M 11.9 22 50 M M 4 1 35 40
6 84 70 77 3 0 12 0.00 M M 9.5 18 30 M M 1 29 40
7 82 61 72 -2 0 7 0.00 M M 3.7 12 190 M M 3 16 170
8 84 61 73 -1 0 8 0.00 M M 3.3 12 340 M M 1 14 350
9 82 58 70 -4 0 5 0.00 M M 6.9 15 30 M M 0 20 30
10 85 64 75 1 0 10 0.00 M M 5.4 14 200 M M 2 25 220
11 86 68 77 3 0 12 0.00 M M 5.3 14 350 M M 2 18 230
12 80 68 74 0 0 9 0.03 M M 9.2 17 60 M M 4 27 40
13 80 69 75 1 0 10 0.16 M M 13.2 26 360 M M 8 44 360
14 75 69 72 -2 0 7 T M M 15.0 24 360 M M 8 34 360
15 77 66 72 -2 0 7 0.01 M M 14.5 25 50 M M 7 34 40
16 77 65 71 -3 0 6 0.09 M M 9.4 18 10 M M 7 27 360
17 76 66 71 -2 0 6 0.13 M M 9.6 18 40 M M 7 1 28 30
18 78 67 73 0 0 8 0.15 M M 10.4 22 50 M M 7 31 50
19 77 68 73 0 0 8 0.15 M M 13.7 23 40 M M 6 34 50
20 75 70 73 0 0 8 0.05 M M 14.4 25 40 M M 7 36 40
21 78 72 75 2 0 10 0.00 M M 14.7 23 50 M M 6 35 50
22 79 72 76 3 0 11 T M M 12.0 21 50 M M 4 32 50
23 78 67 73 0 0 8 0.01 M M 12.6 25 50 M M 3 33 50
24 80 65 73 0 0 8 0.00 M M 9.4 17 60 M M 3 26 30
25 78 60 69 -4 0 4 0.12 M M 6.6 15 350 M M 5 19 350
26 78 68 73 0 0 8 0.11 M M 7.4 17 30 M M 8 23 40
27 79 64 72 0 0 7 T M M 5.8 16 330 M M 7 8 20 350
28 78 60 69 -3 0 4 0.17 M M 8.0 18 30 M M 4 1 25 30
29 77 67 72 0 0 7 0.00 M M 9.1 20 40 M M 3 26 30
30 80 61 71 -1 0 6 0.00 M M 8.0 16 50 M M 1 21 50
31 80 59 70 -2 0 5 0.00 M M 5.3 14 350 M M 1 18 320
================================================================================
SM 2471 2050 0 254 2.05 M 283.3 M 134
================================================================================
AV 79.7 66.1 9.1 FASTST M M 4 MAX(MPH)
MISC ----> 30 320 44 360
================================================================================
NOTES:
# LAST OF SEVERAL OCCURRENCES
COLUMN 17 PEAK WIND IN M.P.H.
PRELIMINARY LOCAL CLIMATOLOGICAL DATA (WS FORM: F-6) , PAGE 2
STATION: MOLOKAI HI
MONTH: DECEMBER
YEAR: 2023
LATITUDE: 21 8 N
LONGITUDE: 157 6 W
[TEMPERATURE DATA] [PRECIPITATION DATA] SYMBOLS USED IN COLUMN 16
AVERAGE MONTHLY: 72.9 TOTAL FOR MONTH: 2.05 1 = FOG OR MIST
DPTR FM NORMAL: -0.6 DPTR FM NORMAL: -0.82 2 = FOG REDUCING VISIBILITY
HIGHEST: 86 ON 11 GRTST 24HR 0.60 ON 1- 1 TO 1/4 MILE OR LESS
LOWEST: 58 ON 9 3 = THUNDER
SNOW, ICE PELLETS, HAIL 4 = ICE PELLETS
TOTAL MONTH: M 5 = HAIL
GRTST 24HR M ON M 6 = FREEZING RAIN OR DRIZZLE
GRTST DEPTH: M ON M 7 = DUSTSTORM OR SANDSTORM:
VSBY 1/2 MILE OR LESS
8 = SMOKE OR HAZE
[NO. OF DAYS WITH] [WEATHER - DAYS WITH] 9 = BLOWING SNOW
X = TORNADO
MAX 32 OR BELOW: 0 0.01 INCH OR MORE: 15
MAX 90 OR ABOVE: 0 0.10 INCH OR MORE: 9
MIN 32 OR BELOW: 0 0.50 INCH OR MORE: 1
MIN 0 OR BELOW: 0 1.00 INCH OR MORE: 0
[HDD (BASE 65) ]
TOTAL THIS MO. 0 CLEAR (SCALE 0-3) 12
DPTR FM NORMAL 0 PTCLDY (SCALE 4-7) 19
TOTAL FM JUL 1 0 CLOUDY (SCALE 8-10) 0
DPTR FM NORMAL 0
[CDD (BASE 65) ]
TOTAL THIS MO. 254
DPTR FM NORMAL -11 [PRESSURE DATA]
TOTAL FM JAN 1 4038 HIGHEST SLP 30.22 ON 29
DPTR FM NORMAL 57 LOWEST SLP 29.86 ON 8
[REMARKS]
#FINAL-12-23#