000
CXUS54 KMEG 011632
CF6MKL
PRELIMINARY LOCAL CLIMATOLOGICAL DATA (WS FORM: F-6)
STATION: JACKSON
MONTH: NOVEMBER
YEAR: 2022
LATITUDE: 35 35 N
LONGITUDE: 88 55 W
TEMPERATURE IN F: :PCPN: SNOW: WIND :SUNSHINE: SKY :PK WND
================================================================================
1 2 3 4 5 6A 6B 7 8 9 10 11 12 13 14 15 16 17 18
12Z AVG MX 2MIN
DY MAX MIN AVG DEP HDD CDD WTR SNW DPTH SPD SPD DIR MIN PSBL S-S WX SPD DR
================================================================================
1 73 44 59 5 6 0 0.01 M M 0.8 7 200 M M 1 1 8 230
2 75 48 62 8 3 0 0.07 M M 2.4 10 50 M M 5 18 13 40
3 78 44 61 7 4 0 0.00 M M 1.8 9 140 M M 0 1 13 180
4 79 54 67 14 0 2 0.00 M M 10.0 22 200 M M 3 32 190
5 70 42 56 3 9 0 0.63 M M 10.3 24 180 M M 6 13 36 170
6 73 38 56 4 9 0 0.00 M M 2.8 12 190 M M 4 12 16 170
7 68 60 64 12 1 0 0.14 M M 6.4 12 30 M M 10 12 13 30
8 81 58 70 18 0 5 0.00 M M 4.0 14 20 M M 4 16 20
9 80 53 67 16 0 2 0.00 M M 3.6 15 170 M M 0 19 190
10 75 44 60 9 5 0 0.00 M M 1.5 10 160 M M 1 13 170
11 72 47 60 9 5 0 0.00 M M 8.7 17 350 M M 6 22 300
12 47 31 39 -11 26 0 0.17 M M 11.6 21 340 M M 10 18 26 340
13 44 26 35 -15 30 0 0.00 M M 7.0 15 10 M M 4 18 360
14 50 24 37 -13 28 0 0.07 M M 3.8 13 90 M M 2 1 16 90
15 45 40 43 -6 22 0 T M M 6.9 16 330 M M 10 1 21 320
16 48 27 38 -11 27 0 0.00 M M 7.4 17 360 M M 2 21 360
17 42 18 30 -19 35 0 0.00 M M 4.2 14 290 M M 0 8 19 290
18 44 24 34 -14 31 0 0.00 M M 5.4 13 270 M M 3 16 290
19 43 24 34 -14 31 0 0.00 M M 6.2 16 260 M M 4 20 260
20 44 18 31 -17 34 0 0.00 M M 3.3 14 60 M M 0 16 60
21 53 14 34 -13 31 0 0.00 M M 1.4 9 230 M M 0 12 230
22 61 22 42 -5 23 0 0.00 M M 1.1 8 210 M M 0 10 230
23 65 25 45 -2 20 0 0.00 M M 1.5 8 100 M M 0 11 130
24 62 42 52 6 13 0 0.12 M M 3.0 13 10 M M 6 15 20
25 65 42 54 8 11 0 0.00 M M 8.1 15 360 M M 5 1 19 30
26 63 39 51 5 14 0 0.16 M M 6.1 18 180 M M 4 1 31 160
27 63 40 52 6 13 0 0.10 M M 11.7 25 230 M M 9 1 36 230
28 60 35 48 3 17 0 0.00 M M 4.1 14 240 M M 6 1 19 170
29 67 47 57 12 8 0 1.34 M M 9.5 20 250 M M 5 13 29 170
30 64 23 44 -1 21 0 0.00 M M 10.3 30 330 M M 2 41 320
================================================================================
SM 1854 1093 477 9 2.81 M 164.9 M 112
================================================================================
AV 61.8 36.4 5.5 FASTST M M 4 MAX(MPH)
MISC ----> 30 330 41 320
================================================================================
NOTES:
# LAST OF SEVERAL OCCURRENCES
COLUMN 17 PEAK WIND IN M.P.H.
PRELIMINARY LOCAL CLIMATOLOGICAL DATA (WS FORM: F-6) , PAGE 2
STATION: JACKSON
MONTH: NOVEMBER
YEAR: 2022
LATITUDE: 35 35 N
LONGITUDE: 88 55 W
[TEMPERATURE DATA] [PRECIPITATION DATA] SYMBOLS USED IN COLUMN 16
AVERAGE MONTHLY: 49.1 TOTAL FOR MONTH: 2.81 1 = FOG OR MIST
DPTR FM NORMAL: -0.2 DPTR FM NORMAL: -1.52 2 = FOG REDUCING VISIBILITY
HIGHEST: 81 ON 8 GRTST 24HR 1.34 ON 29-29 TO 1/4 MILE OR LESS
LOWEST: 14 ON 21 3 = THUNDER
SNOW, ICE PELLETS, HAIL 4 = ICE PELLETS
TOTAL MONTH: M 5 = HAIL
GRTST 24HR M ON M 6 = FREEZING RAIN OR DRIZZLE
GRTST DEPTH: M ON M 7 = DUSTSTORM OR SANDSTORM:
VSBY 1/2 MILE OR LESS
8 = SMOKE OR HAZE
[NO. OF DAYS WITH] [WEATHER - DAYS WITH] 9 = BLOWING SNOW
X = TORNADO
MAX 32 OR BELOW: 0 0.01 INCH OR MORE: 10
MAX 90 OR ABOVE: 0 0.10 INCH OR MORE: 7
MIN 32 OR BELOW: 12 0.50 INCH OR MORE: 2
MIN 0 OR BELOW: 0 1.00 INCH OR MORE: 1
[HDD (BASE 65) ]
TOTAL THIS MO. 477 CLEAR (SCALE 0-3) 14
DPTR FM NORMAL 1 PTCLDY (SCALE 4-7) 12
TOTAL FM JUL 1 710 CLOUDY (SCALE 8-10) 4
DPTR FM NORMAL 25
[CDD (BASE 65) ]
TOTAL THIS MO. 9
DPTR FM NORMAL 4 [PRESSURE DATA]
TOTAL FM JAN 1 1812 HIGHEST SLP 30.55 ON 20
DPTR FM NORMAL 97 LOWEST SLP 29.53 ON 27
[REMARKS]
#FINAL-11-22#