000
CXUS53 KMPX 012056
CF6MKT
PRELIMINARY LOCAL CLIMATOLOGICAL DATA (WS FORM: F-6)
STATION: MANKATO MN
MONTH: FEBRUARY
YEAR: 2023
LATITUDE: 44 13 N
LONGITUDE: 93 55 W
TEMPERATURE IN F: :PCPN: SNOW: WIND :SUNSHINE: SKY :PK WND
================================================================================
1 2 3 4 5 6A 6B 7 8 9 10 11 12 13 14 15 16 17 18
12Z AVG MX 2MIN
DY MAX MIN AVG DEP HDD CDD WTR SNW DPTH SPD SPD DIR MIN PSBL S-S WX SPD DR
================================================================================
1 19 -4 8 -8 57 0 0.00 M M 6.7 12 180 M M 3 M M
2 15 -13 1 -15 64 0 0.00 M M 15.2 28 330 M M 0 8 37 340
3 5 -15 -5 -21 70 0 0.00 M M 11.3 20 150 M M 6 M M
4 32 5 19 3 46 0 0.00 M M 9.5 15 180 M M 0 8 21 170
5 30 12 21 4 44 0 T M M 8.4 16 310 M M 1 1 M M
6 36 11 24 7 41 0 T M M 14.0 24 140 M M 4 1 31 150
7 35 25 30 13 35 0 0.02 M M 13.0 22 300 M M 3 32 300
8 39 21 30 12 35 0 0.00 M M 8.4 13 190 M M 0 M M
9 36 11 24 6 41 0 0.00 M M 12.5 24 310 M M 3 1 33 330
10 29 4 17 -1 48 0 0.00 M M 8.6 16 190 M M 0 M M
11 37 23 30 12 35 0 0.00 M M 10.7 17 220 M M 0 M M
12 37 21 29 10 36 0 0.00 M M 6.0 14 260 M M 0 M M
13 42 22 32 13 33 0 0.00 M M 10.6 22 200 M M 0 32 200
14 40 34 37 18 28 0 0.00 M M 13.1 20 140 M M 8 1 22 160
15 34 7 21 1 44 0 0.98 M M 20.9 31 310 M M 6 1 43 280
16 20 4 12 -8 53 0 0.00 M M 10.8 17 330 M M 1 M M
17 29 -3 13 -7 52 0 0.00 M M 9.9 17 180 M M 0 1 23 180
18 36 18 27 6 38 0 0.00 M M 7.8 14 250 M M 0 M M
19 30 11 21 0 44 0 0.00 M M 10.1 17 300 M M 3 22 300
20 37 7 22 0 43 0 0.03 M M 13.8 31 300 M M 7 1 44 290
21 15 2 9 -13 56 0 T M M 12.2 24 290 M M 5 12 33 290
22 20 15 18 -4 47 0 0.28 M M 21.1 29 50 M M 10 1 39 50
23 19 -8 6 -17 59 0 0.55 M M 14.8 25 60 M M 8 1 33 60
24 8 -14 -3 -26 68 0 0.03 M M 4.5 10 290 M M 6 1 M M
25 28 0 14 -10 51 0 T M M 8.2 15 210 M M 2 17 170
26 38 1 20 -4 45 0 0.00 M M 10.3 23 120 M M 1 1 M M
27 38 26 32 8 33 0 0.42 M M 13.0 18 290 M M 9 1 25 310
28 35 19 27 2 38 0 0.18 M M 5.6 16 80 M M 4 1 M M
================================================================================
SM 819 242 1284 0 2.49 M 311.0 M 90
================================================================================
AV 29.3 8.6 11.1 FASTST M M 3 MAX(MPH)
MISC ----> # 31 310 44 290
================================================================================
NOTES:
# LAST OF SEVERAL OCCURRENCES
COLUMN 17 PEAK WIND IN M.P.H.
PRELIMINARY LOCAL CLIMATOLOGICAL DATA (WS FORM: F-6) , PAGE 2
STATION: MANKATO MN
MONTH: FEBRUARY
YEAR: 2023
LATITUDE: 44 13 N
LONGITUDE: 93 55 W
[TEMPERATURE DATA] [PRECIPITATION DATA] SYMBOLS USED IN COLUMN 16
AVERAGE MONTHLY: 18.9 TOTAL FOR MONTH: 2.49 1 = FOG OR MIST
DPTR FM NORMAL: -0.9 DPTR FM NORMAL: 1.75 2 = FOG REDUCING VISIBILITY
HIGHEST: 42 ON 13 GRTST 24HR 0.98 ON 15-15 TO 1/4 MILE OR LESS
LOWEST: -15 ON 3 3 = THUNDER
SNOW, ICE PELLETS, HAIL 4 = ICE PELLETS
TOTAL MONTH: M 5 = HAIL
GRTST 24HR M ON M 6 = FREEZING RAIN OR DRIZZLE
GRTST DEPTH: M ON M 7 = DUSTSTORM OR SANDSTORM:
VSBY 1/2 MILE OR LESS
8 = SMOKE OR HAZE
[NO. OF DAYS WITH] [WEATHER - DAYS WITH] 9 = BLOWING SNOW
X = TORNADO
MAX 32 OR BELOW: 14 0.01 INCH OR MORE: 8
MAX 90 OR ABOVE: 0 0.10 INCH OR MORE: 5
MIN 32 OR BELOW: 27 0.50 INCH OR MORE: 2
MIN 0 OR BELOW: 7 1.00 INCH OR MORE: 0
[HDD (BASE 65) ]
TOTAL THIS MO. 1284 CLEAR (SCALE 0-3) 17
DPTR FM NORMAL 20 PTCLDY (SCALE 4-7) 8
TOTAL FM JUL 1 5741 CLOUDY (SCALE 8-10) 3
DPTR FM NORMAL -182
[CDD (BASE 65) ]
TOTAL THIS MO. 0
DPTR FM NORMAL 0 [PRESSURE DATA]
TOTAL FM JAN 1 0 HIGHEST SLP M ON M
DPTR FM NORMAL 0 LOWEST SLP M ON M
[REMARKS]
#FINAL-02-23#
THE PRECIPITATION DATA IS FROM COCORAHS STATION
MN-BU-23 WITH AN OBSERVATION TIME OF 7 AM.