000
CXUS54 KTSA 011330
CF6MLC
PRELIMINARY LOCAL CLIMATOLOGICAL DATA (WS FORM: F-6)
STATION: MCALESTER OKLAHOMA
MONTH: DECEMBER
YEAR: 2023
LATITUDE: 34 52 N
LONGITUDE: 95 47 W
TEMPERATURE IN F: :PCPN: SNOW: WIND :SUNSHINE: SKY :PK WND
================================================================================
1 2 3 4 5 6A 6B 7 8 9 10 11 12 13 14 15 16 17 18
12Z AVG MX 2MIN
DY MAX MIN AVG DEP HDD CDD WTR SNW DPTH SPD SPD DIR MIN PSBL S-S WX SPD DR
================================================================================
1 53 43 48 1 17 0 0.00 0.0 M 7.4 18 240 M M 9 26 240
2 56 41 49 3 16 0 0.02 0.0 M 3.8 14 210 M M 8 19 190
3 63 29 46 0 19 0 T 0.0 M 5.4 21 230 M M 3 12 29 210
4 59 33 46 0 19 0 0.00 0.0 M 4.2 12 320 M M 1 17 310
5 63 30 47 1 18 0 0.00 0.0 M 4.6 16 330 M M 1 24 340
6 63 29 46 1 19 0 0.00 0.0 M 4.7 14 210 M M 2 24 40
7 69 48 59 14 6 0 0.00 0.0 M 10.7 21 190 M M 3 37 190
8 75 45 60 15 5 0 0.00 0.0 M 10.6 22 210 M M 6 36 210
9 60 40 50 6 15 0 0.00 0.0 M 8.8 18 340 M M 3 26 320
10 51 25 38 -6 27 0 0.00 0.0 M 4.8 13 320 M M 2 18 330
11 61 28 45 1 20 0 0.00 0.0 M 4.0 14 210 M M 2 18 200
12 63 31 47 3 18 0 0.00 0.0 M 3.4 13 180 M M 2 22 190
13 61 37 49 5 16 0 0.00 0.0 M 4.0 10 110 M M 1 18 100
14 66 32 49 6 16 0 0.00 0.0 M 5.1 13 110 M M 2 22 140
15 58 46 52 9 13 0 0.67 0.0 M 6.3 18 120 M M 10 1 30 130
16 55 31 43 0 22 0 0.00 0.0 M 4.7 14 280 M M 4 1 19 350
17 64 28 46 3 19 0 0.00 0.0 M 3.3 13 240 M M 1 19 240
18 53 27 40 -2 25 0 0.00 0.0 M 6.9 17 10 M M 2 25 10
19 53 25 39 -3 26 0 0.00 0.0 M 5.1 13 180 M M 1 26 200
20 63 45 54 12 11 0 0.00 0.0 M 6.5 13 190 M M 5 23 190
21 59 52 56 14 9 0 0.29 0.0 M 5.6 12 170 M M 10 1 19 170
22 57 52 55 13 10 0 0.14 0.0 M 4.5 10 200 M M 10 1 16 200
23 65 57 61 19 4 0 T 0.0 M 4.8 12 140 M M 10 1 20 170
24 63 45 54 12 11 0 1.52 0.0 M 7.3 20 300 M M 10 1 29 150
25 47 27 37 -5 28 0 T 0.0 M 9.1 21 310 M M 7 34 330
26 54 24 39 -2 26 0 T 0.0 M 6.8 23 210 M M 6 33 210
27 45 25 35 -6 30 0 T M M 8.5 22 300 M M 6 30 290
28 45 25 35 -6 30 0 0.00 0.0 M 8.1 17 330 M M 6 27 320
29 51 26 39 -2 26 0 0.00 0.0 M 5.3 16 310 M M 2 22 290
30 62 23 43 2 22 0 0.00 0.0 M 3.3 13 230 M M 1 17 270
31 54 32 43 2 22 0 0.00 0.0 M 8.7 20 10 M M 2 29 10
================================================================================
SM 1811 1081 565 0 2.64 0.0 186.3 M 138
================================================================================
AV 58.4 34.9 6.0 FASTST M M 4 MAX(MPH)
MISC ----> 23 210 37 190
================================================================================
NOTES:
# LAST OF SEVERAL OCCURRENCES
COLUMN 17 PEAK WIND IN M.P.H.
PRELIMINARY LOCAL CLIMATOLOGICAL DATA (WS FORM: F-6) , PAGE 2
STATION: MCALESTER OKLAHOMA
MONTH: DECEMBER
YEAR: 2023
LATITUDE: 34 52 N
LONGITUDE: 95 47 W
[TEMPERATURE DATA] [PRECIPITATION DATA] SYMBOLS USED IN COLUMN 16
AVERAGE MONTHLY: 46.6 TOTAL FOR MONTH: 2.64 1 = FOG OR MIST
DPTR FM NORMAL: 3.3 DPTR FM NORMAL: -0.38 2 = FOG REDUCING VISIBILITY
HIGHEST: 75 ON 8 GRTST 24HR 1.52 ON 24-24 TO 1/4 MILE OR LESS
LOWEST: 23 ON 30 3 = THUNDER
SNOW, ICE PELLETS, HAIL 4 = ICE PELLETS
TOTAL MONTH: 0.0 INCH 5 = HAIL
GRTST 24HR 0.0 6 = FREEZING RAIN OR DRIZZLE
GRTST DEPTH: M ON M 7 = DUSTSTORM OR SANDSTORM:
VSBY 1/2 MILE OR LESS
8 = SMOKE OR HAZE
[NO. OF DAYS WITH] [WEATHER - DAYS WITH] 9 = BLOWING SNOW
X = TORNADO
MAX 32 OR BELOW: 0 0.01 INCH OR MORE: 5
MAX 90 OR ABOVE: 0 0.10 INCH OR MORE: 4
MIN 32 OR BELOW: 18 0.50 INCH OR MORE: 2
MIN 0 OR BELOW: 0 1.00 INCH OR MORE: 1
[HDD (BASE 65) ]
TOTAL THIS MO. 565 CLEAR (SCALE 0-3) 16
DPTR FM NORMAL -111 PTCLDY (SCALE 4-7) 9
TOTAL FM JUL 1 1078 CLOUDY (SCALE 8-10) 6
DPTR FM NORMAL -151
[CDD (BASE 65) ]
TOTAL THIS MO. 0
DPTR FM NORMAL -2 [PRESSURE DATA]
TOTAL FM JAN 1 2360 HIGHEST SLP 30.57 ON 13
DPTR FM NORMAL 227 LOWEST SLP 29.57 ON 8
[REMARKS]
#FINAL-12-23#