000
CXUS55 KBYZ 011100
CF6MLS
PRELIMINARY LOCAL CLIMATOLOGICAL DATA (WS FORM: F-6)
STATION: MILES CITY MT
MONTH: FEBRUARY
YEAR: 2023
LATITUDE: 46 25 N
LONGITUDE: 105 53 W
TEMPERATURE IN F: :PCPN: SNOW: WIND :SUNSHINE: SKY :PK WND
================================================================================
1 2 3 4 5 6A 6B 7 8 9 10 11 12 13 14 15 16 17 18
12Z AVG MX 2MIN
DY MAX MIN AVG DEP HDD CDD WTR SNW DPTH SPD SPD DIR MIN PSBL S-S WX SPD DR
================================================================================
1 38 16 27 6 38 0 0.00 M M 10.8 25 360 M M 4 31 360
2 20 7 14 -7 51 0 T M M 9.0 18 10 M M 6 18 23 10
3 46 11 29 8 36 0 0.00 M M 8.2 15 250 M M 0 19 250
4 48 28 38 17 27 0 0.00 M M 11.4 22 270 M M 2 25 270
5 43 26 35 14 30 0 T M M 9.2 18 260 M M 4 23 160
6 42 31 37 15 28 0 0.04 M M 12.6 24 310 M M 5 28 320
7 47 32 40 18 25 0 0.00 M M 10.3 17 250 M M 0 25 230
8 44 28 36 14 29 0 T M M 14.6 32 330 M M 6 1 40 290
9 39 22 31 9 34 0 0.00 M M 10.0 29 330 M M 2 35 350
10 50 22 36 14 29 0 0.00 M M 8.6 18 260 M M 0 22 260
11 48 25 37 15 28 0 0.00 M M 4.5 10 230 M M 0 11 230
12 48 25 37 14 28 0 0.00 M M 8.4 17 290 M M 0 21 280
13 57 30 44 21 21 0 0.00 M M 7.7 15 350 M M 1 19 10
14 39 12 26 3 39 0 0.05 M M 20.4 33 340 M M 8 19 39 340
15 22 1 12 -11 53 0 0.00 M M 9.2 16 310 M M 0 19 310
16 32 5 19 -5 46 0 0.00 M M 7.8 14 190 M M 0 16 220
17 42 16 29 5 36 0 0.00 M M 9.2 18 250 M M 0 21 250
18 44 23 34 10 31 0 0.00 M M 8.7 21 320 M M 7 24 320
19 41 22 32 8 33 0 0.01 M M 11.5 24 280 M M 6 1 30 250
20 35 24 30 5 35 0 0.01 M M 12.1 23 300 M M 9 1 29 310
21 27 0 14 -11 51 0 0.13 M M 19.5 36 40 M M 10 1289 42 40
22 0 -8 -4 -30 69 0 T M M 14.7 23 40 M M 10 18 26 40
23 -2 -22 -12 -38 77 0 T M M 6.5 13 50 M M 4 18 15 40
24 4 -25 -10 -36 75 0 0.00 M M 7.9 16 180 M M 1 18 180
25 35 -4 16 -10 49 0 0.00 M M 7.2 14 150 M M 1 17 150
26 39 15 27 0 38 0 0.00 M M 7.7 14 170 M M 2 16 170
27 38 17 28 1 37 0 T M M 8.4 29 320 M M 4 33 320
28 33 13 23 -5 42 0 T M M 8.7 20 40 M M 5 1 23 70
================================================================================
SM 999 392 1115 0 0.24 M 284.8 M 97
================================================================================
AV 35.7 14.0 10.2 FASTST M M 3 MAX(MPH)
MISC ----> 36 40 42 40
================================================================================
NOTES:
# LAST OF SEVERAL OCCURRENCES
COLUMN 17 PEAK WIND IN M.P.H.
PRELIMINARY LOCAL CLIMATOLOGICAL DATA (WS FORM: F-6) , PAGE 2
STATION: MILES CITY MT
MONTH: FEBRUARY
YEAR: 2023
LATITUDE: 46 25 N
LONGITUDE: 105 53 W
[TEMPERATURE DATA] [PRECIPITATION DATA] SYMBOLS USED IN COLUMN 16
AVERAGE MONTHLY: 24.8 TOTAL FOR MONTH: 0.24 1 = FOG OR MIST
DPTR FM NORMAL: 1.2 DPTR FM NORMAL: -0.02 2 = FOG REDUCING VISIBILITY
HIGHEST: 57 ON 13 GRTST 24HR 0.14 ON 20-21 TO 1/4 MILE OR LESS
LOWEST: -25 ON 24 3 = THUNDER
SNOW, ICE PELLETS, HAIL 4 = ICE PELLETS
TOTAL MONTH: M 5 = HAIL
GRTST 24HR M ON M 6 = FREEZING RAIN OR DRIZZLE
GRTST DEPTH: M ON M 7 = DUSTSTORM OR SANDSTORM:
VSBY 1/2 MILE OR LESS
8 = SMOKE OR HAZE
[NO. OF DAYS WITH] [WEATHER - DAYS WITH] 9 = BLOWING SNOW
X = TORNADO
MAX 32 OR BELOW: 7 0.01 INCH OR MORE: 5
MAX 90 OR ABOVE: 0 0.10 INCH OR MORE: 1
MIN 32 OR BELOW: 28 0.50 INCH OR MORE: 0
MIN 0 OR BELOW: 5 1.00 INCH OR MORE: 0
[HDD (BASE 65) ]
TOTAL THIS MO. 1115 CLEAR (SCALE 0-3) 14
DPTR FM NORMAL -44 PTCLDY (SCALE 4-7) 11
TOTAL FM JUL 1 5806 CLOUDY (SCALE 8-10) 3
DPTR FM NORMAL 159
[CDD (BASE 65) ]
TOTAL THIS MO. 0
DPTR FM NORMAL 0 [PRESSURE DATA]
TOTAL FM JAN 1 0 HIGHEST SLP 30.67 ON 23
DPTR FM NORMAL 0 LOWEST SLP 29.30 ON 13
[REMARKS]
#FINAL-02-23#