000
CXUS54 KMOB 010631
CF6MOB
PRELIMINARY LOCAL CLIMATOLOGICAL DATA (WS FORM: F-6)
STATION: MOBILE
MONTH: OCTOBER
YEAR: 2022
LATITUDE: 30 40 N
LONGITUDE: 88 15 W
TEMPERATURE IN F: :PCPN: SNOW: WIND :SUNSHINE: SKY :PK WND
================================================================================
1 2 3 4 5 6A 6B 7 8 9 10 11 12 13 14 15 16 17 18
12Z AVG MX 2MIN
DY MAX MIN AVG DEP HDD CDD WTR SNW DPTH SPD SPD DIR MIN PSBL S-S WX SPD DR
================================================================================
1 84 55 70 -4 0 5 0.00 0.0 0 6.6 17 340 M M 0 25 340
2 87 51 69 -5 0 4 0.00 0.0 0 6.7 16 350 M M 1 22 340
3 84 57 71 -3 0 6 0.00 0.0 0 6.1 12 20 M M 1 18 340
4 83 60 72 -1 0 7 0.00 0.0 0 4.0 15 90 M M 5 20 100
5 85 58 72 -1 0 7 0.00 0.0 0 3.2 12 360 M M 4 16 330
6 87 56 72 -1 0 7 0.00 0.0 0 2.8 12 190 M M 1 21 360
7 90 57 74 2 0 9 0.00 0.0 0 3.3 15 350 M M 4 12 20 340
8 87 63 75 3 0 10 0.00 0.0 0 10.3 20 360 M M 3 24 360
9 82 56 69 -3 0 4 0.00 0.0 0 8.3 16 30 M M 3 20 20
10 82 56 69 -2 0 4 0.00 0.0 0 8.0 21 30 M M 1 28 50
11 87 53 70 -1 0 5 0.00 0.0 0 6.9 14 130 M M 4 18 160
12 85 73 79 9 0 14 0.34 0.0 0 7.6 18 140 M M 7 18 27 150
13 84 61 73 3 0 8 0.31 0.0 0 4.1 22 340 M M 6 13 29 320
14 85 57 71 1 0 6 0.00 0.0 0 3.9 12 170 M M 0 14 170
15 87 53 70 1 0 5 0.00 0.0 0 2.3 10 120 M M 1 17 120
16 86 56 71 2 0 6 0.00 0.0 0 3.0 12 160 M M 3 2 17 130
17 84 58 71 2 0 6 0.00 0.0 0 7.2 18 350 M M 7 128 27 330
18 63 45 54 -14 11 0 0.00 0.0 0 12.6 22 10 M M 3 29 20
19 66 37 52 -16 13 0 0.00 0.0 0 5.7 18 10 M M 0 23 20
20 70 36 53 -15 12 0 0.00 0.0 0 2.4 10 190 M M 1 14 230
21 78 42 60 -7 5 0 0.00 0.0 0 4.1 14 170 M M 1 19 130
22 79 51 65 -2 0 0 0.00 0.0 0 4.3 15 160 M M 1 21 110
23 81 53 67 1 0 2 0.00 0.0 0 4.5 13 150 M M 2 18 130
24 82 58 70 4 0 5 0.00 0.0 0 9.9 22 150 M M 6 29 150
25 82 59 71 5 0 6 0.08 0.0 0 9.8 23 210 M M 6 18 37 210
26 74 51 63 -2 2 0 0.00 0.0 0 6.6 17 360 M M 0 23 10
27 77 47 62 -3 3 0 0.00 0.0 0 3.3 12 20 M M 0 16 30
28 78 49 64 0 1 0 0.00 0.0 0 6.1 13 140 M M 5 1 17 120
29 79 69 74 10 0 9 2.35 0.0 0 12.7 23 140 M M 9 138 32 170
30 76 56 66 2 0 1 0.13 0.0 0 5.4 18 210 M M 7 1 24 210
31 75 53 64 1 1 0 0.00 0.0 0 1.6 9 220 M M 4 1 14 300
================================================================================
SM 2509 1686 48 136 3.21 0.0 183.3 M 96
================================================================================
AV 80.9 54.4 5.9 FASTST M M 3 MAX(MPH)
MISC ----> # 23 210 37 210
================================================================================
NOTES:
# LAST OF SEVERAL OCCURRENCES
COLUMN 17 PEAK WIND IN M.P.H.
PRELIMINARY LOCAL CLIMATOLOGICAL DATA (WS FORM: F-6) , PAGE 2
STATION: MOBILE
MONTH: OCTOBER
YEAR: 2022
LATITUDE: 30 40 N
LONGITUDE: 88 15 W
[TEMPERATURE DATA] [PRECIPITATION DATA] SYMBOLS USED IN COLUMN 16
AVERAGE MONTHLY: 67.7 TOTAL FOR MONTH: 3.21 1 = FOG OR MIST
DPTR FM NORMAL: -1.3 DPTR FM NORMAL: -0.74 2 = FOG REDUCING VISIBILITY
HIGHEST: 90 ON 7 GRTST 24HR 2.48 ON 29-30 TO 1/4 MILE OR LESS
LOWEST: 36 ON 20 3 = THUNDER
SNOW, ICE PELLETS, HAIL 4 = ICE PELLETS
TOTAL MONTH: 0.0 INCH 5 = HAIL
GRTST 24HR 0.0 6 = FREEZING RAIN OR DRIZZLE
GRTST DEPTH: 0 7 = DUSTSTORM OR SANDSTORM:
VSBY 1/2 MILE OR LESS
8 = SMOKE OR HAZE
[NO. OF DAYS WITH] [WEATHER - DAYS WITH] 9 = BLOWING SNOW
X = TORNADO
MAX 32 OR BELOW: 0 0.01 INCH OR MORE: 5
MAX 90 OR ABOVE: 1 0.10 INCH OR MORE: 4
MIN 32 OR BELOW: 0 0.50 INCH OR MORE: 1
MIN 0 OR BELOW: 0 1.00 INCH OR MORE: 1
[HDD (BASE 65) ]
TOTAL THIS MO. 48 CLEAR (SCALE 0-3) 17
DPTR FM NORMAL -1 PTCLDY (SCALE 4-7) 13
TOTAL FM JUL 1 48 CLOUDY (SCALE 8-10) 1
DPTR FM NORMAL 0
[CDD (BASE 65) ]
TOTAL THIS MO. 136
DPTR FM NORMAL -36 [PRESSURE DATA]
TOTAL FM JAN 1 2851 HIGHEST SLP 30.28 ON 9
DPTR FM NORMAL 305 LOWEST SLP 29.81 ON 25
[REMARKS]
#FINAL-10-22#