000
CXUS54 KMOB 011513
CF6MOB
PRELIMINARY LOCAL CLIMATOLOGICAL DATA (WS FORM: F-6)
STATION: MOBILE
MONTH: SEPTEMBER
YEAR: 2022
LATITUDE: 30 40 N
LONGITUDE: 88 15 W
TEMPERATURE IN F: :PCPN: SNOW: WIND :SUNSHINE: SKY :PK WND
================================================================================
1 2 3 4 5 6A 6B 7 8 9 10 11 12 13 14 15 16 17 18
12Z AVG MX 2MIN
DY MAX MIN AVG DEP HDD CDD WTR SNW DPTH SPD SPD DIR MIN PSBL S-S WX SPD DR
================================================================================
1 94 72 83 2 0 18 0.00 0.0 0 4.2 9 50 M M 5 9 50
2 93 75 84 3 0 19 0.00 0.0 0 2.7 13 180 M M 6 18 17 190
3 90 74 82 2 0 17 0.01 0.0 0 2.8 14 170 M M 6 13 17 160
4 89 74 82 2 0 17 0.03 0.0 0 2.5 13 150 M M 5 18 17 160
5 88 72 80 0 0 15 T 0.0 0 3.5 14 190 M M 5 1 18 190
6 89 71 80 0 0 15 0.00 0.0 0 2.4 8 330 M M 5 13 330
7 90 70 80 0 0 15 0.78 0.0 0 4.7 13 200 M M 6 138 17 320
8 90 68 79 -1 0 14 0.08 0.0 0 4.2 14 120 M M 5 138 17 340
9 85 71 78 -2 0 13 0.07 0.0 0 4.3 10 60 M M 4 1 16 90
10 90 71 81 2 0 16 0.00 0.0 0 3.9 14 140 M M 4 18 18 130
11 93 73 83 4 0 18 0.01 0.0 0 3.9 12 290 M M 5 128 24 290
12 89 72 81 2 0 16 0.00 0.0 0 4.7 13 340 M M 5 1 17 330
13 86 63 75 -4 0 10 0.00 0.0 0 5.9 13 10 M M 3 17 330
14 88 58 73 -6 0 8 0.00 0.0 0 5.7 14 360 M M 2 22 60
15 90 64 77 -1 0 12 0.00 0.0 0 3.5 13 70 M M 2 22 10
16 91 67 79 1 0 14 0.00 0.0 0 6.1 13 70 M M 3 19 60
17 91 69 80 2 0 15 0.03 0.0 0 5.8 18 90 M M 4 3 24 90
18 92 72 82 4 0 17 0.21 0.0 0 4.2 16 330 M M 5 13 23 340
19 91 68 80 2 0 15 0.00 0.0 0 4.4 16 20 M M 2 23 360
20 93 68 81 4 0 16 0.00 0.0 0 4.1 13 30 M M 0 22 50
21 97 73 85 8 0 20 0.00 0.0 0 5.4 17 50 M M 4 1 24 50
22 97 70 84 7 0 19 0.00 0.0 0 2.6 12 30 M M 3 12 17 30
23 91 68 80 3 0 15 0.00 0.0 0 7.0 14 10 M M 1 22 340
24 92 63 78 2 0 13 0.00 0.0 0 2.9 12 40 M M 1 16 30
25 94 68 81 5 0 16 0.00 0.0 0 1.8 13 340 M M 3 19 320
26 93 69 81 5 0 16 0.00 0.0 0 6.2 15 340 M M 4 18 20 360
27 84 61 73 -3 0 8 0.00 0.0 0 12.2 22 10 M M 1 33 360
28 84 61 73 -2 0 8 0.00 0.0 0 14.8 22 10 M M 1 33 36
29 79 54 67 -8 0 2 0.00 0.0 0 13.4 24 10 M M 0 34 10
30 82 55 69 -6 0 4 0.00 0.0 0 7.7 17 10 M M 2 22 350
================================================================================
SM 2695 2034 0 421 1.22 0.0 157.5 M 102
================================================================================
AV 89.8 67.8 5.3 FASTST M M 3 MAX(MPH)
MISC ----> 24 10 34 10
================================================================================
NOTES:
# LAST OF SEVERAL OCCURRENCES
COLUMN 17 PEAK WIND IN M.P.H.
PRELIMINARY LOCAL CLIMATOLOGICAL DATA (WS FORM: F-6) , PAGE 2
STATION: MOBILE
MONTH: SEPTEMBER
YEAR: 2022
LATITUDE: 30 40 N
LONGITUDE: 88 15 W
[TEMPERATURE DATA] [PRECIPITATION DATA] SYMBOLS USED IN COLUMN 16
AVERAGE MONTHLY: 78.8 TOTAL FOR MONTH: 1.22 1 = FOG OR MIST
DPTR FM NORMAL: 0.7 DPTR FM NORMAL: -4.08 2 = FOG REDUCING VISIBILITY
HIGHEST: 97 ON 22,21 GRTST 24HR 0.86 ON 7- 8 TO 1/4 MILE OR LESS
LOWEST: 54 ON 29 3 = THUNDER
SNOW, ICE PELLETS, HAIL 4 = ICE PELLETS
TOTAL MONTH: 0.0 INCH 5 = HAIL
GRTST 24HR 0.0 6 = FREEZING RAIN OR DRIZZLE
GRTST DEPTH: 0 7 = DUSTSTORM OR SANDSTORM:
VSBY 1/2 MILE OR LESS
8 = SMOKE OR HAZE
[NO. OF DAYS WITH] [WEATHER - DAYS WITH] 9 = BLOWING SNOW
X = TORNADO
MAX 32 OR BELOW: 0 0.01 INCH OR MORE: 8
MAX 90 OR ABOVE: 19 0.10 INCH OR MORE: 2
MIN 32 OR BELOW: 0 0.50 INCH OR MORE: 1
MIN 0 OR BELOW: 0 1.00 INCH OR MORE: 0
[HDD (BASE 65) ]
TOTAL THIS MO. 0 CLEAR (SCALE 0-3) 13
DPTR FM NORMAL -1 PTCLDY (SCALE 4-7) 17
TOTAL FM JUL 1 0 CLOUDY (SCALE 8-10) 0
DPTR FM NORMAL 0
[CDD (BASE 65) ]
TOTAL THIS MO. 421
DPTR FM NORMAL 26 [PRESSURE DATA]
TOTAL FM JAN 1 2715 HIGHEST SLP 30.16 ON 28
DPTR FM NORMAL 341 LOWEST SLP 29.70 ON 8
[REMARKS]
#FINAL-09-22#