000
CXUS54 KMOB 010633
CF6MOB
PRELIMINARY LOCAL CLIMATOLOGICAL DATA (WS FORM: F-6)
STATION: MOBILE
MONTH: APRIL
YEAR: 2022
LATITUDE: 30 40 N
LONGITUDE: 88 15 W
TEMPERATURE IN F: :PCPN: SNOW: WIND :SUNSHINE: SKY :PK WND
================================================================================
1 2 3 4 5 6A 6B 7 8 9 10 11 12 13 14 15 16 17 18
12Z AVG MX 2MIN
DY MAX MIN AVG DEP HDD CDD WTR SNW DPTH SPD SPD DIR MIN PSBL S-S WX SPD DR
================================================================================
1 76 45 61 -3 4 0 0.00 0.0 0 3.9 12 350 M M 3 15 330
2 73 49 61 -3 4 0 T 0.0 0 5.2 15 20 M M 5 3 20 10
3 81 45 63 -1 2 0 0.00 0.0 0 3.3 14 330 M M 0 19 290
4 81 50 66 2 0 1 0.00 0.0 0 6.4 17 130 M M 2 23 120
5 76 60 68 3 0 3 1.68 0.0 0 14.9 32 200 M M 10 123 49 210
6 83 70 77 12 0 12 T 0.0 0 10.4 22 200 M M 8 1 30 200
7 73 49 61 -4 4 0 0.00 0.0 0 10.7 22 320 M M 3 32 280
8 68 43 56 -9 9 0 0.00 0.0 0 7.4 21 260 M M 2 37 300
9 69 37 53 -12 12 0 0.00 0.0 0 6.0 16 310 M M 0 27 310
10 75 46 61 -5 4 0 0.00 0.0 0 8.9 21 180 M M 1 28 190
11 74 58 66 0 0 1 0.10 0.0 0 10.5 25 130 M M 7 1 36 140
12 80 64 72 6 0 7 0.00 0.0 0 12.5 22 160 M M 9 1 29 130
13 80 63 72 6 0 7 0.64 0.0 0 14.3 28 340 M M 9 13 39 340
14 76 61 69 3 0 4 0.51 0.0 0 4.3 25 110 M M 8 138 29 120
15 82 62 72 5 0 7 0.00 0.0 0 9.3 16 120 M M 7 22 100
16 85 65 75 8 0 10 0.77 0.0 0 9.2 18 200 M M 6 13 27 190
17 81 64 73 6 0 8 1.98 0.0 0 6.3 M M M M 8 13 M M
18 74 54 64 -3 1 0 0.00 0.0 0 10.4 23 340 M M 5 18 33 340
19 74 48 61 -7 4 0 0.00 0.0 0 7.0 18 30 M M 1 25 10
20 77 50 64 -4 1 0 0.00 0.0 0 12.2 23 120 M M 6 29 120
21 81 62 72 4 0 7 0.00 0.0 0 8.3 17 110 M M 4 24 120
22 83 60 72 4 0 7 0.00 0.0 0 6.9 17 130 M M 2 24 130
23 83 61 72 4 0 7 0.00 0.0 0 9.5 20 130 M M 2 27 120
24 85 63 74 5 0 9 0.00 0.0 0 10.4 21 150 M M 7 18 28 140
25 85 65 75 6 0 10 0.00 0.0 0 5.2 15 220 M M 5 1 22 180
26 78 62 70 1 0 5 0.00 0.0 0 8.0 18 350 M M 6 128 24 340
27 82 53 68 -2 0 3 0.00 0.0 0 7.0 13 340 M M 2 17 340
28 85 51 68 -2 0 3 0.00 0.0 0 4.2 13 160 M M 4 20 140
29 84 64 74 4 0 9 0.02 0.0 0 10.1 26 140 M M 6 128 35 150
30 87 68 78 8 0 13 0.04 0.0 0 8.6 18 190 M M 4 13 27 200
================================================================================
SM 2371 1692 45 133 5.74 0.0 251.3 M 142
================================================================================
AV 79.0 56.4 8.4 FASTST M M 5 MAX(MPH)
MISC ----> 32 200 49 210
================================================================================
NOTES:
# LAST OF SEVERAL OCCURRENCES
COLUMN 17 PEAK WIND IN M.P.H.
PRELIMINARY LOCAL CLIMATOLOGICAL DATA (WS FORM: F-6) , PAGE 2
STATION: MOBILE
MONTH: APRIL
YEAR: 2022
LATITUDE: 30 40 N
LONGITUDE: 88 15 W
[TEMPERATURE DATA] [PRECIPITATION DATA] SYMBOLS USED IN COLUMN 16
AVERAGE MONTHLY: 67.7 TOTAL FOR MONTH: 5.74 1 = FOG OR MIST
DPTR FM NORMAL: 0.8 DPTR FM NORMAL: 0.03 2 = FOG REDUCING VISIBILITY
HIGHEST: 87 ON 30 GRTST 24HR 1.98 ON 17-17 TO 1/4 MILE OR LESS
LOWEST: 37 ON 9 3 = THUNDER
SNOW, ICE PELLETS, HAIL 4 = ICE PELLETS
TOTAL MONTH: 0.0 INCH 5 = HAIL
GRTST 24HR 0.0 6 = FREEZING RAIN OR DRIZZLE
GRTST DEPTH: 0 7 = DUSTSTORM OR SANDSTORM:
VSBY 1/2 MILE OR LESS
8 = SMOKE OR HAZE
[NO. OF DAYS WITH] [WEATHER - DAYS WITH] 9 = BLOWING SNOW
X = TORNADO
MAX 32 OR BELOW: 0 0.01 INCH OR MORE: 8
MAX 90 OR ABOVE: 0 0.10 INCH OR MORE: 6
MIN 32 OR BELOW: 0 0.50 INCH OR MORE: 5
MIN 0 OR BELOW: 0 1.00 INCH OR MORE: 2
[HDD (BASE 65) ]
TOTAL THIS MO. 45 CLEAR (SCALE 0-3) 10
DPTR FM NORMAL -10 PTCLDY (SCALE 4-7) 15
TOTAL FM JUL 1 1508 CLOUDY (SCALE 8-10) 5
DPTR FM NORMAL -105
[CDD (BASE 65) ]
TOTAL THIS MO. 133
DPTR FM NORMAL 21 [PRESSURE DATA]
TOTAL FM JAN 1 217 HIGHEST SLP 30.35 ON 22
DPTR FM NORMAL 34 LOWEST SLP 29.67 ON 6
[REMARKS]
#FINAL-04-22#