000
CXUS54 KMOB 010634
CF6MOB
PRELIMINARY LOCAL CLIMATOLOGICAL DATA (WS FORM: F-6)
STATION: MOBILE
MONTH: OCTOBER
YEAR: 2021
LATITUDE: 30 40 N
LONGITUDE: 88 15 W
TEMPERATURE IN F: :PCPN: SNOW: WIND :SUNSHINE: SKY :PK WND
================================================================================
1 2 3 4 5 6A 6B 7 8 9 10 11 12 13 14 15 16 17 18
12Z AVG MX 2MIN
DY MAX MIN AVG DEP HDD CDD WTR SNW DPTH SPD SPD DIR MIN PSBL S-S WX SPD DR
================================================================================
1 87 67 77 3 0 12 0.04 0.0 0 5.4 24 110 M M 5 1 31 100
2 84 68 76 2 0 11 0.35 0.0 0 5.3 16 150 M M 7 13 21 150
3 78 71 75 1 0 10 0.21 0.0 0 6.3 14 190 M M 7 1 19 160
4 80 69 75 2 0 10 0.21 0.0 0 3.8 15 40 M M 8 13 18 60
5 82 67 75 2 0 10 0.01 0.0 0 3.5 10 100 M M 8 1 14 100
6 85 67 76 3 0 11 0.00 0.0 0 3.7 9 30 M M 6 128 12 350
7 87 66 77 5 0 12 0.00 0.0 0 3.4 12 20 M M 5 128 16 30
8 86 64 75 3 0 10 0.00 0.0 0 5.9 16 20 M M 1 22 20
9 86 61 74 2 0 9 0.00 0.0 0 2.5 10 350 M M 4 8 14 340
10 85 63 74 3 0 9 0.00 0.0 0 3.8 13 140 M M 2 18 20 130
11 84 65 75 4 0 10 0.00 0.0 0 5.2 14 210 M M 4 19 140
12 86 66 76 6 0 11 0.00 0.0 0 3.1 9 100 M M 3 13 100
13 85 66 76 6 0 11 0.00 0.0 0 4.2 15 130 M M 4 1 20 140
14 87 68 78 8 0 13 0.00 0.0 0 4.1 10 190 M M 4 1 14 100
15 88 65 77 8 0 12 0.00 0.0 0 5.1 14 210 M M 4 1 20 180
16 75 51 63 -6 2 0 0.00 0.0 0 11.4 23 350 M M 4 33 340
17 73 44 59 -10 6 0 0.00 0.0 0 7.5 18 10 M M 1 28 40
18 75 50 63 -5 2 0 0.00 0.0 0 4.6 9 10 M M 5 14 50
19 79 50 65 -3 0 0 T 0.0 0 4.7 12 110 M M 4 17 120
20 84 65 75 7 0 10 T 0.0 0 8.4 21 150 M M 6 25 150
21 79 65 72 5 0 7 0.45 0.0 0 3.0 10 180 M M 6 138 15 160
22 86 61 74 7 0 9 0.00 0.0 0 3.7 13 340 M M 5 128 17 340
23 82 58 70 4 0 5 0.00 0.0 0 3.3 10 150 M M 4 14 140
24 77 62 70 4 0 5 0.00 0.0 0 5.8 14 110 M M 6 1 18 100
25 85 67 76 10 0 11 T 0.0 0 4.7 12 310 M M 6 18 18 300
26 80 56 68 3 0 3 0.00 0.0 0 6.0 13 360 M M 3 18 360
27 77 57 67 2 0 2 3.19 0.0 0 9.2 23 340 M M 6 13 30 340
28 74 56 65 1 0 0 0.01 0.0 0 11.2 26 210 M M 6 1 44 230
29 64 53 59 -5 6 0 0.00 0.0 0 7.9 17 260 M M 7 29 250
30 58 48 53 -11 12 0 0.00 0.0 0 5.0 12 280 M M 8 20 290
31 72 42 57 -6 8 0 0.00 0.0 0 1.5 9 340 M M 1 1 14 320
================================================================================
SM 2490 1878 36 213 4.47 0.0 163.2 M 150
================================================================================
AV 80.3 60.6 5.3 FASTST M M 5 MAX(MPH)
MISC ----> 26 210 44 230
================================================================================
NOTES:
# LAST OF SEVERAL OCCURRENCES
COLUMN 17 PEAK WIND IN M.P.H.
PRELIMINARY LOCAL CLIMATOLOGICAL DATA (WS FORM: F-6) , PAGE 2
STATION: MOBILE
MONTH: OCTOBER
YEAR: 2021
LATITUDE: 30 40 N
LONGITUDE: 88 15 W
[TEMPERATURE DATA] [PRECIPITATION DATA] SYMBOLS USED IN COLUMN 16
AVERAGE MONTHLY: 70.5 TOTAL FOR MONTH: 4.47 1 = FOG OR MIST
DPTR FM NORMAL: 1.5 DPTR FM NORMAL: 0.52 2 = FOG REDUCING VISIBILITY
HIGHEST: 88 ON 15 GRTST 24HR 3.20 ON 27-28 TO 1/4 MILE OR LESS
LOWEST: 42 ON 31 3 = THUNDER
SNOW, ICE PELLETS, HAIL 4 = ICE PELLETS
TOTAL MONTH: 0.0 INCH 5 = HAIL
GRTST 24HR 0.0 6 = FREEZING RAIN OR DRIZZLE
GRTST DEPTH: 0 7 = DUSTSTORM OR SANDSTORM:
VSBY 1/2 MILE OR LESS
8 = SMOKE OR HAZE
[NO. OF DAYS WITH] [WEATHER - DAYS WITH] 9 = BLOWING SNOW
X = TORNADO
MAX 32 OR BELOW: 0 0.01 INCH OR MORE: 8
MAX 90 OR ABOVE: 0 0.10 INCH OR MORE: 5
MIN 32 OR BELOW: 0 0.50 INCH OR MORE: 1
MIN 0 OR BELOW: 0 1.00 INCH OR MORE: 1
[HDD (BASE 65) ]
TOTAL THIS MO. 36 CLEAR (SCALE 0-3) 5
DPTR FM NORMAL -13 PTCLDY (SCALE 4-7) 26
TOTAL FM JUL 1 36 CLOUDY (SCALE 8-10) 0
DPTR FM NORMAL -12
[CDD (BASE 65) ]
TOTAL THIS MO. 213
DPTR FM NORMAL 41 [PRESSURE DATA]
TOTAL FM JAN 1 2389 HIGHEST SLP 30.25 ON 17
DPTR FM NORMAL -157 LOWEST SLP 29.52 ON 28
[REMARKS]
#FINAL-10-21#