000
CXUS54 KMOB 010636
CF6MOB
PRELIMINARY LOCAL CLIMATOLOGICAL DATA (WS FORM: F-6)
STATION: MOBILE
MONTH: SEPTEMBER
YEAR: 2021
LATITUDE: 30 40 N
LONGITUDE: 88 15 W
TEMPERATURE IN F: :PCPN: SNOW: WIND :SUNSHINE: SKY :PK WND
================================================================================
1 2 3 4 5 6A 6B 7 8 9 10 11 12 13 14 15 16 17 18
12Z AVG MX 2MIN
DY MAX MIN AVG DEP HDD CDD WTR SNW DPTH SPD SPD DIR MIN PSBL S-S WX SPD DR
================================================================================
1 93 72 83 2 0 18 0.12 0.0 0 5.4 21 350 M M 5 13 29 200
2 90 70 80 -1 0 15 0.00 0.0 0 4.0 14 350 M M 3 19 320
3 91 71 81 1 0 16 0.00 0.0 0 4.2 10 80 M M 5 17 330
4 90 73 82 2 0 17 0.20 0.0 0 4.3 16 60 M M 7 1 22 60
5 89 73 81 1 0 16 0.37 0.0 0 2.9 21 230 M M 5 1 28 230
6 89 70 80 0 0 15 0.02 0.0 0 1.8 13 310 M M 6 13 20 320
7 89 73 81 1 0 16 0.03 0.0 0 4.6 16 180 M M 5 138 20 180
8 83 73 78 -2 0 13 0.77 0.0 0 2.8 9 120 M M 6 138 12 50
9 87 65 76 -4 0 11 0.00 0.0 0 6.7 16 340 M M 5 1 20 350
10 85 62 74 -5 0 9 0.00 0.0 0 6.1 15 20 M M 2 21 10
11 87 61 74 -5 0 9 0.00 0.0 0 3.6 12 160 M M 1 16 140
12 86 71 79 0 0 14 0.28 0.0 0 5.9 20 180 M M 5 18 26 180
13 84 72 78 -1 0 13 T 0.0 0 5.4 17 120 M M 7 23 120
14 79 73 76 -3 0 11 0.12 0.0 0 5.6 12 100 M M 7 1 15 110
15 76 71 74 -4 0 9 3.39 0.0 0 7.7 16 60 M M 9 13 22 70
16 86 73 80 2 0 15 0.99 0.0 0 8.8 25 170 M M 8 1 33 170
17 80 74 77 -1 0 12 0.75 0.0 0 4.7 16 160 M M 7 13 24 150
18 84 73 79 1 0 14 0.11 0.0 0 4.8 15 130 M M 6 1 20 130
19 86 73 80 2 0 15 0.32 0.0 0 4.8 17 30 M M 7 138 22 30
20 87 71 79 2 0 14 0.03 0.0 0 3.0 18 260 M M 5 123 33 260
21 89 71 80 3 0 15 0.27 0.0 0 2.9 21 270 M M 5 138 35 300
22 78 61 70 -7 0 5 0.00 0.0 0 10.4 22 360 M M 5 18 28 360
23 77 55 66 -11 0 1 0.00 0.0 0 8.5 17 30 M M 0 24 350
24 78 54 66 -10 0 1 0.00 0.0 0 5.0 15 360 M M 1 19 30
25 81 53 67 -9 0 2 0.00 0.0 0 4.2 12 350 M M 2 15 340
26 84 57 71 -5 0 6 0.00 0.0 0 3.0 9 30 M M 1 14 40
27 85 59 72 -4 0 7 0.00 0.0 0 2.8 10 170 M M 4 13 180
28 79 71 75 0 0 10 0.11 0.0 0 3.8 14 120 M M 8 13 18 120
29 81 70 76 1 0 11 T 0.0 0 4.3 16 170 M M 7 1 23 120
30 84 69 77 2 0 12 0.00 0.0 0 3.3 16 210 M M 8 18 20 210
================================================================================
SM 2537 2034 0 342 7.88 0.0 145.3 M 152
================================================================================
AV 84.6 67.8 4.8 FASTST M M 5 MAX(MPH)
MISC ----> 25 170 35 300
================================================================================
NOTES:
# LAST OF SEVERAL OCCURRENCES
COLUMN 17 PEAK WIND IN M.P.H.
PRELIMINARY LOCAL CLIMATOLOGICAL DATA (WS FORM: F-6) , PAGE 2
STATION: MOBILE
MONTH: SEPTEMBER
YEAR: 2021
LATITUDE: 30 40 N
LONGITUDE: 88 15 W
[TEMPERATURE DATA] [PRECIPITATION DATA] SYMBOLS USED IN COLUMN 16
AVERAGE MONTHLY: 76.2 TOTAL FOR MONTH: 7.88 1 = FOG OR MIST
DPTR FM NORMAL: -1.9 DPTR FM NORMAL: 2.58 2 = FOG REDUCING VISIBILITY
HIGHEST: 93 ON 1 GRTST 24HR 4.02 ON 15-16 TO 1/4 MILE OR LESS
LOWEST: 53 ON 25 3 = THUNDER
SNOW, ICE PELLETS, HAIL 4 = ICE PELLETS
TOTAL MONTH: 0.0 INCH 5 = HAIL
GRTST 24HR 0.0 6 = FREEZING RAIN OR DRIZZLE
GRTST DEPTH: 0 7 = DUSTSTORM OR SANDSTORM:
VSBY 1/2 MILE OR LESS
8 = SMOKE OR HAZE
[NO. OF DAYS WITH] [WEATHER - DAYS WITH] 9 = BLOWING SNOW
X = TORNADO
MAX 32 OR BELOW: 0 0.01 INCH OR MORE: 16
MAX 90 OR ABOVE: 4 0.10 INCH OR MORE: 13
MIN 32 OR BELOW: 0 0.50 INCH OR MORE: 4
MIN 0 OR BELOW: 0 1.00 INCH OR MORE: 1
[HDD (BASE 65) ]
TOTAL THIS MO. 0 CLEAR (SCALE 0-3) 6
DPTR FM NORMAL -1 PTCLDY (SCALE 4-7) 22
TOTAL FM JUL 1 0 CLOUDY (SCALE 8-10) 2
DPTR FM NORMAL 0
[CDD (BASE 65) ]
TOTAL THIS MO. 342
DPTR FM NORMAL -53 [PRESSURE DATA]
TOTAL FM JAN 1 2176 HIGHEST SLP 30.22 ON 12
DPTR FM NORMAL -198 LOWEST SLP 29.80 ON 1
[REMARKS]
#FINAL-09-21#