000
CXUS54 KMOB 010634
CF6MOB
PRELIMINARY LOCAL CLIMATOLOGICAL DATA (WS FORM: F-6)
STATION: MOBILE
MONTH: AUGUST
YEAR: 2021
LATITUDE: 30 40 N
LONGITUDE: 88 15 W
TEMPERATURE IN F: :PCPN: SNOW: WIND :SUNSHINE: SKY :PK WND
================================================================================
1 2 3 4 5 6A 6B 7 8 9 10 11 12 13 14 15 16 17 18
12Z AVG MX 2MIN
DY MAX MIN AVG DEP HDD CDD WTR SNW DPTH SPD SPD DIR MIN PSBL S-S WX SPD DR
================================================================================
1 95 75 85 3 0 20 0.00 0.0 0 4.2 16 210 M M 4 138 20 210
2 91 72 82 0 0 17 0.68 0.0 0 4.0 20 240 M M 6 13 31 220
3 87 73 80 -2 0 15 T 0.0 0 4.4 12 10 M M 7 18 15 360
4 90 74 82 0 0 17 0.01 0.0 0 6.8 15 360 M M 6 18 22 20
5 90 69 80 -2 0 15 0.20 0.0 0 2.9 16 180 M M 6 13 20 170
6 89 73 81 -1 0 16 0.00 0.0 0 3.5 14 140 M M 6 1 22 150
7 91 70 81 -1 0 16 0.00 0.0 0 2.4 12 180 M M 3 1 14 150
8 91 73 82 0 0 17 0.00 0.0 0 3.6 14 170 M M 3 18 18 170
9 92 74 83 1 0 18 T 0.0 0 3.3 18 160 M M 5 13 24 150
10 91 74 83 1 0 18 0.12 0.0 0 3.4 20 200 M M 4 13 28 240
11 89 72 81 -1 0 16 0.04 0.0 0 3.0 18 180 M M 4 3 27 180
12 83 72 78 -4 0 13 0.17 0.0 0 2.7 15 140 M M 5 13 21 170
13 92 71 82 0 0 17 0.19 0.0 0 2.7 9 140 M M 4 1 14 260
14 93 73 83 1 0 18 0.38 0.0 0 3.3 26 170 M M 4 13 33 170
15 90 73 82 0 0 17 0.14 0.0 0 6.4 15 130 M M 4 13 22 150
16 89 72 81 -1 0 16 T 0.0 0 8.4 18 40 M M 5 26 50
17 93 69 81 -1 0 16 0.00 0.0 0 3.6 14 170 M M 2 17 170
18 91 74 83 1 0 18 0.21 0.0 0 5.1 16 130 M M 5 13 21 130
19 91 76 84 2 0 19 0.00 0.0 0 5.3 15 190 M M 5 3 20 170
20 91 73 82 0 0 17 0.98 0.0 0 4.0 22 340 M M 5 13 31 320
21 90 73 82 0 0 17 0.00 0.0 0 4.5 14 210 M M 5 18 200
22 94 73 84 2 0 19 0.20 0.0 0 4.7 25 360 M M 3 13 33 360
23 94 74 84 2 0 19 0.39 0.0 0 3.0 12 180 M M 6 138 17 210
24 96 73 85 3 0 20 0.00 0.0 0 3.8 20 130 M M 6 3 23 130
25 92 76 84 3 0 19 T 0.0 0 5.0 24 130 M M 5 1 33 130
26 90 73 82 1 0 17 0.06 0.0 0 6.5 20 120 M M 5 13 23 110
27 84 72 78 -3 0 13 T 0.0 0 6.9 16 130 M M 4 21 130
28 89 73 81 0 0 16 0.03 0.0 0 8.7 17 100 M M 6 18 24 120
29 79 72 76 -5 0 11 2.60 0.0 0 14.7 29 120 M M 8 1238 39 100
30 81 73 77 -4 0 12 4.65 0.0 0 19.7 37 170 M M 9 13 54 170
31 90 73 82 1 0 17 2.12 0.0 0 9.0 29 210 M M 6 13 45 220
================================================================================
SM 2788 2257 0 516 13.17 0.0 169.5 M 156
================================================================================
AV 89.9 72.8 5.5 FASTST M M 5 MAX(MPH)
MISC ----> 37 170 54 170
================================================================================
NOTES:
# LAST OF SEVERAL OCCURRENCES
COLUMN 17 PEAK WIND IN M.P.H.
PRELIMINARY LOCAL CLIMATOLOGICAL DATA (WS FORM: F-6) , PAGE 2
STATION: MOBILE
MONTH: AUGUST
YEAR: 2021
LATITUDE: 30 40 N
LONGITUDE: 88 15 W
[TEMPERATURE DATA] [PRECIPITATION DATA] SYMBOLS USED IN COLUMN 16
AVERAGE MONTHLY: 81.4 TOTAL FOR MONTH: 13.17 1 = FOG OR MIST
DPTR FM NORMAL: -0.5 DPTR FM NORMAL: 6.30 2 = FOG REDUCING VISIBILITY
HIGHEST: 96 ON 24 GRTST 24HR 6.14 ON 29-30 TO 1/4 MILE OR LESS
LOWEST: 69 ON 17, 5 3 = THUNDER
SNOW, ICE PELLETS, HAIL 4 = ICE PELLETS
TOTAL MONTH: 0.0 INCH 5 = HAIL
GRTST 24HR 0.0 6 = FREEZING RAIN OR DRIZZLE
GRTST DEPTH: 0 7 = DUSTSTORM OR SANDSTORM:
VSBY 1/2 MILE OR LESS
8 = SMOKE OR HAZE
[NO. OF DAYS WITH] [WEATHER - DAYS WITH] 9 = BLOWING SNOW
X = TORNADO
MAX 32 OR BELOW: 0 0.01 INCH OR MORE: 18
MAX 90 OR ABOVE: 22 0.10 INCH OR MORE: 14
MIN 32 OR BELOW: 0 0.50 INCH OR MORE: 5
MIN 0 OR BELOW: 0 1.00 INCH OR MORE: 3
[HDD (BASE 65) ]
TOTAL THIS MO. 0 CLEAR (SCALE 0-3) 3
DPTR FM NORMAL 0 PTCLDY (SCALE 4-7) 27
TOTAL FM JUL 1 0 CLOUDY (SCALE 8-10) 1
DPTR FM NORMAL 0
[CDD (BASE 65) ]
TOTAL THIS MO. 516
DPTR FM NORMAL -6 [PRESSURE DATA]
TOTAL FM JAN 1 1834 HIGHEST SLP 30.20 ON 12
DPTR FM NORMAL -145 LOWEST SLP 29.70 ON 31
[REMARKS]
#FINAL-08-21#