000
CXUS54 KMOB 011204
CF6MOB
PRELIMINARY LOCAL CLIMATOLOGICAL DATA (WS FORM: F-6)
STATION: MOBILE
MONTH: JULY
YEAR: 2021
LATITUDE: 30 40 N
LONGITUDE: 88 15 W
TEMPERATURE IN F: :PCPN: SNOW: WIND :SUNSHINE: SKY :PK WND
================================================================================
1 2 3 4 5 6A 6B 7 8 9 10 11 12 13 14 15 16 17 18
12Z AVG MX 2MIN
DY MAX MIN AVG DEP HDD CDD WTR SNW DPTH SPD SPD DIR MIN PSBL S-S WX SPD DR
================================================================================
1 83 72 78 -4 0 13 0.76 0.0 0 3.9 16 200 M M 7 12 19 190
2 88 72 80 -2 0 15 0.17 0.0 0 3.5 14 260 M M 6 13 22 250
3 87 72 80 -2 0 15 0.05 0.0 0 3.4 16 150 M M 5 13 19 150
4 88 72 80 -2 0 15 0.53 0.0 0 6.0 16 210 M M 6 1238 21 190
5 86 73 80 -2 0 15 0.14 0.0 0 5.5 16 150 M M 7 138 20 170
6 78 73 76 -6 0 11 0.61 0.0 0 5.3 16 110 M M 8 13 21 100
7 84 73 79 -3 0 14 0.07 0.0 0 4.2 12 200 M M 7 1 15 200
8 89 73 81 -1 0 16 T 0.0 0 3.0 17 200 M M 4 3 23 200
9 86 72 79 -3 0 14 0.14 0.0 0 5.9 13 200 M M 6 138 19 220
10 84 73 79 -3 0 14 0.11 0.0 0 4.3 16 310 M M 5 13 28 300
11 86 72 79 -3 0 14 0.06 0.0 0 4.2 17 310 M M 6 138 28 300
12 88 72 80 -2 0 15 0.83 0.0 0 6.4 29 200 M M 6 138 41 210
13 88 69 79 -3 0 14 0.47 0.0 0 4.1 14 180 M M 4 13 17 180
14 89 71 80 -2 0 15 0.00 0.0 0 3.5 15 160 M M 5 19 160
15 90 72 81 -1 0 16 0.00 0.0 0 3.7 12 180 M M 5 1 15 170
16 86 73 80 -2 0 15 0.32 0.0 0 4.3 21 150 M M 4 138 29 140
17 86 73 80 -2 0 15 0.05 0.0 0 3.2 14 120 M M 5 13 18 110
18 85 72 79 -3 0 14 0.25 0.0 0 3.2 18 100 M M 4 138 23 100
19 88 72 80 -2 0 15 1.53 0.0 0 4.7 21 190 M M 5 13 30 280
20 85 74 80 -2 0 15 0.08 0.0 0 4.7 17 160 M M 5 138 23 160
21 88 72 80 -2 0 15 0.39 0.0 0 5.8 15 190 M M 6 1 19 190
22 92 76 84 2 0 19 0.00 0.0 0 5.9 14 200 M M 3 17 210
23 93 75 84 2 0 19 0.48 0.0 0 4.3 25 350 M M 4 138 33 340
24 93 74 84 2 0 19 T 0.0 0 5.4 14 20 M M 2 138 21 330
25 90 74 82 0 0 17 0.03 0.0 0 3.5 16 200 M M 4 138 22 220
26 92 74 83 1 0 18 0.00 0.0 0 3.0 10 210 M M 3 18 14 210
27 93 73 83 1 0 18 0.00 0.0 0 3.6 13 200 M M 4 18 16 210
28 95 73 84 2 0 19 0.98 0.0 0 4.2 25 50 M M 6 13 33 60
29 95 73 84 2 0 19 T 0.0 0 3.5 16 210 M M 6 3 23 200
30 94 76 85 3 0 20 0.00 0.0 0 3.3 10 20 M M 5 3 12 20
31 94 75 85 3 0 20 0.00 0.0 0 3.5 10 230 M M 4 18 16 220
================================================================================
SM 2743 2260 0 493 8.05 0.0 133.0 M 157
================================================================================
AV 88.5 72.9 4.3 FASTST M M 5 MAX(MPH)
MISC ----> 29 200 41 210
================================================================================
NOTES:
# LAST OF SEVERAL OCCURRENCES
COLUMN 17 PEAK WIND IN M.P.H.
PRELIMINARY LOCAL CLIMATOLOGICAL DATA (WS FORM: F-6) , PAGE 2
STATION: MOBILE
MONTH: JULY
YEAR: 2021
LATITUDE: 30 40 N
LONGITUDE: 88 15 W
[TEMPERATURE DATA] [PRECIPITATION DATA] SYMBOLS USED IN COLUMN 16
AVERAGE MONTHLY: 80.7 TOTAL FOR MONTH: 8.05 1 = FOG OR MIST
DPTR FM NORMAL: -1.3 DPTR FM NORMAL: 0.36 2 = FOG REDUCING VISIBILITY
HIGHEST: 95 ON 29,28 GRTST 24HR 1.53 ON 19-19 TO 1/4 MILE OR LESS
LOWEST: 69 ON 13 3 = THUNDER
SNOW, ICE PELLETS, HAIL 4 = ICE PELLETS
TOTAL MONTH: 0.0 INCH 5 = HAIL
GRTST 24HR 0.0 6 = FREEZING RAIN OR DRIZZLE
GRTST DEPTH: 0 7 = DUSTSTORM OR SANDSTORM:
VSBY 1/2 MILE OR LESS
8 = SMOKE OR HAZE
[NO. OF DAYS WITH] [WEATHER - DAYS WITH] 9 = BLOWING SNOW
X = TORNADO
MAX 32 OR BELOW: 0 0.01 INCH OR MORE: 21
MAX 90 OR ABOVE: 11 0.10 INCH OR MORE: 15
MIN 32 OR BELOW: 0 0.50 INCH OR MORE: 6
MIN 0 OR BELOW: 0 1.00 INCH OR MORE: 1
[HDD (BASE 65) ]
TOTAL THIS MO. 0 CLEAR (SCALE 0-3) 2
DPTR FM NORMAL 0 PTCLDY (SCALE 4-7) 29
TOTAL FM JUL 1 0 CLOUDY (SCALE 8-10) 0
DPTR FM NORMAL 0
[CDD (BASE 65) ]
TOTAL THIS MO. 493
DPTR FM NORMAL -34 [PRESSURE DATA]
TOTAL FM JAN 1 1318 HIGHEST SLP 30.26 ON 14
DPTR FM NORMAL -139 LOWEST SLP 29.89 ON 3
[REMARKS]
#FINAL-07-21#