000
CXUS54 KMOB 011422
CF6MOB
PRELIMINARY LOCAL CLIMATOLOGICAL DATA (WS FORM: F-6)
STATION: MOBILE
MONTH: MAY
YEAR: 2021
LATITUDE: 30 40 N
LONGITUDE: 88 15 W
TEMPERATURE IN F: :PCPN: SNOW: WIND :SUNSHINE: SKY :PK WND
================================================================================
1 2 3 4 5 6A 6B 7 8 9 10 11 12 13 14 15 16 17 18
12Z AVG MX 2MIN
DY MAX MIN AVG DEP HDD CDD WTR SNW DPTH SPD SPD DIR MIN PSBL S-S WX SPD DR
================================================================================
1 82 59 71 1 0 6 0.00 0.0 0 5.8 15 60 M M 6 21 70
2 76 62 69 -2 0 4 1.12 0.0 0 8.9 21 190 M M 6 13 30 120
3 82 68 75 4 0 10 0.19 0.0 0 13.4 24 190 M M 10 138 35 180
4 84 66 75 4 0 10 1.28 0.0 0 11.9 30 340 M M 10 1238 42 320
5 76 63 70 -2 0 5 0.73 0.0 0 5.3 15 140 M M 8 138 19 10
6 81 56 69 -3 0 4 0.00 0.0 0 6.3 16 360 M M 2 23 30
7 80 53 67 -5 0 2 0.00 0.0 0 4.9 20 340 M M 1 27 350
8 79 55 67 -5 0 2 0.00 0.0 0 5.2 14 190 M M 1 21 160
9 82 62 72 -1 0 7 0.00 0.0 0 10.6 22 180 M M 3 32 180
10 78 67 73 0 0 8 0.61 0.0 0 5.2 17 170 M M 7 13 22 160
11 74 66 70 -3 0 5 0.86 0.0 0 3.8 18 270 M M 7 13 31 270
12 79 63 71 -2 0 6 1.14 0.0 0 8.3 20 10 M M 8 13 26 10
13 75 59 67 -7 0 2 0.00 0.0 0 9.0 17 360 M M 6 27 30
14 79 55 67 -7 0 2 0.00 0.0 0 4.7 14 40 M M 1 19 10
15 79 55 67 -7 0 2 0.00 0.0 0 4.4 16 140 M M 3 25 160
16 81 56 69 -5 0 4 0.00 0.0 0 7.3 17 120 M M 4 24 150
17 83 61 72 -3 0 7 0.00 0.0 0 11.3 22 120 M M 6 28 120
18 80 68 74 -1 0 9 0.01 0.0 0 14.3 28 120 M M 7 1 44 140
19 81 72 77 2 0 12 T 0.0 0 15.1 28 100 M M 8 38 150
20 82 68 75 0 0 10 0.00 0.0 0 16.2 29 120 M M 6 40 110
21 83 65 74 -2 0 9 0.00 0.0 0 13.2 28 130 M M 5 37 120
22 83 62 73 -3 0 8 0.00 0.0 0 7.8 16 120 M M 5 24 120
23 87 61 74 -2 0 9 0.00 0.0 0 4.1 14 140 M M 5 19 100
24 87 62 75 -1 0 10 0.00 0.0 0 4.4 15 160 M M 5 22 160
25 87 60 74 -3 0 9 0.00 0.0 0 4.6 16 200 M M 3 21 160
26 86 62 74 -3 0 9 0.00 0.0 0 4.6 17 180 M M 4 1 22 180
27 88 65 77 0 0 12 0.00 0.0 0 5.7 17 180 M M 4 23 180
28 87 68 78 1 0 13 0.01 0.0 0 7.5 20 190 M M 4 3 29 160
29 86 64 75 -3 0 10 T 0.0 0 7.0 18 10 M M 3 28 10
30 83 56 70 -8 0 5 0.00 0.0 0 7.9 14 350 M M 2 19 350
31 87 58 73 -5 0 8 0.00 0.0 0 6.3 14 140 M M 6 1 19 130
================================================================================
SM 2537 1917 0 219 5.95 0.0 245.0 M 156
================================================================================
AV 81.8 61.8 7.9 FASTST M M 5 MAX(MPH)
MISC ----> 30 340 44 140
================================================================================
NOTES:
# LAST OF SEVERAL OCCURRENCES
COLUMN 17 PEAK WIND IN M.P.H.
PRELIMINARY LOCAL CLIMATOLOGICAL DATA (WS FORM: F-6) , PAGE 2
STATION: MOBILE
MONTH: MAY
YEAR: 2021
LATITUDE: 30 40 N
LONGITUDE: 88 15 W
[TEMPERATURE DATA] [PRECIPITATION DATA] SYMBOLS USED IN COLUMN 16
AVERAGE MONTHLY: 71.8 TOTAL FOR MONTH: 5.95 1 = FOG OR MIST
DPTR FM NORMAL: -2.6 DPTR FM NORMAL: 0.56 2 = FOG REDUCING VISIBILITY
HIGHEST: 88 ON 27 GRTST 24HR 1.99 ON 4- 5 TO 1/4 MILE OR LESS
LOWEST: 53 ON 7 3 = THUNDER
SNOW, ICE PELLETS, HAIL 4 = ICE PELLETS
TOTAL MONTH: 0.0 INCH 5 = HAIL
GRTST 24HR 0.0 6 = FREEZING RAIN OR DRIZZLE
GRTST DEPTH: 0 7 = DUSTSTORM OR SANDSTORM:
VSBY 1/2 MILE OR LESS
8 = SMOKE OR HAZE
[NO. OF DAYS WITH] [WEATHER - DAYS WITH] 9 = BLOWING SNOW
X = TORNADO
MAX 32 OR BELOW: 0 0.01 INCH OR MORE: 9
MAX 90 OR ABOVE: 0 0.10 INCH OR MORE: 7
MIN 32 OR BELOW: 0 0.50 INCH OR MORE: 6
MIN 0 OR BELOW: 0 1.00 INCH OR MORE: 3
[HDD (BASE 65) ]
TOTAL THIS MO. 0 CLEAR (SCALE 0-3) 7
DPTR FM NORMAL -4 PTCLDY (SCALE 4-7) 20
TOTAL FM JUL 1 1630 CLOUDY (SCALE 8-10) 4
DPTR FM NORMAL 17
[CDD (BASE 65) ]
TOTAL THIS MO. 219
DPTR FM NORMAL -75 [PRESSURE DATA]
TOTAL FM JAN 1 389 HIGHEST SLP 30.30 ON 22
DPTR FM NORMAL -88 LOWEST SLP 29.76 ON 2
[REMARKS]
#FINAL-05-21#