000
CXUS54 KMOB 011524
CF6MOB
PRELIMINARY LOCAL CLIMATOLOGICAL DATA (WS FORM: F-6)
STATION: MOBILE
MONTH: SEPTEMBER
YEAR: 2023
LATITUDE: 30 40 N
LONGITUDE: 88 15 W
TEMPERATURE IN F: :PCPN: SNOW: WIND :SUNSHINE: SKY :PK WND
================================================================================
1 2 3 4 5 6A 6B 7 8 9 10 11 12 13 14 15 16 17 18
12Z AVG MX 2MIN
DY MAX MIN AVG DEP HDD CDD WTR SNW DPTH SPD SPD DIR MIN PSBL S-S WX SPD DR
================================================================================
1 89 75 82 1 0 17 0.02 0.0 0 5.7 16 150 M M 5 21 150
2 90 77 84 3 0 19 0.55 0.0 0 5.8 17 120 M M 6 138 23 110
3 94 77 86 6 0 21 0.00 0.0 0 8.7 23 130 M M 6 30 130
4 94 75 85 5 0 20 0.00 0.0 0 7.5 16 130 M M 3 27 130
5 94 72 83 3 0 18 0.00 0.0 0 4.8 15 140 M M 2 22 140
6 97 74 86 6 0 21 0.00 0.0 0 3.3 12 180 M M 3 15 190
7 99 74 87 7 0 22 0.32 0.0 0 5.2 26 190 M M 5 38 37 190
8 94 72 83 3 0 18 0.00 0.0 0 3.3 14 320 M M 4 25 310
9 94 67 81 1 0 16 0.00 0.0 0 3.9 10 340 M M 2 15 350
10 95 70 83 4 0 18 0.00 0.0 0 3.5 10 190 M M 3 14 220
11 95 70 83 4 0 18 0.00 0.0 0 3.6 16 160 M M 4 22 180
12 93 75 84 5 0 19 0.01 0.0 0 3.7 15 110 M M 5 138 20 100
13 95 73 84 5 0 19 0.26 0.0 0 3.5 21 140 M M 5 138 27 150
14 93 72 83 4 0 18 0.40 0.0 0 3.6 20 180 M M 6 18 23 170
15 92 73 83 5 0 18 0.00 0.0 0 3.4 9 350 M M 5 14 310
16 92 74 83 5 0 18 0.28 0.0 0 3.7 20 190 M M 6 138 28 200
17 92 68 80 2 0 15 0.00 0.0 0 6.0 15 360 M M 4 18 22 340
18 91 64 78 0 0 13 0.00 0.0 0 3.3 17 10 M M 1 24 20
19 90 63 77 -1 0 12 0.00 0.0 0 4.0 12 150 M M 1 17 200
20 88 65 77 0 0 12 0.00 0.0 0 7.9 21 120 M M 6 27 120
21 93 70 82 5 0 17 0.00 0.0 0 5.3 13 130 M M 5 18 360
22 91 70 81 4 0 16 0.00 0.0 0 5.1 13 360 M M 5 23 50
23 92 67 80 3 0 15 0.00 0.0 0 1.2 13 340 M M 1 20 330
24 91 66 79 3 0 14 0.00 0.0 0 3.1 14 170 M M 4 18 180
25 92 70 81 5 0 16 0.00 0.0 0 3.5 9 20 M M 5 12 30
26 95 71 83 7 0 18 0.27 0.0 0 5.7 21 50 M M 5 13 30 70
27 84 72 78 2 0 13 0.01 0.0 0 8.1 14 80 M M 7 18 19 40
28 81 70 76 1 0 11 0.00 0.0 0 7.1 15 20 M M 8 20 40
29 90 67 79 4 0 14 0.00 0.0 0 5.6 13 40 M M 5 17 40
30 92 67 80 5 0 15 0.00 0.0 0 6.9 17 20 M M 2 24 20
================================================================================
SM 2762 2120 0 501 2.12 0.0 146.0 M 129
================================================================================
AV 92.1 70.7 4.9 FASTST M M 4 MAX(MPH)
MISC ----> 26 190 37 190
================================================================================
NOTES:
# LAST OF SEVERAL OCCURRENCES
COLUMN 17 PEAK WIND IN M.P.H.
PRELIMINARY LOCAL CLIMATOLOGICAL DATA (WS FORM: F-6) , PAGE 2
STATION: MOBILE
MONTH: SEPTEMBER
YEAR: 2023
LATITUDE: 30 40 N
LONGITUDE: 88 15 W
[TEMPERATURE DATA] [PRECIPITATION DATA] SYMBOLS USED IN COLUMN 16
AVERAGE MONTHLY: 81.4 TOTAL FOR MONTH: 2.12 1 = FOG OR MIST
DPTR FM NORMAL: 3.3 DPTR FM NORMAL: -3.18 2 = FOG REDUCING VISIBILITY
HIGHEST: 99 ON 7 GRTST 24HR 0.98 ON 20-20 TO 1/4 MILE OR LESS
LOWEST: 63 ON 19 3 = THUNDER
SNOW, ICE PELLETS, HAIL 4 = ICE PELLETS
TOTAL MONTH: 0.0 INCH 5 = HAIL
GRTST 24HR 0.0 6 = FREEZING RAIN OR DRIZZLE
GRTST DEPTH: 0 7 = DUSTSTORM OR SANDSTORM:
VSBY 1/2 MILE OR LESS
8 = SMOKE OR HAZE
[NO. OF DAYS WITH] [WEATHER - DAYS WITH] 9 = BLOWING SNOW
X = TORNADO
MAX 32 OR BELOW: 0 0.01 INCH OR MORE: 9
MAX 90 OR ABOVE: 26 0.10 INCH OR MORE: 6
MIN 32 OR BELOW: 0 0.50 INCH OR MORE: 1
MIN 0 OR BELOW: 0 1.00 INCH OR MORE: 0
[HDD (BASE 65) ]
TOTAL THIS MO. 0 CLEAR (SCALE 0-3) 7
DPTR FM NORMAL -1 PTCLDY (SCALE 4-7) 23
TOTAL FM JUL 1 0 CLOUDY (SCALE 8-10) 0
DPTR FM NORMAL 0
[CDD (BASE 65) ]
TOTAL THIS MO. 501
DPTR FM NORMAL 106 [PRESSURE DATA]
TOTAL FM JAN 1 3106 HIGHEST SLP 30.11 ON 30
DPTR FM NORMAL 732 LOWEST SLP 29.84 ON 8
[REMARKS]
#FINAL-09-23#