000
CXUS56 KSTO 150921
CF6MOD
PRELIMINARY LOCAL CLIMATOLOGICAL DATA (WS FORM: F-6)
STATION: MODESTO CA
MONTH: AUGUST
YEAR: 2022
LATITUDE: 37 37 N
LONGITUDE: 120 57 W
TEMPERATURE IN F: :PCPN: SNOW: WIND :SUNSHINE: SKY :PK WND
================================================================================
1 2 3 4 5 6A 6B 7 8 9 10 11 12 13 14 15 16 17 18
12Z AVG MX 2MIN
DY MAX MIN AVG DEP HDD CDD WTR SNW DPTH SPD SPD DIR MIN PSBL S-S WX SPD DR
================================================================================
1 88 69 79 0 0 14 T M M 9.0 18 320 M M 4 22 320
2 99 71 85 6 0 20 0.00 M M 10.4 21 320 M M 0 26 310
3 100 70 85 6 0 20 0.00 0.0 M 8.6 18 340 M M 0 22 320
4 99 73 86 7 0 21 0.00 M M 8.0 17 340 M M 0 24 340
5 88 66 77 -2 0 12 0.00 0.0 M 8.0 16 320 M M 3 20 330
6 88 62 75 -3 0 10 0.00 0.0 M 10.1 16 330 M M 0 22 320
7 91 61 76 -2 0 11 0.00 M M 10.4 20 300 M M 0 22 300
8 91 61 76 -2 0 11 0.00 0.0 M 10.2 17 340 M M 0 21 350
9 90 63 77 -1 0 12 0.00 M M 10.8 21 320 M M 0 26 320
10 89 60 75 -3 0 10 0.00 M M 9.2 17 340 M M 0 20 330
11 92 64 78 0 0 13 0.00 0.0 M 9.5 17 310 M M 0 25 320
12 93 61 77 -1 0 12 0.00 0.0 M 9.8 18 320 M M 0 22 320
13 95 62 79 1 0 14 0.00 0.0 M 8.4 20 320 M M 0 23 320
14 97 61 79 1 0 14 0.00 M M 8.2 16 320 M M 0 20 310
15 99 61 80 2 0 15 0.00 M M 5.4 13 330 M M 0 17 340
16 103 63 83 5 0 18 0.00 0.0 0 4.9 14 330 M M 0 20 310
17 96 71 84 6 0 19 0.00 0.0 0 5.9 16 330 M M 1 19 320
18 101 70 86 8 0 21 0.00 M M 9.2 18 300 M M 0 22 300
19 100 66 83 5 0 18 0.00 M M 6.5 14 320 M M 0 17 300
20 101 64 83 5 0 18 0.00 M M 5.8 13 280 M M 0 8 16 320
21 95 67 81 4 0 16 0.00 M M 8.1 18 320 M M 0 22 340
22 97 64 81 4 0 16 0.00 M M 9.1 20 300 M M 0 24 300
23 98 68 83 6 0 18 0.00 M M 7.2 13 330 M M 0 8 18 310
24 99 68 84 7 0 19 0.00 M M 6.2 15 320 M M 0 19 320
25 95 65 80 3 0 15 0.00 M M 7.6 14 330 M M 0 19 320
26 93 62 78 1 0 13 0.00 M M 8.5 14 320 M M 0 8 18 320
27 93 64 79 2 0 14 0.00 M M 7.7 15 340 M M 0 19 320
28 89 61 75 -2 0 10 0.00 M M 9.0 15 320 M M 0 8 18 300
29 92 61 77 0 0 12 0.00 M M 9.1 16 330 M M 0 19 330
30 94 63 79 2 0 14 0.00 M M 8.5 16 320 M M 0 21 320
31 95 62 79 3 0 14 0.00 M M 9.2 16 330 M M 0 20 300
================================================================================
SM 2940 2004 0 464 T 0.0 258.5 M 8
================================================================================
AV 94.8 64.6 8.3 FASTST M M 0 MAX(MPH)
MISC ----> # 21 320 # 26 310
================================================================================
NOTES:
# LAST OF SEVERAL OCCURRENCES
COLUMN 17 PEAK WIND IN M.P.H.
PRELIMINARY LOCAL CLIMATOLOGICAL DATA (WS FORM: F-6) , PAGE 2
STATION: MODESTO CA
MONTH: AUGUST
YEAR: 2022
LATITUDE: 37 37 N
LONGITUDE: 120 57 W
[TEMPERATURE DATA] [PRECIPITATION DATA] SYMBOLS USED IN COLUMN 16
AVERAGE MONTHLY: 79.7 TOTAL FOR MONTH: T 1 = FOG OR MIST
DPTR FM NORMAL: 1.9 DPTR FM NORMAL: -0.01 2 = FOG REDUCING VISIBILITY
HIGHEST: 103 ON 16 GRTST 24HR T ON 1- 1 TO 1/4 MILE OR LESS
LOWEST: 60 ON 10 3 = THUNDER
SNOW, ICE PELLETS, HAIL 4 = ICE PELLETS
TOTAL MONTH: 0.0 INCH 5 = HAIL
GRTST 24HR 0.0 6 = FREEZING RAIN OR DRIZZLE
GRTST DEPTH: 0 7 = DUSTSTORM OR SANDSTORM:
VSBY 1/2 MILE OR LESS
8 = SMOKE OR HAZE
[NO. OF DAYS WITH] [WEATHER - DAYS WITH] 9 = BLOWING SNOW
X = TORNADO
MAX 32 OR BELOW: 0 0.01 INCH OR MORE: 0
MAX 90 OR ABOVE: 26 0.10 INCH OR MORE: 0
MIN 32 OR BELOW: 0 0.50 INCH OR MORE: 0
MIN 0 OR BELOW: 0 1.00 INCH OR MORE: 0
[HDD (BASE 65) ]
TOTAL THIS MO. 0 CLEAR (SCALE 0-3) 30
DPTR FM NORMAL 0 PTCLDY (SCALE 4-7) 1
TOTAL FM JUL 1 0 CLOUDY (SCALE 8-10) 0
DPTR FM NORMAL 0
[CDD (BASE 65) ]
TOTAL THIS MO. 464
DPTR FM NORMAL 69 [PRESSURE DATA]
TOTAL FM JAN 1 1427 HIGHEST SLP 30.05 ON 10
DPTR FM NORMAL 150 LOWEST SLP 29.67 ON 19
[REMARKS]
#FINAL-08-22#