000
CXUS53 KBIS 010830
CF6MOT
PRELIMINARY LOCAL CLIMATOLOGICAL DATA (WS FORM: F-6)
STATION: MINOT ND
MONTH: SEPTEMBER
YEAR: 2022
LATITUDE: 48 15 N
LONGITUDE: 101 16 W
TEMPERATURE IN F: :PCPN: SNOW: WIND :SUNSHINE: SKY :PK WND
================================================================================
1 2 3 4 5 6A 6B 7 8 9 10 11 12 13 14 15 16 17 18
12Z AVG MX 2MIN
DY MAX MIN AVG DEP HDD CDD WTR SNW DPTH SPD SPD DIR MIN PSBL S-S WX SPD DR
================================================================================
1 99 65 82 16 0 17 T M M 11.6 23 290 M M 0 32 160
2 77 54 66 0 0 1 0.00 M M 11.1 20 320 M M 0 28 320
3 85 46 66 1 0 1 0.00 M M 7.3 17 180 M M 0 23 160
4 93 54 74 9 0 9 0.00 M M 13.7 25 120 M M 0 35 130
5 95 55 75 11 0 10 0.00 M M 7.5 15 280 M M 0 20 260
6 84 55 70 6 0 5 0.00 M M 7.7 15 10 M M 0 22 320
7 93 48 71 7 0 6 0.00 M M 9.0 22 150 M M 0 33 160
8 84 56 70 7 0 5 0.00 M M 13.0 25 300 M M 1 34 290
9 71 48 60 -3 5 0 0.00 M M 12.3 21 280 M M 2 28 300
10 71 48 60 -2 5 0 0.00 M M 9.6 22 280 M M 2 32 320
11 83 53 68 6 0 3 0.00 M M 8.6 16 200 M M 0 28 200
12 90 52 71 9 0 6 0.00 M M 9.3 20 360 M M 0 28 350
13 68 45 57 -4 8 0 0.00 M M 9.8 18 70 M M 0 24 80
14 76 43 60 -1 5 0 0.00 M M 11.1 23 80 M M 1 30 110
15 62 54 58 -2 7 0 0.01 M M 10.7 18 360 M M 9 18 23 360
16 58 54 56 -4 9 0 0.00 M M 6.5 13 350 M M 10 16 340
17 68 53 61 1 4 0 0.00 M M 3.4 12 270 M M 8 1 16 240
18 82 51 67 8 0 2 0.00 M M 8.1 20 250 M M 1 27 270
19 88 49 69 10 0 4 0.00 M M 7.7 25 280 M M 1 31 280
20 72 51 62 4 3 0 T M M 16.7 25 280 M M 5 34 270
21 65 40 53 -5 12 0 0.00 M M 14.3 28 310 M M 1 39 320
22 67 31 49 -8 16 0 0.37 M M 9.8 23 120 M M 2 1 32 130
23 64 50 57 0 8 0 0.17 M M 9.7 20 280 M M 8 1 25 290
24 73 49 61 5 4 0 0.00 M M 16.0 31 300 M M 2 41 300
25 68 48 58 2 7 0 0.00 M M 14.7 28 320 M M 0 37 330
26 76 49 63 7 2 0 0.00 M M 7.3 15 320 M M 3 23 310
27 67 36 52 -3 13 0 0.00 M M 8.5 16 100 M M 0 32 110
28 80 41 61 6 4 0 0.00 M M 11.6 23 170 M M 0 33 140
29 81 42 62 8 3 0 0.00 M M 4.7 14 100 M M 0 18 170
30 77 43 60 6 5 0 0.00 M M 9.9 21 40 M M 0 28 30
================================================================================
SM 2317 1463 120 69 0.55 M 301.2 M 56
================================================================================
AV 77.2 48.8 10.0 FASTST M M 2 MAX(MPH)
MISC ----> 31 300 41 300
================================================================================
NOTES:
# LAST OF SEVERAL OCCURRENCES
COLUMN 17 PEAK WIND IN M.P.H.
PRELIMINARY LOCAL CLIMATOLOGICAL DATA (WS FORM: F-6) , PAGE 2
STATION: MINOT ND
MONTH: SEPTEMBER
YEAR: 2022
LATITUDE: 48 15 N
LONGITUDE: 101 16 W
[TEMPERATURE DATA] [PRECIPITATION DATA] SYMBOLS USED IN COLUMN 16
AVERAGE MONTHLY: 63.0 TOTAL FOR MONTH: 0.55 1 = FOG OR MIST
DPTR FM NORMAL: 2.9 DPTR FM NORMAL: -1.02 2 = FOG REDUCING VISIBILITY
HIGHEST: 99 ON 1 GRTST 24HR 0.53 ON 22-23 TO 1/4 MILE OR LESS
LOWEST: 31 ON 22 3 = THUNDER
SNOW, ICE PELLETS, HAIL 4 = ICE PELLETS
TOTAL MONTH: M 5 = HAIL
GRTST 24HR M ON M 6 = FREEZING RAIN OR DRIZZLE
GRTST DEPTH: M ON M 7 = DUSTSTORM OR SANDSTORM:
VSBY 1/2 MILE OR LESS
8 = SMOKE OR HAZE
[NO. OF DAYS WITH] [WEATHER - DAYS WITH] 9 = BLOWING SNOW
X = TORNADO
MAX 32 OR BELOW: 0 0.01 INCH OR MORE: 3
MAX 90 OR ABOVE: 5 0.10 INCH OR MORE: 2
MIN 32 OR BELOW: 1 0.50 INCH OR MORE: 0
MIN 0 OR BELOW: 0 1.00 INCH OR MORE: 0
[HDD (BASE 65) ]
TOTAL THIS MO. 120 CLEAR (SCALE 0-3) 25
DPTR FM NORMAL -74 PTCLDY (SCALE 4-7) 2
TOTAL FM JUL 1 127 CLOUDY (SCALE 8-10) 3
DPTR FM NORMAL -111
[CDD (BASE 65) ]
TOTAL THIS MO. 69
DPTR FM NORMAL 22 [PRESSURE DATA]
TOTAL FM JAN 1 611 HIGHEST SLP 30.36 ON 27
DPTR FM NORMAL 61 LOWEST SLP 29.54 ON 8
[REMARKS]
#FINAL-09-22#