000
CXUS53 KBIS 010830
CF6MOT
PRELIMINARY LOCAL CLIMATOLOGICAL DATA (WS FORM: F-6)
STATION: MINOT ND
MONTH: SEPTEMBER
YEAR: 2020
LATITUDE: 48 15 N
LONGITUDE: 101 16 W
TEMPERATURE IN F: :PCPN: SNOW: WIND :SUNSHINE: SKY :PK WND
================================================================================
1 2 3 4 5 6A 6B 7 8 9 10 11 12 13 14 15 16 17 18
12Z AVG MX 2MIN
DY MAX MIN AVG DEP HDD CDD WTR SNW DPTH SPD SPD DIR MIN PSBL S-S WX SPD DR
================================================================================
1 78 44 61 -3 4 0 0.01 M M 16.1 41 300 M M 2 56 300
2 85 50 68 4 0 3 0.09 M M 14.1 38 310 M M 3 38 51 310
3 71 49 60 -3 5 0 0.00 M M 16.0 28 290 M M 2 36 270
4 77 50 64 1 1 0 0.00 M M 10.7 24 310 M M 2 33 310
5 87 50 69 7 0 4 0.00 M M 8.5 20 170 M M 0 25 180
6 69 48 59 -3 6 0 0.00 M M 18.4 31 300 M M 1 43 300
7 53 34 44 -18 21 0 T M M 12.2 22 350 M M 5 29 330
8 54 32 43 -18 22 0 0.00 M M 8.3 16 310 M M 3 23 310
9 65 36 51 -10 14 0 0.00 M M 10.9 21 180 M M 0 27 180
10 78 47 63 3 2 0 0.00 M M 10.4 17 180 M M 0 28 170
11 71 42 57 -3 8 0 0.00 M M 9.4 20 160 M M 0 27 180
12 77 48 63 4 2 0 0.00 M M 9.2 15 350 M M 0 21 340
13 65 42 54 -5 11 0 0.00 M M 7.4 14 340 M M 0 18 340
14 72 38 55 -3 10 0 0.00 M M 7.4 20 150 M M 0 29 150
15 66 46 56 -2 9 0 0.00 M M 8.0 13 290 M M 2 8 17 300
16 63 43 53 -5 12 0 0.00 M M 6.9 15 290 M M 5 8 19 320
17 67 37 52 -5 13 0 0.00 M M 5.9 12 120 M M 5 17 60
18 77 38 58 1 7 0 0.00 M M 7.6 22 170 M M 1 33 170
19 77 42 60 4 5 0 0.00 M M 9.2 21 110 M M 0 1 28 120
20 78 55 67 11 0 2 0.02 M M 15.4 32 230 M M 3 8 43 230
21 79 51 65 10 0 0 0.00 M M 13.8 25 260 M M 0 34 230
22 88 49 69 14 0 4 0.00 M M 8.6 23 190 M M 0 33 180
23 69 44 57 3 8 0 0.06 M M 10.6 23 70 M M 1 3 36 70
24 85 39 62 8 3 0 0.00 M M 13.4 28 280 M M 3 12 39 180
25 77 56 67 13 0 2 0.00 M M 13.3 24 260 M M 0 33 260
26 72 53 63 10 2 0 0.03 M M 14.8 33 260 M M 3 46 260
27 64 49 57 4 8 0 0.12 M M 21.0 29 300 M M 9 44 300
28 61 46 54 2 11 0 0.00 M M 15.2 25 290 M M 4 38 290
29 69 51 60 8 5 0 T M M 20.0 30 290 M M 5 40 290
30 59 44 52 0 13 0 T M M 22.4 36 320 M M 5 47 320
================================================================================
SM 2153 1353 202 15 0.33 M 365.1 M 64
================================================================================
AV 71.8 45.1 12.2 FASTST M M 2 MAX(MPH)
MISC ----> # 41 300 # 56 300
================================================================================
NOTES:
# LAST OF SEVERAL OCCURRENCES
COLUMN 17 PEAK WIND IN M.P.H.
PRELIMINARY LOCAL CLIMATOLOGICAL DATA (WS FORM: F-6) , PAGE 2
STATION: MINOT ND
MONTH: SEPTEMBER
YEAR: 2020
LATITUDE: 48 15 N
LONGITUDE: 101 16 W
[TEMPERATURE DATA] [PRECIPITATION DATA] SYMBOLS USED IN COLUMN 16
AVERAGE MONTHLY: 58.4 TOTAL FOR MONTH: 0.33 1 = FOG OR MIST
DPTR FM NORMAL: 0.6 DPTR FM NORMAL: -1.13 2 = FOG REDUCING VISIBILITY
HIGHEST: 88 ON 22 GRTST 24HR 0.12 ON 27-27 TO 1/4 MILE OR LESS
LOWEST: 32 ON 8 3 = THUNDER
SNOW, ICE PELLETS, HAIL 4 = ICE PELLETS
TOTAL MONTH: M 5 = HAIL
GRTST 24HR M ON M 6 = FREEZING RAIN OR DRIZZLE
GRTST DEPTH: M ON M 7 = DUSTSTORM OR SANDSTORM:
VSBY 1/2 MILE OR LESS
8 = SMOKE OR HAZE
[NO. OF DAYS WITH] [WEATHER - DAYS WITH] 9 = BLOWING SNOW
X = TORNADO
MAX 32 OR BELOW: 0 0.01 INCH OR MORE: 6
MAX 90 OR ABOVE: 0 0.10 INCH OR MORE: 1
MIN 32 OR BELOW: 1 0.50 INCH OR MORE: 0
MIN 0 OR BELOW: 0 1.00 INCH OR MORE: 0
[HDD (BASE 65) ]
TOTAL THIS MO. 202 CLEAR (SCALE 0-3) 21
DPTR FM NORMAL -47 PTCLDY (SCALE 4-7) 8
TOTAL FM JUL 1 217 CLOUDY (SCALE 8-10) 1
DPTR FM NORMAL -103
[CDD (BASE 65) ]
TOTAL THIS MO. 15
DPTR FM NORMAL -18 [PRESSURE DATA]
TOTAL FM JAN 1 518 HIGHEST SLP 30.56 ON 8
DPTR FM NORMAL 74 LOWEST SLP 29.36 ON 2
[REMARKS]
#FINAL-09-20#