000
CXUS53 KMPX 011010
CF6MPX
PRELIMINARY LOCAL CLIMATOLOGICAL DATA (WS FORM: F-6)
STATION: CHANHASSEN MN
MONTH: DECEMBER
YEAR: 2022
LATITUDE: 44 50 N
LONGITUDE: 93 34 W
TEMPERATURE IN F: :PCPN: SNOW: WIND :SUNSHINE: SKY :PK WND
================================================================================
1 2 3 4 5 6A 6B 7 8 9 10 11 12 13 14 15 16 17 18
12Z AVG MX 2MIN
DY MAX MIN AVG DEP HDD CDD WTR SNW DPTH SPD SPD DIR MIN PSBL S-S WX SPD DR
================================================================================
1 34 2 18 -7 47 0 0.00 0.0 4 M M M M M M M M
2 37 11 24 -1 41 0 0.08 1.0 3 M M M M M M M M
3 11 2 7 -17 58 0 0.00 0.0 3 M M M M M M M M
4 34 2 18 -6 47 0 0.00 0.0 3 M M M M M M M M
5 28 14 21 -2 44 0 T 0.1 3 M M M M M M M M
6 30 7 19 -4 46 0 0.00 0.0 2 M M M M M M M M
7 21 2 12 -11 53 0 0.05 0.9 2 M M M M M M M M
8 29 1 15 -7 50 0 0.00 0.0 3 M M M M M M M M
9 30 25 28 6 37 0 T 0.1 2 M M M M M M M M
10 33 29 31 9 34 0 0.01 0.2 2 M M M M M M M M
11 36 27 32 11 33 0 0.00 0.0 2 M M M M M M M M
12 34 27 31 10 34 0 0.00 0.0 2 M M M M M M M M
13 34 32 33 13 32 0 0.28 T 1 M M M M M M M M
14 35 31 33 13 32 0 0.38 2.2 3 M M M M M M M M
15 33 28 31 11 34 0 0.60 7.1 4 M M M M M M M M
16 30 20 25 6 40 0 0.16 1.7 7 M M M M M M M M
17 20 8 14 -5 51 0 0.02 0.3 7 M M M M M M M M
18 8 -3 3 -16 62 0 0.00 0.0 6 M M M M M M M M
19 11 -4 4 -14 61 0 0.07 1.9 6 M M M M M M M M
20 8 -11 -1 -19 66 0 0.00 0.0 7 M M M M M M M M
21 -1 -11 -6 -24 71 0 0.34 5.4 7 M M M M M M M M
22 -6 -14 -10 -28 75 0 0.03 1.6 12 M M M M M M M M
23 -5 -13 -9 -26 74 0 0.00 0.0 9 M M M M M M M M
24 3 -7 -2 -19 67 0 0.00 0.0 8 M M M M M M M M
25 5 -7 -1 -18 66 0 0.04 0.6 8 M M M M M M M M
26 11 -3 4 -13 61 0 0.00 0.0 8 M M M M M M M M
27 27 -1 13 -3 52 0 0.00 0.0 8 M M M M M M M M
28 37 27 32 16 33 0 0.00 0.0 8 M M M M M M M M
29 35 16 26 10 39 0 0.02 0.4 7 M M M M M M M M
30 22 14 18 2 47 0 T T 6 M M M M M M M M
31 35 20 28 12 37 0 0.00 0.0 6 M M M M M M M M
================================================================================
SM 699 271 1524 0 2.08 23.5 M M M
================================================================================
AV 22.5 8.7 M FASTST M M M MAX(MPH)
MISC ----> M M M M
================================================================================
NOTES:
# LAST OF SEVERAL OCCURRENCES
COLUMN 17 PEAK WIND IN M.P.H.
PRELIMINARY LOCAL CLIMATOLOGICAL DATA (WS FORM: F-6) , PAGE 2
STATION: CHANHASSEN MN
MONTH: DECEMBER
YEAR: 2022
LATITUDE: 44 50 N
LONGITUDE: 93 34 W
[TEMPERATURE DATA] [PRECIPITATION DATA] SYMBOLS USED IN COLUMN 16
AVERAGE MONTHLY: 15.6 TOTAL FOR MONTH: 2.08 1 = FOG OR MIST
DPTR FM NORMAL: -4.2 DPTR FM NORMAL: 0.87 2 = FOG REDUCING VISIBILITY
HIGHEST: 37 ON 28, 2 GRTST 24HR 0.60 ON 15-15 TO 1/4 MILE OR LESS
LOWEST: -14 ON 22 3 = THUNDER
SNOW, ICE PELLETS, HAIL 4 = ICE PELLETS
TOTAL MONTH: 23.5 INCHES 5 = HAIL
GRTST 24HR 7.1 ON 15-15 6 = FREEZING RAIN OR DRIZZLE
GRTST DEPTH: 12 ON 22 7 = DUSTSTORM OR SANDSTORM:
VSBY 1/2 MILE OR LESS
8 = SMOKE OR HAZE
[NO. OF DAYS WITH] [WEATHER - DAYS WITH] 9 = BLOWING SNOW
X = TORNADO
MAX 32 OR BELOW: 19 0.01 INCH OR MORE: 13
MAX 90 OR ABOVE: 0 0.10 INCH OR MORE: 5
MIN 32 OR BELOW: 31 0.50 INCH OR MORE: 1
MIN 0 OR BELOW: 10 1.00 INCH OR MORE: 0
[HDD (BASE 65) ]
TOTAL THIS MO. 1524 CLEAR (SCALE 0-3) 0
DPTR FM NORMAL 121 PTCLDY (SCALE 4-7) 0
TOTAL FM JUL 1 3121 CLOUDY (SCALE 8-10) 31
DPTR FM NORMAL 10
[CDD (BASE 65) ]
TOTAL THIS MO. 0
DPTR FM NORMAL 0 [PRESSURE DATA]
TOTAL FM JAN 1 717 HIGHEST SLP M ON M
DPTR FM NORMAL 134 LOWEST SLP M ON M
[REMARKS]
#FINAL-12-22#