000
CXUS53 KMPX 012032
CF6MPX
PRELIMINARY LOCAL CLIMATOLOGICAL DATA (WS FORM: F-6)
STATION: CHANHASSEN MN
MONTH: OCTOBER
YEAR: 2022
LATITUDE: 44 50 N
LONGITUDE: 93 34 W
TEMPERATURE IN F: :PCPN: SNOW: WIND :SUNSHINE: SKY :PK WND
================================================================================
1 2 3 4 5 6A 6B 7 8 9 10 11 12 13 14 15 16 17 18
12Z AVG MX 2MIN
DY MAX MIN AVG DEP HDD CDD WTR SNW DPTH SPD SPD DIR MIN PSBL S-S WX SPD DR
================================================================================
1 70 53 62 8 3 0 0.04 0.0 0 M M M M M M M M
2 72 52 62 8 3 0 T 0.0 0 M M M M M M M M
3 76 56 66 12 0 1 T 0.0 0 M M M M M M M M
4 77 54 66 13 0 1 T 0.0 0 M M M M M M M M
5 71 51 61 8 4 0 0.03 0.0 0 M M M M M M M M
6 59 43 51 -1 14 0 T 0.0 0 M M M M M M M M
7 47 31 39 -13 26 0 T 0.0 0 M M M M M M M M
8 63 29 46 -5 19 0 0.00 0.0 0 M M M M M M M M
9 67 34 51 0 14 0 0.00 0.0 0 M M M M M M M M
10 69 42 56 6 9 0 0.00 0.0 0 M M M M M M M M
11 80 55 68 18 0 3 0.00 0.0 0 M M M M M M M M
12 59 41 50 1 15 0 0.13 T 0 M M M M M M M M
13 42 32 37 -12 28 0 T T 0 M M M M M M M M
14 41 30 36 -12 29 0 0.03 0.3 T M M M M M M M M
15 53 27 40 -8 25 0 0.00 0.0 0 M M M M M M M M
16 45 33 39 -8 26 0 0.00 0.0 0 M M M M M M M M
17 37 27 32 -15 33 0 0.00 0.0 0 M M M M M M M M
18 40 23 32 -14 33 0 0.00 0.0 0 M M M M M M M M
19 48 20 34 -12 31 0 0.00 0.0 0 M M M M M M M M
20 61 27 44 -2 21 0 0.00 0.0 0 M M M M M M M M
21 65 39 52 7 13 0 0.00 0.0 0 M M M M M M M M
22 76 36 56 11 9 0 0.00 0.0 0 M M M M M M M M
23 75 53 64 20 1 0 0.00 0.0 0 M M M M M M M M
24 70 40 55 11 10 0 0.05 0.0 0 M M M M M M M M
25 48 31 40 -3 25 0 0.00 0.0 0 M M M M M M M M
26 50 31 41 -2 24 0 0.00 0.0 0 M M M M M M M M
27 55 38 47 5 18 0 T 0.0 0 M M M M M M M M
28 61 44 53 11 12 0 0.00 0.0 0 M M M M M M M M
29 67 42 55 14 10 0 0.00 0.0 0 M M M M M M M M
30 64 33 49 8 16 0 0.00 0.0 0 M M M M M M M M
31 64 31 48 8 17 0 0.00 0.0 0 M M M M M M M M
================================================================================
SM 1872 1178 488 5 0.28 0.3 M M M
================================================================================
AV 60.4 38.0 M FASTST M M M MAX(MPH)
MISC ----> M M M M
================================================================================
NOTES:
# LAST OF SEVERAL OCCURRENCES
COLUMN 17 PEAK WIND IN M.P.H.
PRELIMINARY LOCAL CLIMATOLOGICAL DATA (WS FORM: F-6) , PAGE 2
STATION: CHANHASSEN MN
MONTH: OCTOBER
YEAR: 2022
LATITUDE: 44 50 N
LONGITUDE: 93 34 W
[TEMPERATURE DATA] [PRECIPITATION DATA] SYMBOLS USED IN COLUMN 16
AVERAGE MONTHLY: 49.2 TOTAL FOR MONTH: 0.28 1 = FOG OR MIST
DPTR FM NORMAL: 1.8 DPTR FM NORMAL: -2.38 2 = FOG REDUCING VISIBILITY
HIGHEST: 80 ON 11 GRTST 24HR 0.13 ON 12-12 TO 1/4 MILE OR LESS
LOWEST: 20 ON 19 3 = THUNDER
SNOW, ICE PELLETS, HAIL 4 = ICE PELLETS
TOTAL MONTH: 0.3 INCH 5 = HAIL
GRTST 24HR 0.3 ON 14-14 6 = FREEZING RAIN OR DRIZZLE
GRTST DEPTH: T 7 = DUSTSTORM OR SANDSTORM:
VSBY 1/2 MILE OR LESS
8 = SMOKE OR HAZE
[NO. OF DAYS WITH] [WEATHER - DAYS WITH] 9 = BLOWING SNOW
X = TORNADO
MAX 32 OR BELOW: 0 0.01 INCH OR MORE: 5
MAX 90 OR ABOVE: 0 0.10 INCH OR MORE: 1
MIN 32 OR BELOW: 12 0.50 INCH OR MORE: 0
MIN 0 OR BELOW: 0 1.00 INCH OR MORE: 0
[HDD (BASE 65) ]
TOTAL THIS MO. 488 CLEAR (SCALE 0-3) 0
DPTR FM NORMAL -61 PTCLDY (SCALE 4-7) 0
TOTAL FM JUL 1 622 CLOUDY (SCALE 8-10) 31
DPTR FM NORMAL -119
[CDD (BASE 65) ]
TOTAL THIS MO. 5
DPTR FM NORMAL 0 [PRESSURE DATA]
TOTAL FM JAN 1 717 HIGHEST SLP M ON M
DPTR FM NORMAL 134 LOWEST SLP M ON M
[REMARKS]
#FINAL-10-22#
THE TRACE OF SNOWFALL REPORTED ON THE 12TH
IS DUE TO HAIL.