000
CXUS53 KMQT 230900
CF6MQT
PRELIMINARY LOCAL CLIMATOLOGICAL DATA (WS FORM: F-6)
STATION: MARQUETTE MI
MONTH: APRIL
YEAR: 2024
LATITUDE: 46 31 N
LONGITUDE: 87 33 W
TEMPERATURE IN F: :PCPN: SNOW: WIND :SUNSHINE: SKY :PK WND
================================================================================
1 2 3 4 5 6A 6B 7 8 9 10 11 12 13 14 15 16 17 18
12Z AVG MX 2MIN
DY MAX MIN AVG DEP HDD CDD WTR SNW DPTH SPD SPD DIR MIN PSBL S-S WX SPD DR
================================================================================
1 38 20 29 -2 36 0 0.00 0.0 T M M M M M M 14 90
2 39 25 32 1 33 0 0.47 3.0 0 M M M M M M 36 45
3 31 30 31 0 34 0 2.40 14.0 8 M M M M M M 9 32 45
4 33 31 32 0 33 0 0.38 2.0 14 M M M M M M 28 360
5 41 27 34 2 31 0 0.00 0.0 13 M M M M M M 17 315
6 46 24 35 2 30 0 0.00 0.0 9 M M M M M M 14 45
7 55 21 38 5 27 0 0.00 0.0 8 M M M M M M 18 125
8 54 36 45 12 20 0 0.01 0.0 5 M M M M M M 20 135
9 49 38 44 10 21 0 0.10 0.0 4 M M M M M M 18 225
10 61 41 51 17 14 0 0.00 0.0 2 M M M M M M 20 270
11 57 40 49 14 16 0 0.01 0.0 0 M M M M M M 14 270
12 49 38 44 9 21 0 T 0.0 0 M M M M M M 36 315
13 53 32 43 7 22 0 0.02 0.0 0 M M M M M M 17 270
14 56 36 46 10 19 0 T 0.0 0 M M M M M M 20 315
15 55 32 44 8 21 0 0.00 0.0 0 M M M M M M 25 315
16 53 28 41 4 24 0 0.17 0.0 0 M M M M M M 25 90
17 45 38 42 5 23 0 0.58 0.0 0 M M M M M M 26 270
18 54 37 46 8 19 0 0.01 0.0 0 M M M M M M 26 270
19 40 31 36 -2 29 0 T T 0 M M M M M M 26 270
20 41 29 35 -4 30 0 T T 0 M M M M M M 28 270
21 49 28 39 0 26 0 0.00 0.0 0 M M M M M M 28 270
22 66 33 50 10 15 0 T 0.0 0 M M M M M M 32 270
================================================================================
SM 1065 695 544 0 4.15 19.0 M M M
================================================================================
AV 48.4 31.6 M FASTST M M M MAX(MPH)
MISC ----> M M # 36 45
================================================================================
NOTES:
# LAST OF SEVERAL OCCURRENCES
COLUMN 17 PEAK WIND IN M.P.H.
PRELIMINARY LOCAL CLIMATOLOGICAL DATA (WS FORM: F-6) , PAGE 2
STATION: MARQUETTE MI
MONTH: APRIL
YEAR: 2024
LATITUDE: 46 31 N
LONGITUDE: 87 33 W
[TEMPERATURE DATA] [PRECIPITATION DATA] SYMBOLS USED IN COLUMN 16
AVERAGE MONTHLY: 40.0 TOTAL FOR MONTH: 4.15 1 = FOG OR MIST
DPTR FM NORMAL: 5.0 DPTR FM NORMAL: 1.65 2 = FOG REDUCING VISIBILITY
HIGHEST: 66 ON 22 GRTST 24HR 2.40 ON 3- 3 TO 1/4 MILE OR LESS
LOWEST: 20 ON 1 3 = THUNDER
SNOW, ICE PELLETS, HAIL 4 = ICE PELLETS
TOTAL MONTH: 19.0 INCHES 5 = HAIL
GRTST 24HR 14.0 ON 3- 3 6 = FREEZING RAIN OR DRIZZLE
GRTST DEPTH: 14 ON 4 7 = DUSTSTORM OR SANDSTORM:
VSBY 1/2 MILE OR LESS
8 = SMOKE OR HAZE
[NO. OF DAYS WITH] [WEATHER - DAYS WITH] 9 = BLOWING SNOW
X = TORNADO
MAX 32 OR BELOW: 1 0.01 INCH OR MORE: 10
MAX 90 OR ABOVE: 0 0.10 INCH OR MORE: 6
MIN 32 OR BELOW: 13 0.50 INCH OR MORE: 2
MIN 0 OR BELOW: 0 1.00 INCH OR MORE: 1
[HDD (BASE 65) ]
TOTAL THIS MO. 544 CLEAR (SCALE 0-3) 0
DPTR FM NORMAL -117 PTCLDY (SCALE 4-7) 0
TOTAL FM JUL 1 7179 CLOUDY (SCALE 8-10) 22
DPTR FM NORMAL -1222
[CDD (BASE 65) ]
TOTAL THIS MO. 0
DPTR FM NORMAL 0 [PRESSURE DATA]
TOTAL FM JAN 1 0 HIGHEST SLP M ON M
DPTR FM NORMAL 0 LOWEST SLP M ON M
[REMARKS]