000
CXUS53 KMQT 022140
CLMMQT
CLIMATE REPORT
NATIONAL WEATHER SERVICE
540 PM EDT TUE MAY 02 2023
...................................
...THE MARQUETTE MI CLIMATE SUMMARY FOR THE MONTH OF APRIL 2023...
CLIMATE NORMAL PERIOD: 1991 TO 2020
CLIMATE RECORD PERIOD: 1961 TO 2023
WEATHER OBSERVED NORMAL DEPART LAST YEAR`S
VALUE DATE(S) VALUE FROM VALUE DATE(S)
NORMAL
................................................................
TEMPERATURE (F)
RECORD
HIGH 92 04/22/1980
LOW -9 04/06/2003
HIGHEST 80 04/14 46 34 73 04/24
LOWEST 8 04/02 27 -19 15 04/28
AVG. MAXIMUM 46.8 46.5 0.3 42.4
AVG. MINIMUM 29.3 27.1 2.2 26.8
MEAN 38.1 36.8 1.3 34.6
DAYS MAX >= 90 0 0.0 0.0 0
DAYS MAX <= 32 4 3.8 0.2 4
DAYS MIN <= 32 21 23.3 -2.3 23
DAYS MIN <= 0 0 0.3 -0.3 0
PRECIPITATION (INCHES)
RECORD
MAXIMUM 6.56 1985
MINIMUM 0.90 1998
TOTALS 6.63 3.35 3.28 5.77
DAILY AVG. 0.22 0.11 0.11 0.19
DAYS >= .01 14 12.4 1.6 22
DAYS >= .10 10 6.9 3.1 10
DAYS >= .50 4 2.2 1.8 3
DAYS >= 1.00 3 0.7 2.3 1
GREATEST
24 HR. TOTAL 1.62 04/01 TO 04/01
SNOWFALL (INCHES)
RECORDS
TOTAL 55.2 2007
TOTALS 22.0 17.6 4.4 17.9
SINCE 7/1 238.9 195.4 43.5 MM
SNOWDEPTH AVG. 15 10
DAYS >= 1.0 6 3.5 2.5 7
GREATEST
SNOW DEPTH 44R 04/01 20 04/01
24 HR TOTAL MM
DEGREE DAYS
HEATING TOTAL 801 846 -45 906
SINCE 7/1 7875 8586 -711 MM
COOLING TOTAL 0 0 0 0
SINCE 1/1 0 0 0 MM
................................................................
WIND (MPH)
AVERAGE WIND SPEED MM
HIGHEST WIND SPEED/DIRECTION MM DATE MM
HIGHEST GUST SPEED/DIRECTION 42/270 DATE 04/06
SKY COVER
POSSIBLE SUNSHINE (PERCENT) MM
AVERAGE SKY COVER MM
NUMBER OF DAYS FAIR 0
NUMBER OF DAYS PC 0
NUMBER OF DAYS CLOUDY 0
AVERAGE RH (PERCENT) MM
WEATHER CONDITIONS. NUMBER OF DAYS WITH
THUNDERSTORM 2 MIXED PRECIP 5
HEAVY RAIN 1 RAIN 3
LIGHT RAIN 11 FREEZING RAIN 2
LT FREEZING RAIN 2 HAIL 0
HEAVY SNOW 1 SNOW 3
LIGHT SNOW 15 SLEET 5
FOG 5 FOG W/VIS <= 1/4 MILE 4
HAZE 0
- INDICATES NEGATIVE NUMBERS.
R INDICATES RECORD WAS SET OR TIED.
MM INDICATES DATA IS MISSING.
T INDICATES TRACE AMOUNT.
$$