000
CXUS51 KLWX 012130
CF6MRB
PRELIMINARY LOCAL CLIMATOLOGICAL DATA (WS FORM: F-6)
STATION: MARTINSBURG WV
MONTH: MARCH
YEAR: 2022
LATITUDE: 39 24 N
LONGITUDE: 77 58 W
TEMPERATURE IN F: :PCPN: SNOW: WIND :SUNSHINE: SKY :PK WND
================================================================================
1 2 3 4 5 6A 6B 7 8 9 10 11 12 13 14 15 16 17 18
12Z AVG MX 2MIN
DY MAX MIN AVG DEP HDD CDD WTR SNW DPTH SPD SPD DIR MIN PSBL S-S WX SPD DR
================================================================================
1 58 27 43 5 22 0 0.00 M M 4.7 16 150 M M 4 24 140
2 62 29 46 8 19 0 0.00 M M 4.7 15 290 M M 2 1 21 290
3 57 29 43 4 22 0 T M M 12.7 29 280 M M 1 41 270
4 46 17 32 -7 33 0 0.00 M M 2.9 12 180 M M 0 18 140
5 62 30 46 7 19 0 0.00 M M 4.5 16 140 M M 0 25 140
6 75 39 57 17 8 0 0.01 M M 7.6 21 260 M M 6 25 270
7 74 47 61 21 4 0 0.03 M M 12.2 37 280 M M 4 47 280
8 50 38 44 4 21 0 T M M 9.3 24 280 M M 5 32 280
9 42 35 39 -1 26 0 0.41 M M 4.1 13 10 M M 8 1 16 330
10 49 26 38 -3 27 0 0.00 M M 2.7 13 310 M M 3 18 14 310
11 62 26 44 3 21 0 0.00 M M 5.4 17 150 M M 0 18 23 130
12 48 19 34 -7 31 0 0.31 M M 16.3 36 320 M M 8 1289 49 330
13 40 16 28 -14 37 0 T M M 8.4 33 280 M M 2 8 42 290
14 61 22 42 0 23 0 0.00 M M 5.5 15 180 M M 0 20 220
15 71 32 52 10 13 0 0.00 M M 5.6 16 250 M M 2 22 260
16 71 34 53 10 12 0 0.00 M M 4.2 15 140 M M 1 21 120
17 65 49 57 14 8 0 0.06 M M 4.4 12 30 M M 7 1 13 360
18 74 42 58 15 7 0 0.00 M M 6.1 15 160 M M 3 12 20 150
19 74 45 60 16 5 0 0.03 M M 8.9 22 290 M M 3 3 29 280
20 54 46 50 6 15 0 T M M 16.9 29 300 M M 5 39 290
21 70 39 55 11 10 0 0.00 M M 8.3 20 280 M M 1 27 270
22 65 36 51 6 14 0 0.00 M M 5.4 13 20 M M 0 21 350
23 50 40 45 0 20 0 0.27 M M 4.3 12 110 M M 7 1 19 110
24 58 43 51 6 14 0 0.00 M M 5.1 14 330 M M 9 1 18 320
25 57 37 47 1 18 0 0.00 M M 12.5 25 260 M M 6 12 33 250
26 51 36 44 -2 21 0 0.03 M M 14.6 33 300 M M 6 46 300
27 41 28 35 -11 30 0 T M M 17.3 29 300 M M 8 41 300
28 35 23 29 -18 36 0 T M M 18.0 31 300 M M 4 8 42 300
29 46 20 33 -14 32 0 0.00 M M 8.1 21 310 M M 0 25 310
30 63 26 45 -3 20 0 T M M 7.0 18 140 M M 3 26 150
31 76 55 66 18 0 1 0.24 M M 12.4 26 180 M M 6 13 40 170
================================================================================
SM 1807 1031 588 1 1.39 M 260.1 M 114
================================================================================
AV 58.3 33.3 8.4 FASTST M M 4 MAX(MPH)
MISC ----> 37 280 49 330
================================================================================
NOTES:
# LAST OF SEVERAL OCCURRENCES
COLUMN 17 PEAK WIND IN M.P.H.
PRELIMINARY LOCAL CLIMATOLOGICAL DATA (WS FORM: F-6) , PAGE 2
STATION: MARTINSBURG WV
MONTH: MARCH
YEAR: 2022
LATITUDE: 39 24 N
LONGITUDE: 77 58 W
[TEMPERATURE DATA] [PRECIPITATION DATA] SYMBOLS USED IN COLUMN 16
AVERAGE MONTHLY: 45.8 TOTAL FOR MONTH: 1.39 1 = FOG OR MIST
DPTR FM NORMAL: 3.0 DPTR FM NORMAL: -2.03 2 = FOG REDUCING VISIBILITY
HIGHEST: 76 ON 31 GRTST 24HR 0.41 ON 9- 9 TO 1/4 MILE OR LESS
LOWEST: 16 ON 13 3 = THUNDER
SNOW, ICE PELLETS, HAIL 4 = ICE PELLETS
TOTAL MONTH: M 5 = HAIL
GRTST 24HR M ON M 6 = FREEZING RAIN OR DRIZZLE
GRTST DEPTH: M ON M 7 = DUSTSTORM OR SANDSTORM:
VSBY 1/2 MILE OR LESS
8 = SMOKE OR HAZE
[NO. OF DAYS WITH] [WEATHER - DAYS WITH] 9 = BLOWING SNOW
X = TORNADO
MAX 32 OR BELOW: 0 0.01 INCH OR MORE: 9
MAX 90 OR ABOVE: 0 0.10 INCH OR MORE: 4
MIN 32 OR BELOW: 15 0.50 INCH OR MORE: 0
MIN 0 OR BELOW: 0 1.00 INCH OR MORE: 0
[HDD (BASE 65) ]
TOTAL THIS MO. 588 CLEAR (SCALE 0-3) 15
DPTR FM NORMAL -100 PTCLDY (SCALE 4-7) 14
TOTAL FM JUL 1 4063 CLOUDY (SCALE 8-10) 2
DPTR FM NORMAL -371
[CDD (BASE 65) ]
TOTAL THIS MO. 1
DPTR FM NORMAL 0 [PRESSURE DATA]
TOTAL FM JAN 1 1 HIGHEST SLP 30.58 ON 4
DPTR FM NORMAL 0 LOWEST SLP 29.37 ON 31
[REMARKS]
#FINAL-03-22#