000
CXUS56 KMTR 011000
CF6MRY
PRELIMINARY LOCAL CLIMATOLOGICAL DATA (WS FORM: F-6)
STATION: MONTEREY AIRPORT
MONTH: DECEMBER
YEAR: 2023
LATITUDE: 36 34 N
LONGITUDE: 121 51 W
TEMPERATURE IN F: :PCPN: SNOW: WIND :SUNSHINE: SKY :PK WND
================================================================================
1 2 3 4 5 6A 6B 7 8 9 10 11 12 13 14 15 16 17 18
12Z AVG MX 2MIN
DY MAX MIN AVG DEP HDD CDD WTR SNW DPTH SPD SPD DIR MIN PSBL S-S WX SPD DR
================================================================================
1 59 45 52 -1 13 0 0.00 M M 6.5 15 300 M M 1 21 290
2 62 48 55 2 10 0 T M M 4.4 9 120 M M 5 1 12 120
3 63 47 55 2 10 0 0.00 M M 2.8 9 110 M M 1 12 340
4 70 49 60 7 5 0 0.00 M M 4.3 12 330 M M 2 17 20
5 70 43 57 4 8 0 0.00 M M 4.4 12 130 M M 0 14 130
6 65 43 54 2 11 0 0.04 M M 6.1 16 240 M M 6 12 23 200
7 64 44 54 2 11 0 0.16 M M 4.4 13 250 M M 3 18 17 250
8 58 40 49 -3 16 0 0.00 M M 5.9 12 120 M M 0 14 120
9 66 38 52 0 13 0 0.00 M M 4.6 12 70 M M 0 17 70
10 69 35 52 0 13 0 0.00 M M 2.8 9 330 M M 0 14 340
11 61 39 50 -2 15 0 0.00 M M 4.6 12 120 M M 1 15 110
12 58 40 49 -3 16 0 0.00 M M 4.3 10 120 M M 1 1 12 120
13 63 40 52 0 13 0 0.00 M M 3.8 8 110 M M 0 11 250
14 63 44 54 2 11 0 0.00 M M 4.6 10 120 M M 0 12 110
15 66 44 55 3 10 0 0.00 M M 4.0 9 120 M M 0 12 120
16 70 43 57 5 8 0 0.00 M M 5.0 12 120 M M 0 14 120
17 64 50 57 5 8 0 0.18 M M 3.7 18 110 M M 5 1 26 110
18 66 55 61 9 4 0 0.37 M M 5.1 15 190 M M 8 18 26 210
19 64 53 59 7 6 0 0.35 M M 5.0 14 200 M M 7 1 21 210
20 58 50 54 2 11 0 0.79 M M 3.8 23 180 M M 7 1 35 180
21 61 48 55 3 10 0 T M M 5.0 18 130 M M 5 26 140
22 66 49 58 6 7 0 0.00 M M 7.1 16 300 M M 4 22 310
23 61 47 54 2 11 0 0.00 M M 5.1 10 280 M M 4 15 240
24 58 42 50 -2 15 0 0.00 M M 3.5 10 120 M M 0 8 14 300
25 59 41 50 -2 15 0 0.00 M M 3.5 12 300 M M 1 15 300
26 60 42 51 -1 14 0 0.00 M M 4.0 12 240 M M 1 18 14 240
27 63 46 55 3 10 0 0.55 M M 3.7 13 130 M M 5 1 16 120
28 65 51 58 6 7 0 0.00 M M 1.9 9 120 M M 6 18 10 120
29 66 53 60 8 5 0 0.91 M M 5.3 16 250 M M 8 12 25 170
30 59 52 56 4 9 0 0.44 M M 4.5 12 300 M M 9 1 16 300
31 58 48 53 1 12 0 0.02 M M 2.8 9 120 M M 5 1 11 110
================================================================================
SM 1955 1409 327 0 3.81 M 136.5 M 95
================================================================================
AV 63.1 45.5 4.4 FASTST M M 3 MAX(MPH)
MISC ----> 23 180 35 180
================================================================================
NOTES:
# LAST OF SEVERAL OCCURRENCES
COLUMN 17 PEAK WIND IN M.P.H.
PRELIMINARY LOCAL CLIMATOLOGICAL DATA (WS FORM: F-6) , PAGE 2
STATION: MONTEREY AIRPORT
MONTH: DECEMBER
YEAR: 2023
LATITUDE: 36 34 N
LONGITUDE: 121 51 W
[TEMPERATURE DATA] [PRECIPITATION DATA] SYMBOLS USED IN COLUMN 16
AVERAGE MONTHLY: 54.3 TOTAL FOR MONTH: 3.81 1 = FOG OR MIST
DPTR FM NORMAL: 2.2 DPTR FM NORMAL: 0.98 2 = FOG REDUCING VISIBILITY
HIGHEST: 70 ON 16, 5 GRTST 24HR 1.26 ON 29-30 TO 1/4 MILE OR LESS
LOWEST: 35 ON 10 3 = THUNDER
SNOW, ICE PELLETS, HAIL 4 = ICE PELLETS
TOTAL MONTH: M 5 = HAIL
GRTST 24HR M ON M 6 = FREEZING RAIN OR DRIZZLE
GRTST DEPTH: M ON M 7 = DUSTSTORM OR SANDSTORM:
VSBY 1/2 MILE OR LESS
8 = SMOKE OR HAZE
[NO. OF DAYS WITH] [WEATHER - DAYS WITH] 9 = BLOWING SNOW
X = TORNADO
MAX 32 OR BELOW: 0 0.01 INCH OR MORE: 10
MAX 90 OR ABOVE: 0 0.10 INCH OR MORE: 8
MIN 32 OR BELOW: 0 0.50 INCH OR MORE: 3
MIN 0 OR BELOW: 0 1.00 INCH OR MORE: 0
[HDD (BASE 65) ]
TOTAL THIS MO. 327 CLEAR (SCALE 0-3) 17
DPTR FM NORMAL -71 PTCLDY (SCALE 4-7) 11
TOTAL FM JUL 1 946 CLOUDY (SCALE 8-10) 3
DPTR FM NORMAL -210
[CDD (BASE 65) ]
TOTAL THIS MO. 0
DPTR FM NORMAL 0 [PRESSURE DATA]
TOTAL FM JAN 1 78 HIGHEST SLP M ON M
DPTR FM NORMAL 3 LOWEST SLP 29.70 ON 20
[REMARKS]
#FINAL-12-23#