000
CXUS53 KMKX 011613
CF6MSN
PRELIMINARY LOCAL CLIMATOLOGICAL DATA (WS FORM: F-6)
STATION: MADISON WI
MONTH: DECEMBER
YEAR: 2022
LATITUDE: 43 7 N
LONGITUDE: 89 20 W
TEMPERATURE IN F: :PCPN: SNOW: WIND :SUNSHINE: SKY :PK WND
================================================================================
1 2 3 4 5 6A 6B 7 8 9 10 11 12 13 14 15 16 17 18
12Z AVG MX 2MIN
DY MAX MIN AVG DEP HDD CDD WTR SNW DPTH SPD SPD DIR MIN PSBL S-S WX SPD DR
================================================================================
1 34 15 25 -5 40 0 0.00 0.0 0 9.5 23 170 M M 5 34 170
2 49 30 40 10 25 0 0.00 0.0 0 10.3 22 190 M M 7 33 210
3 41 18 30 1 35 0 T T T 9.6 21 290 M M 2 40 290
4 36 20 28 -1 37 0 0.00 0.0 0 7.5 14 220 M M 0 23 220
5 38 32 35 6 30 0 0.01 T 0 5.7 13 220 M M 7 24 220
6 34 25 30 2 35 0 0.04 0.5 0 3.8 9 100 M M 9 12 13 90
7 33 28 31 3 34 0 0.00 0.0 0 3.4 10 350 M M 10 128 16 350
8 37 26 32 4 33 0 0.00 0.0 0 6.8 16 110 M M 7 21 110
9 34 28 31 4 34 0 0.46 4.4 0 10.3 18 80 M M 10 12 26 80
10 36 33 35 8 30 0 0.01 T 3 4.9 13 130 M M 10 1 16 130
11 36 33 35 9 30 0 0.00 0.0 2 2.8 7 70 M M 10 1 11 340
12 37 32 35 9 30 0 0.00 0.0 1 8.5 16 90 M M 10 20 80
13 36 34 35 9 30 0 0.05 0.0 1 15.3 24 120 M M 10 1 37 100
14 42 33 38 12 27 0 1.05 1.0 0 14.9 31 110 M M 10 138 48 110
15 34 28 31 6 34 0 0.33 3.5 4 9.6 16 190 M M 10 1 26 190
16 28 23 26 1 39 0 0.02 0.8 3 10.7 18 220 M M 10 18 31 220
17 25 19 22 -3 43 0 0.01 0.4 3 7.5 14 240 M M 10 25 240
18 19 6 13 -11 52 0 T T 3 6.1 12 290 M M 7 19 270
19 21 1 11 -13 54 0 0.01 0.5 3 4.2 10 160 M M 6 1 13 160
20 26 4 15 -9 50 0 0.01 0.3 3 5.6 14 320 M M 5 1 23 300
21 24 -2 11 -13 54 0 0.02 0.3 3 5.1 10 80 M M 7 18 14 130
22 28 -11 9 -14 56 0 0.23 3.7 5 11.0 17 290 M M 10 189 28 290
23 -3 -12 -7 -30 72 0 T T 6 12.6 22 290 M M 6 9 36 270
24 11 -3 4 -19 61 0 0.00 0.0 6 13.2 21 290 M M 3 35 300
25 13 -1 6 -17 59 0 0.00 0.0 6 6.7 17 300 M M 5 27 310
26 17 2 10 -12 55 0 T T 6 4.5 13 350 M M 6 16 340
27 23 2 13 -9 52 0 0.00 0.0 5 9.9 20 200 M M 5 30 200
28 41 23 32 10 33 0 0.00 0.0 5 11.6 20 190 M M 5 31 200
29 55 40 48 26 17 0 0.00 0.0 4 9.0 18 180 M M 7 29 190
30 53 20 37 15 28 0 0.00 0.0 0 5.1 14 220 M M 6 8 26 220
31 34 19 27 6 38 0 0.09 T 0 4.2 15 160 M M 7 146 19 160
================================================================================
SM 972 545 1247 0 2.34 15.4 249.9 M 222
================================================================================
AV 31.4 17.6 8.1 FASTST M M 7 MAX(MPH)
MISC ----> 31 110 48 110
================================================================================
NOTES:
# LAST OF SEVERAL OCCURRENCES
COLUMN 17 PEAK WIND IN M.P.H.
PRELIMINARY LOCAL CLIMATOLOGICAL DATA (WS FORM: F-6) , PAGE 2
STATION: MADISON WI
MONTH: DECEMBER
YEAR: 2022
LATITUDE: 43 7 N
LONGITUDE: 89 20 W
[TEMPERATURE DATA] [PRECIPITATION DATA] SYMBOLS USED IN COLUMN 16
AVERAGE MONTHLY: 24.5 TOTAL FOR MONTH: 2.34 1 = FOG OR MIST
DPTR FM NORMAL: -0.8 DPTR FM NORMAL: 0.71 2 = FOG REDUCING VISIBILITY
HIGHEST: 55 ON 29 GRTST 24HR 1.28 ON 14-15 TO 1/4 MILE OR LESS
LOWEST: -12 ON 23 3 = THUNDER
SNOW, ICE PELLETS, HAIL 4 = ICE PELLETS
TOTAL MONTH: 15.4 INCHES 5 = HAIL
GRTST 24HR 4.4 ON 9- 9 6 = FREEZING RAIN OR DRIZZLE
GRTST DEPTH: 6 ON 26,25 7 = DUSTSTORM OR SANDSTORM:
VSBY 1/2 MILE OR LESS
8 = SMOKE OR HAZE
[NO. OF DAYS WITH] [WEATHER - DAYS WITH] 9 = BLOWING SNOW
X = TORNADO
MAX 32 OR BELOW: 12 0.01 INCH OR MORE: 14
MAX 90 OR ABOVE: 0 0.10 INCH OR MORE: 4
MIN 32 OR BELOW: 26 0.50 INCH OR MORE: 1
MIN 0 OR BELOW: 5 1.00 INCH OR MORE: 1
[HDD (BASE 65) ]
TOTAL THIS MO. 1247 CLEAR (SCALE 0-3) 3
DPTR FM NORMAL 15 PTCLDY (SCALE 4-7) 16
TOTAL FM JUL 1 2622 CLOUDY (SCALE 8-10) 12
DPTR FM NORMAL -119
[CDD (BASE 65) ]
TOTAL THIS MO. 0
DPTR FM NORMAL 0 [PRESSURE DATA]
TOTAL FM JAN 1 787 HIGHEST SLP 30.56 ON 21
DPTR FM NORMAL 159 LOWEST SLP 29.37 ON 15
[REMARKS]
#FINAL-12-22#