000
CXUS53 KMKX 010810
CF6MSN
PRELIMINARY LOCAL CLIMATOLOGICAL DATA (WS FORM: F-6)
STATION: MADISON WI
MONTH: MARCH
YEAR: 2021
LATITUDE: 43 7 N
LONGITUDE: 89 20 W
TEMPERATURE IN F: :PCPN: SNOW: WIND :SUNSHINE: SKY :PK WND
================================================================================
1 2 3 4 5 6A 6B 7 8 9 10 11 12 13 14 15 16 17 18
12Z AVG MX 2MIN
DY MAX MIN AVG DEP HDD CDD WTR SNW DPTH SPD SPD DIR MIN PSBL S-S WX SPD DR
================================================================================
1 29 14 22 -6 43 0 T T 9 6.9 17 340 M M 2 24 360
2 39 12 26 -2 39 0 0.00 0.0 8 8.1 20 200 M M 0 30 230
3 51 23 37 8 28 0 0.00 0.0 8 2.8 9 320 M M 1 1 12 340
4 34 20 27 -2 38 0 0.00 0.0 6 6.2 16 50 M M 3 1 20 50
5 46 17 32 2 33 0 0.00 0.0 6 2.3 10 340 M M 3 1 15 340
6 45 20 33 3 32 0 0.00 0.0 6 1.8 7 120 M M 0 10 330
7 44 17 31 1 34 0 0.00 0.0 6 8.8 22 170 M M 4 28 170
8 62 34 48 17 17 0 0.00 0.0 3 4.8 13 190 M M 4 19 190
9 61 30 46 15 19 0 0.00 0.0 1 9.8 24 180 M M 4 1 33 160
10 61 48 55 23 10 0 0.06 0.0 0 14.5 24 190 M M 9 1 37 200
11 56 34 45 13 20 0 0.00 0.0 0 8.8 20 270 M M 3 37 220
12 49 25 37 5 28 0 0.00 0.0 0 4.7 18 330 M M 4 28 330
13 59 22 41 8 24 0 0.00 0.0 0 2.3 12 260 M M 5 18 280
14 47 27 37 4 28 0 0.00 0.0 0 12.0 23 60 M M 6 31 90
15 34 27 31 -3 34 0 0.22 2.0 0 13.3 24 90 M M 8 129 32 90
16 35 29 32 -2 33 0 0.00 0.0 1 3.4 9 80 M M 10 1 11 80
17 34 32 33 -1 32 0 0.17 T T 9.4 17 30 M M 10 14 25 30
18 46 30 38 3 27 0 0.00 0.0 0 19.6 33 40 M M 5 45 50
19 51 22 37 2 28 0 0.00 0.0 0 6.2 13 90 M M 0 18 90
20 57 26 42 6 23 0 0.00 0.0 0 8.0 18 170 M M 0 24 180
21 63 34 49 13 16 0 0.00 0.0 0 12.6 25 170 M M 5 34 170
22 59 44 52 16 13 0 T 0.0 0 6.9 16 170 M M 9 23 190
23 61 39 50 13 15 0 0.65 0.0 0 8.1 20 110 M M 8 1 27 120
24 53 43 48 11 17 0 0.10 0.0 0 11.6 22 170 M M 10 1 32 210
25 45 34 40 2 25 0 0.01 0.0 0 9.3 22 40 M M 10 28 40
26 47 31 39 1 26 0 0.01 T 0 5.4 15 10 M M 8 6 20 20
27 49 38 44 6 21 0 0.19 0.0 0 5.7 14 290 M M 10 1 24 280
28 43 26 35 -4 30 0 T T 0 11.1 26 320 M M 6 43 320
29 65 26 46 7 19 0 0.00 0.0 0 16.8 31 180 M M 1 50 190
30 59 36 48 8 17 0 0.00 0.0 0 12.1 21 190 M M 5 33 180
31 40 27 34 -6 31 0 0.00 0.0 0 10.5 18 320 M M 6 28 330
================================================================================
SM 1524 887 800 0 1.41 2.0 263.8 M 159
================================================================================
AV 49.2 28.6 8.5 FASTST M M 5 MAX(MPH)
MISC ----> 33 40 50 190
================================================================================
NOTES:
# LAST OF SEVERAL OCCURRENCES
COLUMN 17 PEAK WIND IN M.P.H.
PRELIMINARY LOCAL CLIMATOLOGICAL DATA (WS FORM: F-6) , PAGE 2
STATION: MADISON WI
MONTH: MARCH
YEAR: 2021
LATITUDE: 43 7 N
LONGITUDE: 89 20 W
[TEMPERATURE DATA] [PRECIPITATION DATA] SYMBOLS USED IN COLUMN 16
AVERAGE MONTHLY: 38.9 TOTAL FOR MONTH: 1.41 1 = FOG OR MIST
DPTR FM NORMAL: 4.9 DPTR FM NORMAL: -0.79 2 = FOG REDUCING VISIBILITY
HIGHEST: 65 ON 29 GRTST 24HR 0.75 ON 23-24 TO 1/4 MILE OR LESS
LOWEST: 12 ON 2 3 = THUNDER
SNOW, ICE PELLETS, HAIL 4 = ICE PELLETS
TOTAL MONTH: 2.0 INCHES 5 = HAIL
GRTST 24HR 2.0 ON 15-15 6 = FREEZING RAIN OR DRIZZLE
GRTST DEPTH: 10 ON M 7 = DUSTSTORM OR SANDSTORM:
VSBY 1/2 MILE OR LESS
8 = SMOKE OR HAZE
[NO. OF DAYS WITH] [WEATHER - DAYS WITH] 9 = BLOWING SNOW
X = TORNADO
MAX 32 OR BELOW: 1 0.01 INCH OR MORE: 8
MAX 90 OR ABOVE: 0 0.10 INCH OR MORE: 5
MIN 32 OR BELOW: 21 0.50 INCH OR MORE: 1
MIN 0 OR BELOW: 0 1.00 INCH OR MORE: 0
[HDD (BASE 65) ]
TOTAL THIS MO. 800 CLEAR (SCALE 0-3) 8
DPTR FM NORMAL -163 PTCLDY (SCALE 4-7) 15
TOTAL FM JUL 1 6252 CLOUDY (SCALE 8-10) 8
DPTR FM NORMAL -196
[CDD (BASE 65) ]
TOTAL THIS MO. 0
DPTR FM NORMAL 0 [PRESSURE DATA]
TOTAL FM JAN 1 0 HIGHEST SLP M ON M
DPTR FM NORMAL 0 LOWEST SLP 29.50 ON 24
[REMARKS]
#FINAL-03-21#