000
CXUS55 KMSO 052332
CF6MSO
PRELIMINARY LOCAL CLIMATOLOGICAL DATA (WS FORM: F-6)
STATION: MISSOULA MT
MONTH: SEPTEMBER
YEAR: 2023
LATITUDE: 46 55 N
LONGITUDE: 114 5 W
TEMPERATURE IN F: :PCPN: SNOW: WIND :SUNSHINE: SKY :PK WND
================================================================================
1 2 3 4 5 6A 6B 7 8 9 10 11 12 13 14 15 16 17 18
12Z AVG MX 2MIN
DY MAX MIN AVG DEP HDD CDD WTR SNW DPTH SPD SPD DIR MIN PSBL S-S WX SPD DR
================================================================================
1 81 48 65 2 0 0 0.00 0.0 0 3.9 17 360 M M 0 24 350
2 88 51 70 8 0 5 0.00 0.0 0 2.3 10 210 M M 0 14 210
3 76 59 68 6 0 3 0.02 0.0 0 4.3 15 290 M M 7 21 300
4 68 57 63 1 2 0 0.04 0.0 0 5.9 18 300 M M 10 23 300
5 78 52 65 4 0 0 0.00 0.0 0 3.5 12 280 M M 4 16 300
6 81 45 63 2 2 0 0.30 0.0 0 5.3 26 190 M M 4 3 36 190
7 78 52 65 4 0 0 0.00 0.0 0 1.1 9 270 M M 5 1 10 270
8 76 53 65 5 0 0 0.23 0.0 0 6.2 25 350 M M 3 3 34 350
9 81 46 64 4 1 0 0.00 0.0 0 3.8 15 270 M M 0 20 280
10 83 47 65 5 0 0 0.00 0.0 0 3.9 14 360 M M 0 22 20
11 86 46 66 7 0 1 0.00 0.0 0 1.3 7 250 M M 0 9 250
12 83 50 67 8 0 2 T 0.0 0 2.8 17 280 M M 0 22 310
13 79 50 65 6 0 0 0.00 0.0 0 4.5 20 280 M M 4 8 25 290
14 78 43 61 3 4 0 0.00 0.0 0 3.5 13 260 M M 0 16 250
15 82 42 62 4 3 0 0.00 0.0 0 1.2 8 360 M M 0 10 360
16 86 41 64 6 1 0 0.00 0.0 0 1.5 7 210 M M 0 8 9 340
17 86 43 65 8 0 0 0.00 0.0 0 4.3 28 280 M M 0 37 280
18 79 49 64 7 1 0 0.00 0.0 0 4.8 25 260 M M 2 32 250
19 68 42 55 -1 10 0 0.00 0.0 0 6.4 16 330 M M 2 23 330
20 67 38 53 -3 12 0 T 0.0 0 5.4 23 110 M M 5 8 31 120
21 55 48 52 -4 13 0 0.04 0.0 0 5.5 18 100 M M 10 24 120
22 60 48 54 -1 11 0 0.49 0.0 0 3.1 8 360 M M 10 1 11 280
23 71 41 56 1 9 0 0.00 0.0 0 2.3 9 330 M M 0 15 310
24 68 39 54 0 11 0 0.00 0.0 0 2.5 13 300 M M 3 15 300
25 72 46 59 5 6 0 0.00 0.0 0 1.9 7 310 M M 2 9 320
26 74 42 58 4 7 0 0.00 0.0 0 6.6 20 300 M M 2 8 26 340
27 61 40 51 -2 14 0 0.04 0.0 0 3.6 18 310 M M 5 1 24 320
28 62 42 52 -1 13 0 T 0.0 0 4.4 15 330 M M 7 21 340
29 65 36 51 -1 14 0 T 0.0 0 5.4 21 310 M M 7 26 310
30 53 46 50 -2 15 0 0.52 0.0 0 6.7 17 300 M M 8 1 24 310
================================================================================
SM 2225 1382 149 11 1.68 0.0 117.9 M 100
================================================================================
AV 74.2 46.1 3.9 FASTST M M 3 MAX(MPH)
MISC ----> 28 280 37 280
================================================================================
NOTES:
# LAST OF SEVERAL OCCURRENCES
COLUMN 17 PEAK WIND IN M.P.H.
PRELIMINARY LOCAL CLIMATOLOGICAL DATA (WS FORM: F-6) , PAGE 2
STATION: MISSOULA MT
MONTH: SEPTEMBER
YEAR: 2023
LATITUDE: 46 55 N
LONGITUDE: 114 5 W
[TEMPERATURE DATA] [PRECIPITATION DATA] SYMBOLS USED IN COLUMN 16
AVERAGE MONTHLY: 60.1 TOTAL FOR MONTH: 1.68 1 = FOG OR MIST
DPTR FM NORMAL: 2.6 DPTR FM NORMAL: 0.72 2 = FOG REDUCING VISIBILITY
HIGHEST: 88 ON 2 GRTST 24HR 0.52 ON 30-30 TO 1/4 MILE OR LESS
LOWEST: 36 ON 29 3 = THUNDER
SNOW, ICE PELLETS, HAIL 4 = ICE PELLETS
TOTAL MONTH: 0.0 INCH 5 = HAIL
GRTST 24HR 0.0 6 = FREEZING RAIN OR DRIZZLE
GRTST DEPTH: 0 7 = DUSTSTORM OR SANDSTORM:
VSBY 1/2 MILE OR LESS
8 = SMOKE OR HAZE
[NO. OF DAYS WITH] [WEATHER - DAYS WITH] 9 = BLOWING SNOW
X = TORNADO
MAX 32 OR BELOW: 0 0.01 INCH OR MORE: 8
MAX 90 OR ABOVE: 0 0.10 INCH OR MORE: 4
MIN 32 OR BELOW: 0 0.50 INCH OR MORE: 1
MIN 0 OR BELOW: 0 1.00 INCH OR MORE: 0
[HDD (BASE 65) ]
TOTAL THIS MO. 149 CLEAR (SCALE 0-3) 16
DPTR FM NORMAL -91 PTCLDY (SCALE 4-7) 11
TOTAL FM JUL 1 155 CLOUDY (SCALE 8-10) 3
DPTR FM NORMAL -170
[CDD (BASE 65) ]
TOTAL THIS MO. 11
DPTR FM NORMAL -4 [PRESSURE DATA]
TOTAL FM JAN 1 536 HIGHEST SLP 30.29 ON 9
DPTR FM NORMAL 229 LOWEST SLP 29.77 ON 4
[REMARKS]
#FINAL-09-23#