187
CXUS53 KMPX 052119
CLAMSP
CLIMATE REPORT
NATIONAL WEATHER SERVICE TWIN CITIES/CHANHASSEN MN
319 PM CST TUE JAN 05 2021
...................................
...THE TWIN CITIES MN CLIMATE SUMMARY FOR THE YEAR OF 2020...
CLIMATE NORMAL PERIOD 1981 TO 2010
CLIMATE RECORD PERIOD 1871 TO 2020
WEATHER OBSERVED NORMAL DEPART LAST YEAR`S
VALUE DATE(S) VALUE FROM VALUE
NORMAL
..............................................................
TEMPERATURE (F)
RECORD
HIGH 108 07/14/1936
LOW -41 01/21/1888
HIGHEST 96 06/08
LOWEST -12 02/14
MEAN 47.8 46.3 1.5
DAYS MAX >= 90 15 10.7 4.3
DAYS MAX <= 32 60 69.2 -9.2
DAYS MIN <= 32 161 147.7 13.3
DAYS MIN <= 0 15 22.7 -7.7
PRECIPITATION (INCHES)
RECORD
MAXIMUM 43.17 2019
MINIMUM 11.54 1910
TOTALS 29.83 30.61 -0.78
DAYS >= .01 117 116.5 0.5
DAYS >= .10 56 61.8 -5.8
DAYS >= .50 16 18.5 -2.5
DAYS >= 1.00 5 6.0 -1.0
GREATEST
DAILY TOTAL 2.47
SNOWFALL (INCHES)
RECORDS
TOTAL 101.5 1983
TOTALS 56.4 54.4 2.0
SINCE 7/1 30.5 21.8 8.7
DAYS >= TRACE 66 37.8 28.2
DAYS >= 1.0 11 16.0 -5.0
GREATEST
SNOW DEPTH 10 02/09
DAILY TOTAL 8.7
DEGREE DAYS
HEATING TOTAL 7127 7581 -454
SINCE 7/1 2833 3024 -191
COOLING TOTAL 950 752 198
SINCE 1/1 950 753 197
..............................................................
WIND (MPH)
HIGHEST WIND SPEED/DIRECTION 43/280 DATE 08/10
HIGHEST GUST SPEED/DIRECTION 64/300 DATE 08/14
- INDICATES NEGATIVE NUMBERS.
R INDICATES RECORD WAS SET OR TIED.
MM INDICATES DATA IS MISSING.
T INDICATES TRACE AMOUNT.
$$
MARGRAF